654
CXUS53 KLSX 011600
CF6UIN
PRELIMINARY LOCAL CLIMATOLOGICAL DATA (WS FORM: F-6)

                                          STATION:   QUINCY IL
                                          MONTH:     NOVEMBER
                                          YEAR:      2014
                                          LATITUDE:   39 57 N
                                          LONGITUDE:  91 12 W

  TEMPERATURE IN F:       :PCPN:    SNOW:  WIND      :SUNSHINE: SKY     :PK WND
================================================================================
1   2   3   4   5  6A  6B    7    8   9   10  11  12  13   14  15   16   17  18
                                     12Z  AVG MX 2MIN
DY MAX MIN AVG DEP HDD CDD  WTR  SNW DPTH SPD SPD DIR MIN PSBL S-S WX    SPD DR
================================================================================

 1  47  23  35 -14  30   0 0.00  0.0    0  4.9  9  50   M    M   0        13  40
 2  52  30  41  -8  24   0    T  0.0    0 13.4 22 160   M    M   4        28 170
 3  70  45  58   9   7   0 0.01  0.0    0 15.7 26 230   M    M   3 1      34 220
 4  59  42  51   3  14   0 0.09  0.0    0  9.5 21 310   M    M   4 1      25 310
 5  64  37  51   3  14   0    T  0.0    0 10.2 20 200   M    M   2        24 210
 6  51  33  42  -5  23   0    T  0.0    0 16.5 35 330   M    M   5        41 330
 7  53  26  40  -7  25   0 0.00  0.0    0  8.7 18 170   M    M   0 1      24 170
 8  50  32  41  -5  24   0 0.00  0.0    0 13.6 31 340   M    M   3        39 320
 9  62  31  47   1  18   0 0.00  0.0    0  9.8 21 240   M    M   1        27 210
10  70  44  57  12   8   0 0.00  0.0    0 12.2 26 190   M    M   1        35 190
11  48  28  38  -7  27   0    T  0.0    0 18.2 26 300   M    M  10 168    34 300
12  28  22  25 -19  40   0 0.00  0.0    0 14.0 23 330   M    M   7        27 330
13  28  19  24 -20  41   0    T    M    0 11.3 20 300   M    M   7 8      24 310
14  31  15  23 -20  42   0 0.00  0.0    0  5.2 14 290   M    M   1        20 280
15  35  17  26 -17  39   0    T    M    0  5.4 12 190   M    M   5 18     15 180
16  31  17  24 -18  41   0    T    M    0  7.1 14 290   M    M   7 18     17 290
17  24  13  19 -23  46   0    T    T    M 16.7 28 290   M    M   5 1      36 280
18  26  10  18 -23  47   0 0.00  0.0    M 11.6 23 290   M    M   2        32 280
19  34  25  30 -11  35   0 0.00  0.0    0 15.9 26 310   M    M   9        35 310
20  34  18  26 -14  39   0 0.00  0.0    0  8.0 16 320   M    M   2        20 320
21  40  16  28 -12  37   0 0.01  0.0    0 10.8 17 140   M    M   4        23 140
22  59  40  50  11  15   0    T  0.0    0 13.1 23 210   M    M   9 18     28 210
23  53  43  48   9  17   0 0.71  0.0    0  9.6 24 320   M    M   8 12     33 320
24  43  31  37  -1  28   0    M    M    0 17.4 31 320   M    M  10 1      39 310
25  35  24  30  -8  35   0 0.00  0.0    0  7.8 21 320   M    M   3        26 320
26  33  24  29  -8  36   0 0.03    M    0 10.4 17  10   M    M   7 1268   21  20
27  28  15  22 -15  43   0    T    M    M 10.6 21 310   M    M   6 18     27 310
28  48  19  34  -2  31   0 0.00  0.0    0 10.8 17 190   M    M   0 18     23 180
29  64  43  54  18  11   0 0.00  0.0    0 12.7 22 200   M    M   0        27 210
30  55  20  38   3  27   0 0.00  0.0    0 14.6 23 330   M    M   4 18     27 330
================================================================================
SM 1355  802       864   0  0.85    T    345.7          M      129
================================================================================
AV 45.2 26.7                              11.5 FASTST   M    M   4    MAX(MPH)
                                 MISC ---->  # 35 330               # 41  330
================================================================================
NOTES:
# LAST OF SEVERAL OCCURRENCES

COLUMN 17 PEAK WIND IN M.P.H.

PRELIMINARY LOCAL CLIMATOLOGICAL DATA (WS FORM: F-6) , PAGE 2

                                          STATION:  QUINCY IL
                                          MONTH:    NOVEMBER
                                          YEAR:     2014
                                          LATITUDE:   39 57 N
                                          LONGITUDE:  91 12 W

[TEMPERATURE DATA]      [PRECIPITATION DATA]       SYMBOLS USED IN COLUMN 16

AVERAGE MONTHLY: 36.0   TOTAL FOR MONTH:   0.85    1 = FOG OR MIST
DPTR FM NORMAL:  -6.5   DPTR FM NORMAL:   -2.17    2 = FOG REDUCING VISIBILITY
HIGHEST:    70 ON 10, 3 GRTST 24HR  0.71 ON 23-23      TO 1/4 MILE OR LESS
LOWEST:     10 ON 18                               3 = THUNDER
                        SNOW, ICE PELLETS, HAIL    4 = ICE PELLETS
                        TOTAL MONTH:    T          5 = HAIL
                        GRTST 24HR    T  ON 17-17  6 = FREEZING RAIN OR DRIZZLE
                        GRTST DEPTH:   0           7 = DUSTSTORM OR SANDSTORM:
                                                       VSBY 1/2 MILE OR LESS
                                                   8 = SMOKE OR HAZE
[NO. OF DAYS WITH]      [WEATHER - DAYS WITH]      9 = BLOWING SNOW
                                                   X = TORNADO
MAX 32 OR BELOW:   7    0.01 INCH OR MORE:   5
MAX 90 OR ABOVE:   0    0.10 INCH OR MORE:   1
MIN 32 OR BELOW:  22    0.50 INCH OR MORE:   1
MIN  0 OR BELOW:   0    1.00 INCH OR MORE:   0

[HDD (BASE 65) ]
TOTAL THIS MO.   864    CLEAR  (SCALE 0-3)  11
DPTR FM NORMAL   188    PTCLDY (SCALE 4-7)  15
TOTAL FM JUL 1  1277    CLOUDY (SCALE 8-10)  4
DPTR FM NORMAL   177

[CDD (BASE 65) ]
TOTAL THIS MO.     0
DPTR FM NORMAL    -1    [PRESSURE DATA]
TOTAL FM JAN 1  1021    HIGHEST SLP 30.52 ON 27
DPTR FM NORMAL   -73    LOWEST  SLP 29.20 ON 23

[REMARKS]
#FINAL-11-14#




U.S. Dept. of Commerce
NOAA National Weather Service
1325 East West Highway
Silver Spring, MD 20910
E-mail: w-nws.webmaster@noaa.gov
Page last modified: May 16, 2007
NATIONAL WEATHER SERVICE: for Safety, for Work, for Fun - FOR LIFE