244
CXUS53 KLSX 271600
CF6UIN
PRELIMINARY LOCAL CLIMATOLOGICAL DATA (WS FORM: F-6)

                                          STATION:   QUINCY IL
                                          MONTH:     AUGUST
                                          YEAR:      2014
                                          LATITUDE:   39 57 N
                                          LONGITUDE:  91 12 W

  TEMPERATURE IN F:       :PCPN:    SNOW:  WIND      :SUNSHINE: SKY     :PK WND
================================================================================
1   2   3   4   5  6A  6B    7    8   9   10  11  12  13   14  15   16   17  18
                                     12Z  AVG MX 2MIN
DY MAX MIN AVG DEP HDD CDD  WTR  SNW DPTH SPD SPD DIR MIN PSBL S-S WX    SPD DR
================================================================================

 1  82  63  73  -3   0   8 0.07  0.0    0  3.7 13  40   M    M   2 13     15  40
 2  83  57  70  -6   0   5 0.00  0.0    0  3.3  9  40   M    M   1 12     12  30
 3  85  59  72  -4   0   7 0.00  0.0    0  4.7 10 190   M    M   1 18     17 150
 4  86  65  76   0   0  11    T  0.0    0  5.5 12 210   M    M   2 13     14 180
 5  83  68  76   0   0  11 0.24  0.0    0  5.6 12 190   M    M   2 138    14 310
 6  79  66  73  -2   0   8 0.31  0.0    0  6.2 14 110   M    M   4 13     16 120
 7  71  67  69  -6   0   4 2.26  0.0    0 12.2 22 120   M    M   9 13     29 120
 8  73  67  70  -5   0   5 0.05  0.0    0  9.4 14  70   M    M  10 1      17  70
 9  78  67  73  -2   0   8 0.00  0.0    0  7.1 13  80   M    M  10 18     15  70
10  77  69  73  -2   0   8 0.00  0.0    0  4.6 16  30   M    M   9 18     20  20
11  82  64  73  -2   0   8    T  0.0    0  8.7 21 320   M    M   3 18     26 320
12  77  60  69  -6   0   4 0.00  0.0    0  9.8 21 310   M    M   0        28 310
13  80  56  68  -7   0   3 0.00  0.0    0  3.6 12 320   M    M   0        16 330
14  83  59  71  -4   0   6 0.00  0.0    0  3.2  7 260   M    M   0 1      10 300
15  76  65  71  -4   0   6 0.11  0.0    0  5.7 10 110   M    M   4 1      12 130
16  74  67  71  -4   0   6 2.18  0.0    0 10.5 28 200   M    M  10 13     39 210
17  77  66  72  -3   0   7 0.01  0.0    0  7.1 13  40   M    M   9 128    15  30
18  84  66  75   0   0  10 0.00  0.0    0  4.1  9 230   M    M   5 18     12 210
19  85  67  76   2   0  11 0.12  0.0    0  5.7 24 260   M    M   2 13     32 260
20  85  69  77   3   0  12 0.12  0.0    0  5.6 14 250   M    M   1 13     18 180
21  91  72  82   8   0  17 0.00  0.0    0  8.6 18 230   M    M   0        23 210
22  88  76  82   8   0  17 0.01  0.0    0  6.2 13 130   M    M   0 1      17 220
23  91  76  84  10   0  19 0.00  0.0    0  6.3 22 330   M    M   0 1      29 340
24  93  73  83   9   0  18 0.00  0.0    0  5.9 10 200   M    M   1 12     12 260
25  93  75  84  10   0  19 0.00  0.0    0  5.9 14 240   M    M   0 1      17 240
26  89  72  81   8   0  16 0.00  0.0    0  7.2 18 350   M    M   2        23 350
================================================================================
SM 2145 1731         0 254  5.48     0.0 166.4          M       87
================================================================================
AV 82.5 66.6                               6.4 FASTST   M    M   3    MAX(MPH)
                                 MISC ---->  # 28 200               # 39  210
================================================================================
NOTES:
# LAST OF SEVERAL OCCURRENCES

COLUMN 17 PEAK WIND IN M.P.H.

PRELIMINARY LOCAL CLIMATOLOGICAL DATA (WS FORM: F-6) , PAGE 2

                                          STATION:  QUINCY IL
                                          MONTH:    AUGUST
                                          YEAR:     2014
                                          LATITUDE:   39 57 N
                                          LONGITUDE:  91 12 W

[TEMPERATURE DATA]      [PRECIPITATION DATA]       SYMBOLS USED IN COLUMN 16

AVERAGE MONTHLY: 74.5   TOTAL FOR MONTH:   5.48    1 = FOG OR MIST
DPTR FM NORMAL:  -0.3   DPTR FM NORMAL:    2.43    2 = FOG REDUCING VISIBILITY
HIGHEST:    93 ON 25,24 GRTST 24HR  2.28 ON  6- 7      TO 1/4 MILE OR LESS
LOWEST:     56 ON 13                               3 = THUNDER
                        SNOW, ICE PELLETS, HAIL    4 = ICE PELLETS
                        TOTAL MONTH:   0.0 INCH    5 = HAIL
                        GRTST 24HR     0.0         6 = FREEZING RAIN OR DRIZZLE
                        GRTST DEPTH:   0           7 = DUSTSTORM OR SANDSTORM:
                                                       VSBY 1/2 MILE OR LESS
                                                   8 = SMOKE OR HAZE
[NO. OF DAYS WITH]      [WEATHER - DAYS WITH]      9 = BLOWING SNOW
                                                   X = TORNADO
MAX 32 OR BELOW:   0    0.01 INCH OR MORE:  11
MAX 90 OR ABOVE:   4    0.10 INCH OR MORE:   7
MIN 32 OR BELOW:   0    0.50 INCH OR MORE:   2
MIN  0 OR BELOW:   0    1.00 INCH OR MORE:   2

[HDD (BASE 65) ]
TOTAL THIS MO.     0    CLEAR  (SCALE 0-3)  16
DPTR FM NORMAL     0    PTCLDY (SCALE 4-7)   4
TOTAL FM JUL 1     5    CLOUDY (SCALE 8-10)  6
DPTR FM NORMAL     5

[CDD (BASE 65) ]
TOTAL THIS MO.   254
DPTR FM NORMAL    -4    [PRESSURE DATA]
TOTAL FM JAN 1   862    HIGHEST SLP M ON M
DPTR FM NORMAL   -52    LOWEST  SLP 29.75 ON 19

[REMARKS]




U.S. Dept. of Commerce
NOAA National Weather Service
1325 East West Highway
Silver Spring, MD 20910
E-mail: w-nws.webmaster@noaa.gov
Page last modified: May 16, 2007
NATIONAL WEATHER SERVICE: for Safety, for Work, for Fun - FOR LIFE