887
CXUS53 KLSX 311600
CF6UIN
PRELIMINARY LOCAL CLIMATOLOGICAL DATA (WS FORM: F-6)

                                          STATION:   QUINCY IL
                                          MONTH:     JULY
                                          YEAR:      2014
                                          LATITUDE:   39 57 N
                                          LONGITUDE:  91 12 W

  TEMPERATURE IN F:       :PCPN:    SNOW:  WIND      :SUNSHINE: SKY     :PK WND
================================================================================
1   2   3   4   5  6A  6B    7    8   9   10  11  12  13   14  15   16   17  18
                                     12Z  AVG MX 2MIN
DY MAX MIN AVG DEP HDD CDD  WTR  SNW DPTH SPD SPD DIR MIN PSBL S-S WX    SPD DR
================================================================================

 1  82  68  75  -1   0  10    T  0.0    0  9.6 20 250   M    M   1        26 240
 2  68  59  64 -12   1   0 0.01  0.0    0  9.7 21 300   M    M   7        28 290
 3  78  56  67  -9   0   2 0.00  0.0    0  6.1 15 320   M    M   2        19 320
 4  79  58  69  -7   0   4 0.00  0.0    0  5.3 12 130   M    M   2        19  80
 5  76  60  68  -8   0   3 0.10  0.0    0  8.4 17 160   M    M   3 3      23 160
 6  85  70  78   2   0  13 0.02  0.0    0 11.4 18 230   M    M   3 1      27 220
 7  89  68  79   3   0  14 1.07  0.0    0  7.2 40 320   M    M   2 13     48 320
 8  81  64  73  -3   0   8 0.24  0.0    0 11.4 20 300   M    M   2 13     25 290
 9  79  63  71  -5   0   6 0.00  0.0    0  6.8 16 320   M    M   1        22 320
10  81  59  70  -6   0   5 0.00  0.0    0  6.5 14 110   M    M   0        17 150
11  84  59  72  -4   0   7 0.00  0.0    0  8.7 17 150   M    M   0        24 140
12  89  76  83   7   0  18 0.00  0.0    0 10.0 17 200   M    M   0        22 210
13  84  70  77   1   0  12 0.59  0.0    0  4.3 15 320   M    M   5 13     19 260
14  79  57  68  -8   0   3 0.02  0.0    0  8.8 18 330   M    M   3 1      24 340
15  70  54  62 -14   3   0 0.00  0.0    0  9.2 20 330   M    M   3        24 340
16  75  52  64 -12   1   0 0.00  0.0    0  4.3 12 360   M    M   1        15 330
17  79  56  68  -8   0   3 0.00  0.0    0  4.7  9 130   M    M   1        13 190
18  79  59  69  -7   0   4 0.00  0.0    0  6.2 13 140   M    M   1        17 150
19  81  59  70  -6   0   5 0.00  0.0    0  4.1 10 140   M    M   1        12 140
20  83  62  73  -3   0   8 0.00  0.0    0  6.4 12 190   M    M   0        16 190
21  87  64  76   0   0  11 0.00  0.0    0  8.3 17 200   M    M   0 18     23 200
22  85  70  78   2   0  13 0.02  0.0    0  7.3 17 250   M    M   4 138    21 240
23  82  62  72  -4   0   7 0.00  0.0    0 11.2 20  30   M    M   3 1      25  20
24  78  56  67  -9   0   2 0.00  0.0    0  5.3 12 120   M    M   1 8      19  90
25  77  60  69  -7   0   4 0.71  0.0    0  9.7 26 180   M    M   2 13     37 170
26  87  70  79   3   0  14 0.11  0.0    0  7.1 16  20   M    M   4 138    21 240
27  84  64  74  -2   0   9 0.00  0.0    0 11.8 26 290   M    M   4 128    33 330
28  75  59  67  -9   0   2 0.00  0.0    0  7.5 17 340   M    M   4        22  10
29  78  56  67  -9   0   2 0.00  0.0    0  4.6 14 320   M    M   0        17 310
30  80  57  69  -7   0   4 0.00  0.0    0  3.2  9 330   M    M   1 1      12 310
================================================================================
SM 2414 1847         5 193  2.89     0.0 225.1          M       61
================================================================================
AV 80.5 61.6                               7.5 FASTST   M    M   2    MAX(MPH)
                                 MISC ---->  # 40 320               # 48  320
================================================================================
NOTES:
# LAST OF SEVERAL OCCURRENCES

COLUMN 17 PEAK WIND IN M.P.H.

PRELIMINARY LOCAL CLIMATOLOGICAL DATA (WS FORM: F-6) , PAGE 2

                                          STATION:  QUINCY IL
                                          MONTH:    JULY
                                          YEAR:     2014
                                          LATITUDE:   39 57 N
                                          LONGITUDE:  91 12 W

[TEMPERATURE DATA]      [PRECIPITATION DATA]       SYMBOLS USED IN COLUMN 16

AVERAGE MONTHLY: 71.0   TOTAL FOR MONTH:   2.89    1 = FOG OR MIST
DPTR FM NORMAL:  -5.0   DPTR FM NORMAL:   -1.03    2 = FOG REDUCING VISIBILITY
HIGHEST:    89 ON 12, 7 GRTST 24HR  1.31 ON  7- 8      TO 1/4 MILE OR LESS
LOWEST:     52 ON 16                               3 = THUNDER
                        SNOW, ICE PELLETS, HAIL    4 = ICE PELLETS
                        TOTAL MONTH:   0.0 INCH    5 = HAIL
                        GRTST 24HR     0.0         6 = FREEZING RAIN OR DRIZZLE
                        GRTST DEPTH:   0           7 = DUSTSTORM OR SANDSTORM:
                                                       VSBY 1/2 MILE OR LESS
                                                   8 = SMOKE OR HAZE
[NO. OF DAYS WITH]      [WEATHER - DAYS WITH]      9 = BLOWING SNOW
                                                   X = TORNADO
MAX 32 OR BELOW:   0    0.01 INCH OR MORE:  10
MAX 90 OR ABOVE:   0    0.10 INCH OR MORE:   6
MIN 32 OR BELOW:   0    0.50 INCH OR MORE:   3
MIN  0 OR BELOW:   0    1.00 INCH OR MORE:   1

[HDD (BASE 65) ]
TOTAL THIS MO.     5    CLEAR  (SCALE 0-3)  22
DPTR FM NORMAL     5    PTCLDY (SCALE 4-7)   8
TOTAL FM JUL 1     5    CLOUDY (SCALE 8-10)  0
DPTR FM NORMAL     5

[CDD (BASE 65) ]
TOTAL THIS MO.   193
DPTR FM NORMAL  -137    [PRESSURE DATA]
TOTAL FM JAN 1   603    HIGHEST SLP M ON M
DPTR FM NORMAL   -40    LOWEST  SLP 29.67 ON  7

[REMARKS]




U.S. Dept. of Commerce
NOAA National Weather Service
1325 East West Highway
Silver Spring, MD 20910
E-mail: w-nws.webmaster@noaa.gov
Page last modified: May 16, 2007
NATIONAL WEATHER SERVICE: for Safety, for Work, for Fun - FOR LIFE