037
CXUS53 KLSX 291600
CF6UIN
PRELIMINARY LOCAL CLIMATOLOGICAL DATA (WS FORM: F-6)

                                          STATION:   QUINCY IL
                                          MONTH:     JANUARY
                                          YEAR:      2015
                                          LATITUDE:   39 57 N
                                          LONGITUDE:  91 12 W

  TEMPERATURE IN F:       :PCPN:    SNOW:  WIND      :SUNSHINE: SKY     :PK WND
================================================================================
1   2   3   4   5  6A  6B    7    8   9   10  11  12  13   14  15   16   17  18
                                     12Z  AVG MX 2MIN
DY MAX MIN AVG DEP HDD CDD  WTR  SNW DPTH SPD SPD DIR MIN PSBL S-S WX    SPD DR
================================================================================

 1  33  16  25  -2  40   0 0.00  0.0    0 11.2 20 240   M    M   0        25 230
 2  38  22  30   3  35   0 0.03  0.0    0  4.7 10 140   M    M   6 18     14 140
 3  37  32  35   8  30   0 0.38    M    0  5.0 10  50   M    M   9 12     11  40
 4  33   8  21  -6  44   0 0.01    M    M 17.9 29 310   M    M   6 18     35 300
 5  21   5  13 -13  52   0    T    M    M  8.0 16 310   M    M   7 8      20 160
 6  21   9  15 -11  50   0    T    M    M 10.2 28 300   M    M   6 1      35 300
 7  15  -4   6 -20  59   0    T    M    M 16.5 37 330   M    M   3 89     44 340
 8  27  -4  12 -14  53   0    T    M    M 17.0 33 310   M    M   5        40 310
 9  15   5  10 -16  55   0    T    M    M 13.6 29 310   M    M   3        36 320
10  31   3  17  -9  48   0 0.00  0.0    0 11.7 23 200   M    M   2        29 200
11  36  25  31   5  34   0 0.06  0.0    M  6.9 14 200   M    M   9 16     18 210
12  32   5  19  -7  46   0 0.07    M    M 13.4 21  10   M    M   3 168    27  10
13  22   2  12 -14  53   0 0.00  0.0    M  6.8 10  30   M    M   1        14  50
14  30   6  18  -8  47   0 0.00  0.0    M  6.5 10 210   M    M   4        14 220
15  44  17  31   5  34   0 0.00  0.0    M  9.1 16 250   M    M   0        22 220
16  49  23  36  10  29   0 0.00  0.0    M  7.8 14 170   M    M   0 18     17 170
17  51  36  44  18  21   0 0.00  0.0    0 14.3 23 290   M    M   1        32 250
18  48  29  39  13  26   0 0.00  0.0    0  8.1 15 260   M    M   0        20 270
19  52  25  39  13  26   0 0.00  0.0    0  5.3 10 140   M    M   2        13 150
20  46  32  39  13  26   0 0.00  0.0    0  7.5 15 300   M    M   3        19 310
21  38  26  32   6  33   0 0.00  0.0    0 10.1 21 290   M    M   6        25 280
22  33  26  30   4  35   0 0.00  0.0    0  4.6 13 340   M    M  10 1      16 340
23  38  28  33   7  32   0 0.00  0.0    0  5.2 12 240   M    M   7 1      15 240
24  51  26  39  12  26   0 0.00  0.0    0  9.2 18 260   M    M   1 1      25 260
25  43  24  34   7  31   0 0.07    M    0 12.3 28  20   M    M   9 1      33  40
26  42  24  33   6  32   0    T    T    0  6.6 16 200   M    M   8 1      20 200
27  42  28  35   8  30   0 0.00  0.0    0  8.9 15 130   M    M   3 18     18 130
28  47  27  37  10  28   0 0.00  0.0    0 14.4 22 160   M    M   1 18     29 150
================================================================================
SM 1015  501      1055   0  0.62    T    272.8          M      115
================================================================================
AV 36.2 17.9                               9.7 FASTST   M    M   4    MAX(MPH)
                                 MISC ---->  # 37 330               # 44  340
================================================================================
NOTES:
# LAST OF SEVERAL OCCURRENCES

COLUMN 17 PEAK WIND IN M.P.H.

PRELIMINARY LOCAL CLIMATOLOGICAL DATA (WS FORM: F-6) , PAGE 2

                                          STATION:  QUINCY IL
                                          MONTH:    JANUARY
                                          YEAR:     2015
                                          LATITUDE:   39 57 N
                                          LONGITUDE:  91 12 W

[TEMPERATURE DATA]      [PRECIPITATION DATA]       SYMBOLS USED IN COLUMN 16

AVERAGE MONTHLY: 27.1   TOTAL FOR MONTH:   0.62    1 = FOG OR MIST
DPTR FM NORMAL:   0.8   DPTR FM NORMAL:   -0.76    2 = FOG REDUCING VISIBILITY
HIGHEST:    52 ON 19    GRTST 24HR  0.38 ON  3- 3      TO 1/4 MILE OR LESS
LOWEST:     -4 ON  8, 7                            3 = THUNDER
                        SNOW, ICE PELLETS, HAIL    4 = ICE PELLETS
                        TOTAL MONTH:    T          5 = HAIL
                        GRTST 24HR    T  ON 26-26  6 = FREEZING RAIN OR DRIZZLE
                        GRTST DEPTH:   0           7 = DUSTSTORM OR SANDSTORM:
                                                       VSBY 1/2 MILE OR LESS
                                                   8 = SMOKE OR HAZE
[NO. OF DAYS WITH]      [WEATHER - DAYS WITH]      9 = BLOWING SNOW
                                                   X = TORNADO
MAX 32 OR BELOW:   9    0.01 INCH OR MORE:   6
MAX 90 OR ABOVE:   0    0.10 INCH OR MORE:   1
MIN 32 OR BELOW:  27    0.50 INCH OR MORE:   0
MIN  0 OR BELOW:   2    1.00 INCH OR MORE:   0

[HDD (BASE 65) ]
TOTAL THIS MO.  1055    CLEAR  (SCALE 0-3)  12
DPTR FM NORMAL   -29    PTCLDY (SCALE 4-7)  12
TOTAL FM JUL 1  3295    CLOUDY (SCALE 8-10)  4
DPTR FM NORMAL    20

[CDD (BASE 65) ]
TOTAL THIS MO.     0
DPTR FM NORMAL     0    [PRESSURE DATA]
TOTAL FM JAN 1     0    HIGHEST SLP M ON M
DPTR FM NORMAL     0    LOWEST  SLP 29.58 ON 25

[REMARKS]




U.S. Dept. of Commerce
NOAA National Weather Service
1325 East West Highway
Silver Spring, MD 20910
E-mail: w-nws.webmaster@noaa.gov
Page last modified: May 16, 2007
NATIONAL WEATHER SERVICE: for Safety, for Work, for Fun - FOR LIFE