882
CXUS53 KLSX 011214
CF6UIN
PRELIMINARY LOCAL CLIMATOLOGICAL DATA (WS FORM: F-6)

                                          STATION:   QUINCY IL
                                          MONTH:     SEPTEMBER
                                          YEAR:      2014
                                          LATITUDE:   39 57 N
                                          LONGITUDE:  91 12 W

  TEMPERATURE IN F:       :PCPN:    SNOW:  WIND      :SUNSHINE: SKY     :PK WND
================================================================================
1   2   3   4   5  6A  6B    7    8   9   10  11  12  13   14  15   16   17  18
                                     12Z  AVG MX 2MIN
DY MAX MIN AVG DEP HDD CDD  WTR  SNW DPTH SPD SPD DIR MIN PSBL S-S WX    SPD DR
================================================================================

 1  81  67  74   2   0   9 0.03  0.0    0  9.5 20 240   M    M   2        26 240
 2  82  67  75   3   0  10 0.00  0.0    0  5.2 14 280   M    M   5        19 210
 3  83  64  74   3   0   9 0.00  0.0    0  8.4 16 200   M    M   1 1      21 180
 4   M   M   M   M   M   M    M  0.0    0   M   M   M   M    M   M         M  M
 5  90  62  76   5   0  11 0.62  0.0    0  8.5 24 300   M    M   5 1      36 290
 6  75  57  66  -4   0   1    T  0.0    0  8.3 16  20   M    M   2        20  20
 7  76  52  64  -6   1   0 0.00  0.0    0  5.3 12 110   M    M   0        15 140
 8  80  54  67  -3   0   2 0.00  0.0    0  8.7 21 180   M    M   2        27 180
 9  73  65  69   0   0   4 0.94  0.0    0 12.6 25  10   M    M   5 13     32 350
10  78  58  68  -1   0   3 3.51  0.0    0 13.1 28 180   M    M   9 13     41 180
11  58  51  55 -13  10   0    T  0.0    0 10.3 17 340   M    M   9 1      22 320
12  55  42  49 -19  16   0    T  0.0    0  9.5 21 360   M    M   9 18     26  10
13  63  40  52 -16  13   0 0.00  0.0    0  4.3 12 350   M    M   2 12     14  40
14  69  41  55 -12  10   0 0.00  0.0    0  4.8 10 220   M    M   2        15 190
15  65  51  58  -9   7   0 1.03  0.0    0  6.9 18 360   M    M   9 13     24  10
16  68  45  57  -9   8   0 0.00  0.0    0  3.0  9  70   M    M   1 18     12  90
17  68  51  60  -6   5   0 0.01  0.0    0  6.8 13 160   M    M   6 1      18 160
18  74  48  61  -4   4   0 0.00  0.0    0  6.1 14 120   M    M   1 12     22 110
19  76  52  64  -1   1   0 0.00  0.0    0  8.5 15 170   M    M   0        21 150
20  83  60  72   7   0   7 0.11  0.0    0  8.7 20 250   M    M   3 138    24 250
21  73  53  63  -1   2   0 0.00  0.0    0 11.1 26 310   M    M   1 1      32 310
22  73  46  60  -4   5   0 0.00  0.0    0  3.5 12 330   M    M   0 8      13 320
23  73  48  61  -2   4   0 0.00  0.0    0  6.1 13 140   M    M   0        17 130
24  76  51  64   1   1   0 0.00  0.0    0  5.9 12 190   M    M   1        16 140
25  78  61  70   8   0   5 0.02  0.0    0  3.9 10 170   M    M   7        13 250
26  83  58  71   9   0   6 0.00  0.0    0  4.0 10 180   M    M   2        13 170
27  82  60  71   9   0   6 0.00  0.0    0  4.6 13 170   M    M   0        20 130
28  85  58  72  11   0   7 0.00  0.0    0  1.9  9  50   M    M   1 8      11  40
29  83  58  71  10   0   6 0.00  0.0    0  2.3 10 280   M    M   0 18     14 290
30  74  57  66   6   0   1 0.00  0.0    0  7.6 14 100   M    M   3 128    18 100
================================================================================
SM 2177 1577        87  87  6.27     0.0 199.4          M       88
================================================================================
AV 75.1 54.4                               6.9 FASTST   M    M   3    MAX(MPH)
                                 MISC ---->  # 28 180               # 41  180
================================================================================
NOTES:
# LAST OF SEVERAL OCCURRENCES

COLUMN 17 PEAK WIND IN M.P.H.

PRELIMINARY LOCAL CLIMATOLOGICAL DATA (WS FORM: F-6) , PAGE 2

                                          STATION:  QUINCY IL
                                          MONTH:    SEPTEMBER
                                          YEAR:     2014
                                          LATITUDE:   39 57 N
                                          LONGITUDE:  91 12 W

[TEMPERATURE DATA]      [PRECIPITATION DATA]       SYMBOLS USED IN COLUMN 16

AVERAGE MONTHLY: 64.7   TOTAL FOR MONTH:   6.27    1 = FOG OR MIST
DPTR FM NORMAL:  -1.7   DPTR FM NORMAL:    2.97    2 = FOG REDUCING VISIBILITY
HIGHEST:    90 ON  5    GRTST 24HR  4.29 ON  9-10      TO 1/4 MILE OR LESS
LOWEST:     40 ON 13                               3 = THUNDER
                        SNOW, ICE PELLETS, HAIL    4 = ICE PELLETS
                        TOTAL MONTH:   0.0 INCH    5 = HAIL
                        GRTST 24HR     0.0         6 = FREEZING RAIN OR DRIZZLE
                        GRTST DEPTH:   0           7 = DUSTSTORM OR SANDSTORM:
                                                       VSBY 1/2 MILE OR LESS
                                                   8 = SMOKE OR HAZE
[NO. OF DAYS WITH]      [WEATHER - DAYS WITH]      9 = BLOWING SNOW
                                                   X = TORNADO
MAX 32 OR BELOW:   0    0.01 INCH OR MORE:   8
MAX 90 OR ABOVE:   1    0.10 INCH OR MORE:   5
MIN 32 OR BELOW:   0    0.50 INCH OR MORE:   4
MIN  0 OR BELOW:   0    1.00 INCH OR MORE:   2

[HDD (BASE 65) ]
TOTAL THIS MO.    87    CLEAR  (SCALE 0-3)  19
DPTR FM NORMAL     5    PTCLDY (SCALE 4-7)   6
TOTAL FM JUL 1    92    CLOUDY (SCALE 8-10)  4
DPTR FM NORMAL     5

[CDD (BASE 65) ]
TOTAL THIS MO.    87
DPTR FM NORMAL   -36    [PRESSURE DATA]
TOTAL FM JAN 1  1016    HIGHEST SLP 30.42 ON 13
DPTR FM NORMAL   -60    LOWEST  SLP 29.59 ON 10

[REMARKS]
#FINAL-09-14#




U.S. Dept. of Commerce
NOAA National Weather Service
1325 East West Highway
Silver Spring, MD 20910
E-mail: w-nws.webmaster@noaa.gov
Page last modified: May 16, 2007
NATIONAL WEATHER SERVICE: for Safety, for Work, for Fun - FOR LIFE