674
CXUS55 KSEW 010945
CF6UIL

PRELIMINARY LOCAL CLIMATOLOGICAL DATA (WS FORM: F-6)

                                          STATION:   QUILLAYUTE WA AIRPORT
                                          MONTH:     NOVEMBER
                                          YEAR:      2014
                                          LATITUDE:   47 57 N
                                          LONGITUDE: 124 33 W

  TEMPERATURE IN F:       :PCPN:    SNOW:  WIND      :SUNSHINE: SKY     :PK WND
================================================================================
1   2   3   4   5  6A  6B    7    8   9   10  11  12  13   14  15   16   17  18
                                     12Z  AVG MX 2MIN
DY MAX MIN AVG DEP HDD CDD  WTR  SNW DPTH SPD SPD DIR MIN PSBL S-S WX    SPD DR
================================================================================

 1  58  35  47   0  18   0 0.01  0.0    0  2.8  9 350   M    M   2 1      13 280
 2  54  44  49   2  16   0 0.52  0.0    0  4.4 12 150   M    M  10 1      18 120
 3  57  53  55   9  10   0 4.20  0.0    0  9.6 22 210   M    M  10 1      36 190
 4  60  50  55   9  10   0 0.12  0.0    0  3.7 18 200   M    M   6 1      26 190
 5  59  49  54   8  11   0 0.10  0.0    0  6.9 15 140   M    M  10 1      24 150
 6  59  43  51   5  14   0 0.86  0.0    0   M   M   M   M    M  10 1       M  M
 7  57  38  48   2  17   0 0.00  0.0    0  2.8  8 280   M    M   3 1      11  90
 8  57  34  46   0  19   0    T  0.0    0  2.3  9  80   M    M   0 1      13  90
 9  57  38  48   3  17   0 1.04  0.0    0  7.8 20 310   M    M   6 1      29 300
10  56  33  45   0  20   0 0.00  0.0    0  6.1 16  40   M    M   0 1      22  20
11  49  38  44  -1  21   0 0.00  0.0    0 15.4 28  40   M    M   0        39  50
12  45  35  40  -5  25   0 0.00  0.0    0 12.2 21  50   M    M   0        30  60
13  47  25  36  -9  29   0 0.00  0.0    0  8.7 17  40   M    M   0        24  60
14  48  25  37  -7  28   0 0.00  0.0    0  9.2 20  40   M    M   0        25  30
15  49  21  35  -9  30   0 0.00  0.0    0  6.3 17  50   M    M   0 1      21  50
16  53  22  38  -6  27   0 0.00  0.0    0  3.2  9  90   M    M   0 1      18  30
17  57  24  41  -3  24   0 0.00  0.0    0  2.3  9  80   M    M   0 1      13  80
18  55  27  41  -3  24   0 0.00  0.0    0  1.9  8  70   M    M   1 1      10  70
19  58  37  48   4  17   0    T  0.0    0  3.7 16 140   M    M   3 1      25 150
20  52  49  51   8  14   0 0.42  0.0    0  5.8 15 190   M    M  10 1      24 200
21  52  47  50   7  15   0 1.59  0.0    0 10.0 20 150   M    M  10 1      31 160
22  54  42  48   5  17   0 0.25  0.0    0  4.1 18 240   M    M   7 1      23 240
23  55  40  48   5  17   0 0.60  0.0    0  7.6 23 240   M    M   5 1      37 270
24  54  41  48   5  17   0 0.75  0.0    0  8.5 18 260   M    M   9 1      29 160
25  55  48  52  10  13   0 0.50  0.0    0  6.3 16 220   M    M  10 1      23 220
26  55  53  54  12  11   0 0.97  0.0    0 10.7 21 180   M    M  10 1      36 190
27  57  53  55  13  10   0 0.81  0.0    0 12.7 23 220   M    M   7 1      33 220
28  54  33  44   2  21   0 0.42  0.0    0  5.5 21 210   M    M   8 18     27 270
29  36  20  28 -14  37   0 0.02    M    M  8.9 21  40   M    M   3 1      28  50
30  38  19  29 -13  36   0 0.00  0.0    0  5.3 14  50   M    M   0        18  40
================================================================================
SM 1597 1116       585   0 13.18     0.0 194.7          M      140
================================================================================
AV 53.2 37.2                               6.7 FASTST   M    M   5    MAX(MPH)
                                 MISC ---->  # 28  40               # 39   50
================================================================================
NOTES:
# LAST OF SEVERAL OCCURRENCES

COLUMN 17 PEAK WIND IN M.P.H.

PRELIMINARY LOCAL CLIMATOLOGICAL DATA (WS FORM: F-6) , PAGE 2

                                          STATION:  QUILLAYUTE WA AIRPORT
                                          MONTH:    NOVEMBER
                                          YEAR:     2014
                                          LATITUDE:   47 57 N
                                          LONGITUDE: 124 33 W

[TEMPERATURE DATA]      [PRECIPITATION DATA]       SYMBOLS USED IN COLUMN 16

AVERAGE MONTHLY: 45.2   TOTAL FOR MONTH:  13.18    1 = FOG OR MIST
DPTR FM NORMAL:   1.0   DPTR FM NORMAL:   -2.34    2 = FOG REDUCING VISIBILITY
HIGHEST:    60 ON  4    GRTST 24HR  4.30 ON  3- 4      TO 1/4 MILE OR LESS
LOWEST:     19 ON 30                               3 = THUNDER
                        SNOW, ICE PELLETS, HAIL    4 = ICE PELLETS
                        TOTAL MONTH:   0.0 INCH    5 = HAIL
                        GRTST 24HR     0.0         6 = FREEZING RAIN OR DRIZZLE
                        GRTST DEPTH:   0           7 = DUSTSTORM OR SANDSTORM:
                                                       VSBY 1/2 MILE OR LESS
                                                   8 = SMOKE OR HAZE
[NO. OF DAYS WITH]      [WEATHER - DAYS WITH]      9 = BLOWING SNOW
                                                   X = TORNADO
MAX 32 OR BELOW:   0    0.01 INCH OR MORE:  17
MAX 90 OR ABOVE:   0    0.10 INCH OR MORE:  15
MIN 32 OR BELOW:   8    0.50 INCH OR MORE:  10
MIN  0 OR BELOW:   0    1.00 INCH OR MORE:   3

[HDD (BASE 65) ]
TOTAL THIS MO.   585    CLEAR  (SCALE 0-3)  13
DPTR FM NORMAL   -39    PTCLDY (SCALE 4-7)   8
TOTAL FM JUL 1  1234    CLOUDY (SCALE 8-10)  9
DPTR FM NORMAL  -480

[CDD (BASE 65) ]
TOTAL THIS MO.     0
DPTR FM NORMAL     0    [PRESSURE DATA]
TOTAL FM JAN 1    25    HIGHEST SLP M ON M
DPTR FM NORMAL     6    LOWEST  SLP 29.25 ON 21

[REMARKS]
#FINAL-11-14#




U.S. Dept. of Commerce
NOAA National Weather Service
1325 East West Highway
Silver Spring, MD 20910
E-mail: w-nws.webmaster@noaa.gov
Page last modified: May 16, 2007
NATIONAL WEATHER SERVICE: for Safety, for Work, for Fun - FOR LIFE