157
CXUS55 KSEW 240945
CF6UIL

PRELIMINARY LOCAL CLIMATOLOGICAL DATA (WS FORM: F-6)

                                          STATION:   QUILLAYUTE WA AIRPORT
                                          MONTH:     APRIL
                                          YEAR:      2014
                                          LATITUDE:   47 57 N
                                          LONGITUDE: 124 33 W

  TEMPERATURE IN F:       :PCPN:    SNOW:  WIND      :SUNSHINE: SKY     :PK WND
================================================================================
1   2   3   4   5  6A  6B    7    8   9   10  11  12  13   14  15   16   17  18
                                     12Z  AVG MX 2MIN
DY MAX MIN AVG DEP HDD CDD  WTR  SNW DPTH SPD SPD DIR MIN PSBL S-S WX    SPD DR
================================================================================

 1  58  36  47   2  18   0 0.00  0.0    0  4.6 14 220   M    M   2 1      18 240
 2  53  36  45   0  20   0 0.00  0.0    0  5.5 15 210   M    M   6 1      20 210
 3  50  44  47   1  18   0 0.80  0.0    0  9.4 18 190   M    M  10 1      29 150
 4  52  39  46   0  19   0 0.16  0.0    0  4.6 15 220   M    M   8 1      20 220
 5  50  43  47   1  18   0 0.67  0.0    0  5.4 17 250   M    M  10 1      24 200
 6  58  45  52   6  13   0 0.04  0.0    0  4.7 13 190   M    M   9 1      18 200
 7  61  49  55   9  10   0    T  0.0    0  5.7 13 260   M    M   9 1      16 210
 8  55  39  47   1  18   0 0.38  0.0    0  5.3 12 300   M    M   8 1      17 180
 9  55  36  46   0  19   0 0.00  0.0    0  3.5 15 270   M    M   5 12     21 280
10  54  32  43  -3  22   0 0.00  0.0    0  3.9 15 290   M    M   5 1      20 290
11  54  44  49   3  16   0 0.06  0.0    0  3.5 13 330   M    M  10 1      16 330
12  57  39  48   2  17   0 0.00  0.0    0  4.5 14 270   M    M   5 1      17 270
13  67  34  51   5  14   0 0.00  0.0    0  4.6 14 270   M    M   0 1      18 270
14  59  35  47   1  18   0    T  0.0    0  5.2 20 290   M    M   4 1      27 340
15  50  38  44  -2  21   0 0.71  0.0    0  5.6 13 180   M    M   9 1      20 180
16  52  48  50   3  15   0 1.14  0.0    0  6.0 13 230   M    M  10 1      18 210
17  50  44  47   0  18   0 1.71  0.0    0  7.2 20 300   M    M  10 1      29 280
18  55  37  46  -1  19   0 0.02  0.0    0  5.2 13 250   M    M   3 1      18 240
19  53  43  48   1  17   0 0.41  0.0    0  7.3 17 240   M    M  10 1      28 160
20  52  40  46  -1  19   0 0.27  0.0    0  4.5 14 160   M    M  10 1      19 150
21  50  40  45  -2  20   0 0.68  0.0    0  1.7  8 310   M    M  10 12     11 330
22  54  35  45  -2  20   0 0.30  0.0    0  4.4 20 210   M    M   8 12     30 200
23  55  42  49   1  16   0 0.90  0.0    0  6.4 14 220   M    M   6 1      25 150
================================================================================
SM 1254  918       405   0  8.25     0.0 118.7          M      167
================================================================================
AV 54.5 39.9                               5.2 FASTST   M    M   7    MAX(MPH)
                                 MISC ---->  # 20 290               # 30  200
================================================================================
NOTES:
# LAST OF SEVERAL OCCURRENCES

COLUMN 17 PEAK WIND IN M.P.H.

PRELIMINARY LOCAL CLIMATOLOGICAL DATA (WS FORM: F-6) , PAGE 2

                                          STATION:  QUILLAYUTE WA AIRPORT
                                          MONTH:    APRIL
                                          YEAR:     2014
                                          LATITUDE:   47 57 N
                                          LONGITUDE: 124 33 W

[TEMPERATURE DATA]      [PRECIPITATION DATA]       SYMBOLS USED IN COLUMN 16

AVERAGE MONTHLY: 47.2   TOTAL FOR MONTH:   8.25    1 = FOG OR MIST
DPTR FM NORMAL:   0.9   DPTR FM NORMAL:    1.93    2 = FOG REDUCING VISIBILITY
HIGHEST:    67 ON 13    GRTST 24HR  2.18 ON 16-17      TO 1/4 MILE OR LESS
LOWEST:     32 ON 10                               3 = THUNDER
                        SNOW, ICE PELLETS, HAIL    4 = ICE PELLETS
                        TOTAL MONTH:   0.0 INCH    5 = HAIL
                        GRTST 24HR     0.0         6 = FREEZING RAIN OR DRIZZLE
                        GRTST DEPTH:   0           7 = DUSTSTORM OR SANDSTORM:
                                                       VSBY 1/2 MILE OR LESS
                                                   8 = SMOKE OR HAZE
[NO. OF DAYS WITH]      [WEATHER - DAYS WITH]      9 = BLOWING SNOW
                                                   X = TORNADO
MAX 32 OR BELOW:   0    0.01 INCH OR MORE:  15
MAX 90 OR ABOVE:   0    0.10 INCH OR MORE:  12
MIN 32 OR BELOW:   1    0.50 INCH OR MORE:   7
MIN  0 OR BELOW:   0    1.00 INCH OR MORE:   2

[HDD (BASE 65) ]
TOTAL THIS MO.   405    CLEAR  (SCALE 0-3)   2
DPTR FM NORMAL   -26    PTCLDY (SCALE 4-7)   9
TOTAL FM JUL 1  4185    CLOUDY (SCALE 8-10) 12
DPTR FM NORMAL  -739

[CDD (BASE 65) ]
TOTAL THIS MO.     0
DPTR FM NORMAL     0    [PRESSURE DATA]
TOTAL FM JAN 1     0    HIGHEST SLP M ON M
DPTR FM NORMAL     0    LOWEST  SLP 29.51 ON 23

[REMARKS]




U.S. Dept. of Commerce
NOAA National Weather Service
1325 East West Highway
Silver Spring, MD 20910
E-mail: w-nws.webmaster@noaa.gov
Page last modified: May 16, 2007
NATIONAL WEATHER SERVICE: for Safety, for Work, for Fun - FOR LIFE