926
CXUS54 KMRX 011740
CF6TYS
PRELIMINARY LOCAL CLIMATOLOGICAL DATA (WS FORM: F-6)

                                          STATION:   KNOXVILLE    ASOS
                                          MONTH:     JUNE
                                          YEAR:      2014
                                          LATITUDE:   35 49 N
                                          LONGITUDE:  83 59 W

  TEMPERATURE IN F:       :PCPN:    SNOW:  WIND      :SUNSHINE: SKY     :PK WND
================================================================================
1   2   3   4   5  6A  6B    7    8   9   10  11  12  13   14  15   16   17  18
                                     12Z  AVG MX 2MIN
DY MAX MIN AVG DEP HDD CDD  WTR  SNW DPTH SPD SPD DIR MIN PSBL S-S WX    SPD DR
================================================================================

 1  84  69  77   5   0  12 0.00  0.0    0  5.8 15 240   M    M   M        18 240
 2  85  61  73   1   0   8 0.00  0.0    0  6.0 16 230   M    M   M        20 220
 3  84  64  74   2   0   9 0.00  0.0    0  5.5 12 220   M    M   M        16 260
 4  88  65  77   5   0  12 0.17  0.0    0  9.4 28 260   M    M   M 13     34 250
 5  80  68  74   1   0   9 0.16  0.0    0  8.9 36 220   M    M   M 1      44 220
 6  84  68  76   3   0  11    T  0.0    0  4.0 10 290   M    M   M        12 290
 7  87  65  76   3   0  11 0.00  0.0    0  5.0 14 270   M    M   M        17 280
 8  84  68  76   3   0  11 0.00  0.0    0 11.2 22 230   M    M   M        29 220
 9  82  61  72  -2   0   7    T  0.0    0  5.5 17 240   M    M   M        23 270
10  89  64  77   3   0  12 0.64  0.0    0  8.9 43 260   M    M   M 13     56 270
11  82  64  73  -1   0   8 0.42  0.0    0  6.0 21 180   M    M   M 13     25 170
12  79  65  72  -2   0   7 0.27  0.0    0  4.6 15 330   M    M   M 13     19 310
13  79  61  70  -5   0   5 0.08  0.0    0  4.3 25 280   M    M   M 123    32 280
14  84  63  74  -1   0   9 0.00  0.0    0  6.7 13  30   M    M   M        17  30
15  85  62  74  -1   0   9 0.38  0.0    0  3.7 17 180   M    M   M 13     21 170
16  91  69  80   5   0  15    T  0.0    0  2.9 10 240   M    M   M 1      12 230
17  89  69  79   3   0  14 0.00  0.0    0  5.0 14 210   M    M   M 1      17 210
18  90  68  79   3   0  14 0.52  0.0    0  4.1 32 240   M    M   M 13     43 240
19  89  67  78   2   0  13    T  0.0    0  4.6 21  20   M    M   M 13     26 300
20  89  66  78   2   0  13 0.00  0.0    0  5.1 21 220   M    M   M 3      25 220
21  87  69  78   2   0  13 0.18  0.0    0  6.3 29 280   M    M   M 13     40 250
22  89  66  78   1   0  13 0.00  0.0    0  2.6  9 100   M    M   M 12     11  90
23  90  66  78   1   0  13 0.01  0.0    0  4.3 28 230   M    M   M 3      35 210
24  86  66  76  -1   0  11 0.01  0.0    0  6.8 24 230   M    M   M 3      30 230
25  85  69  77   0   0  12 0.15  0.0    0  9.4 21 280   M    M   M 1      25 280
26  87  66  77   0   0  12    T  0.0    0  3.5 14 360   M    M   M 3      17  10
27  88  69  79   2   0  14 1.46  0.0    0  3.9 25  40   M    M   M 13     28  50
28  84  69  77  -1   0  12    T  0.0    0  3.8 24 280   M    M   M 138    33 280
29  86  68  77  -1   0  12 0.10  0.0    0  4.5 25 240   M    M   M 138    30 270
30  79  68  74  -4   0   9    T  0.0    0  5.0 14 220   M    M   9        21 230
================================================================================
SM 2565 1983         0 330  4.55     0.0 167.3          M        9
================================================================================
AV 85.5 66.1                               5.6 FASTST   M    M   9    MAX(MPH)
                                 MISC ---->  # 43 260               # 56  270
================================================================================
NOTES:
# LAST OF SEVERAL OCCURRENCES

COLUMN 17 PEAK WIND IN M.P.H.

PRELIMINARY LOCAL CLIMATOLOGICAL DATA (WS FORM: F-6) , PAGE 2

                                          STATION:  KNOXVILLE    ASOS
                                          MONTH:    JUNE
                                          YEAR:     2014
                                          LATITUDE:   35 49 N
                                          LONGITUDE:  83 59 W

[TEMPERATURE DATA]      [PRECIPITATION DATA]       SYMBOLS USED IN COLUMN 16

AVERAGE MONTHLY: 75.8   TOTAL FOR MONTH:   4.55    1 = FOG OR MIST
DPTR FM NORMAL:   0.8   DPTR FM NORMAL:    0.74    2 = FOG REDUCING VISIBILITY
HIGHEST:    91 ON 16    GRTST 24HR  1.46 ON 27-27      TO 1/4 MILE OR LESS
LOWEST:     61 ON 13, 9                            3 = THUNDER
                        SNOW, ICE PELLETS, HAIL    4 = ICE PELLETS
                        TOTAL MONTH:   0.0 INCH    5 = HAIL
                        GRTST 24HR     0.0         6 = FREEZING RAIN OR DRIZZLE
                        GRTST DEPTH:   0           7 = DUSTSTORM OR SANDSTORM:
                                                       VSBY 1/2 MILE OR LESS
                                                   8 = SMOKE OR HAZE
[NO. OF DAYS WITH]      [WEATHER - DAYS WITH]      9 = BLOWING SNOW
                                                   X = TORNADO
MAX 32 OR BELOW:   0    0.01 INCH OR MORE:  14
MAX 90 OR ABOVE:   3    0.10 INCH OR MORE:  11
MIN 32 OR BELOW:   0    0.50 INCH OR MORE:   3
MIN  0 OR BELOW:   0    1.00 INCH OR MORE:   1

[HDD (BASE 65) ]
TOTAL THIS MO.     0    CLEAR  (SCALE 0-3)   0
DPTR FM NORMAL    -4    PTCLDY (SCALE 4-7)   0
TOTAL FM JUL 1  3797    CLOUDY (SCALE 8-10)  1
DPTR FM NORMAL   160

[CDD (BASE 65) ]
TOTAL THIS MO.   330
DPTR FM NORMAL    25    [PRESSURE DATA]
TOTAL FM JAN 1   535    HIGHEST SLP 30.21 ON  2
DPTR FM NORMAL    68    LOWEST  SLP 29.70 ON  5

[REMARKS]
#FINAL-06-14#




U.S. Dept. of Commerce
NOAA National Weather Service
1325 East West Highway
Silver Spring, MD 20910
E-mail: w-nws.webmaster@noaa.gov
Page last modified: May 16, 2007
NATIONAL WEATHER SERVICE: for Safety, for Work, for Fun - FOR LIFE