412
CXUS54 KMRX 012242
CF6TYS
PRELIMINARY LOCAL CLIMATOLOGICAL DATA (WS FORM: F-6)

                                          STATION:   KNOXVILLE    ASOS
                                          MONTH:     NOVEMBER
                                          YEAR:      2014
                                          LATITUDE:   35 49 N
                                          LONGITUDE:  83 59 W

  TEMPERATURE IN F:       :PCPN:    SNOW:  WIND      :SUNSHINE: SKY     :PK WND
================================================================================
1   2   3   4   5  6A  6B    7    8   9   10  11  12  13   14  15   16   17  18
                                     12Z  AVG MX 2MIN
DY MAX MIN AVG DEP HDD CDD  WTR  SNW DPTH SPD SPD DIR MIN PSBL S-S WX    SPD DR
================================================================================

 1  40  35  38 -17  27   0    T    T    0 10.0 21 350   M    M   M 18     29 360
 2  50  28  39 -15  26   0    T  0.0    0  5.4 20  40   M    M   M        23  40
 3  62  28  45  -9  20   0 0.00  0.0    0  2.5  9 240   M    M   M        10 220
 4  69  37  53  -1  12   0 0.00  0.0    0  5.0 16 230   M    M   M        20 230
 5  54  46  50  -3  15   0 0.01  0.0    0  2.4  9  30   M    M   M        10  40
 6  68  47  58   5   7   0 0.25  0.0    0 12.0 31 270   M    M   M 1      40 270
 7  50  37  44  -9  21   0 0.00  0.0    0  6.7 16 340   M    M   M        21 310
 8  58  33  46  -6  19   0 0.00  0.0    0  3.3 13 250   M    M   M 18     16 250
 9  61  35  48  -4  17   0 0.00  0.0    0  1.6  9  60   M    M   M 1      11  60
10  67  35  51  -1  14   0 0.00  0.0    0  0.9  8 330   M    M   M 1      10 330
11  68  36  52   1  13   0 0.00  0.0    0  3.8 20 250   M    M   M 1      25 230
12  58  38  48  -3  17   0    T  0.0    0  8.5 15  20   M    M   M        18  10
13  39  30  35 -16  30   0    T    T    0  7.6 15 340   M    M   M 14     19 360
14  36  24  30 -20  35   0 0.00  0.0    0  9.4 17  40   M    M   M        22  10
15  44  20  32 -18  33   0 0.00  0.0    0  4.5 13  40   M    M   M        15  40
16  41  33  37 -13  28   0 0.25  0.0    0  3.7  7  20   M    M   M 1      13  10
17  46  25  36 -13  29   0 1.01    T    0 11.0 23 290   M    M   M 14     28 280
18  31  21  26 -23  39   0    T    T    0  9.1 18 270   M    M   M 8      23 280
19  46  18  32 -16  33   0 0.00  0.0    0 12.4 25 220   M    M   M        31 220
20  53  35  44  -4  21   0 0.00  0.0    0 12.4 23 240   M    M   M        29 230
21  51  28  40  -8  25   0 0.00  0.0    0  6.0 12  30   M    M   M        14  20
22  59  26  43  -4  22   0 0.00  0.0    0  1.4  8  70   M    M   M         9  70
23  66  38  52   5  13   0 0.32  0.0    0  8.7 28 200   M    M   M 1      39 190
24  70  47  59  12   6   0 0.00  0.0    0 18.6 38 220   M    M   M        47 230
25  58  39  49   3  16   0 0.00  0.0    0  3.5 13 270   M    M   M 8      17 290
26  52  38  45  -1  20   0 0.02  0.0    0  7.4 23 210   M    M   M        27 220
27  42  31  37  -9  28   0 0.24    T    0 10.4 16 280   M    M   M 14     22 280
28  43  24  34 -11  31   0 0.00  0.0    0  1.8  9 290   M    M   M        11 280
29  55  26  41  -4  24   0 0.00  0.0    0  6.9 21 220   M    M   M        31 210
30  64  52  58  13   7   0    T  0.0    0 14.8 29 220   M    M   M        37 210
================================================================================
SM 1601  990       648   0  2.10    T    211.7          M        M
================================================================================
AV 53.4 33.0                               7.1 FASTST   M    M   0    MAX(MPH)
                                 MISC ---->  # 38 220               # 47  230
================================================================================
NOTES:
# LAST OF SEVERAL OCCURRENCES

COLUMN 17 PEAK WIND IN M.P.H.

PRELIMINARY LOCAL CLIMATOLOGICAL DATA (WS FORM: F-6) , PAGE 2

                                          STATION:  KNOXVILLE    ASOS
                                          MONTH:    NOVEMBER
                                          YEAR:     2014
                                          LATITUDE:   35 49 N
                                          LONGITUDE:  83 59 W

[TEMPERATURE DATA]      [PRECIPITATION DATA]       SYMBOLS USED IN COLUMN 16

AVERAGE MONTHLY: 43.2   TOTAL FOR MONTH:   2.10    1 = FOG OR MIST
DPTR FM NORMAL:  -6.5   DPTR FM NORMAL:   -1.91    2 = FOG REDUCING VISIBILITY
HIGHEST:    70 ON 24    GRTST 24HR  1.01 ON 17-17      TO 1/4 MILE OR LESS
LOWEST:     18 ON 19                               3 = THUNDER
                        SNOW, ICE PELLETS, HAIL    4 = ICE PELLETS
                        TOTAL MONTH:    T          5 = HAIL
                        GRTST 24HR    T  ON 27-27  6 = FREEZING RAIN OR DRIZZLE
                        GRTST DEPTH:   0           7 = DUSTSTORM OR SANDSTORM:
                                                       VSBY 1/2 MILE OR LESS
                                                   8 = SMOKE OR HAZE
[NO. OF DAYS WITH]      [WEATHER - DAYS WITH]      9 = BLOWING SNOW
                                                   X = TORNADO
MAX 32 OR BELOW:   1    0.01 INCH OR MORE:   7
MAX 90 OR ABOVE:   0    0.10 INCH OR MORE:   5
MIN 32 OR BELOW:  13    0.50 INCH OR MORE:   1
MIN  0 OR BELOW:   0    1.00 INCH OR MORE:   1

[HDD (BASE 65) ]
TOTAL THIS MO.   648    CLEAR  (SCALE 0-3)   0
DPTR FM NORMAL   186    PTCLDY (SCALE 4-7)   0
TOTAL FM JUL 1   826    CLOUDY (SCALE 8-10)  0
DPTR FM NORMAL   145

[CDD (BASE 65) ]
TOTAL THIS MO.     0
DPTR FM NORMAL    -3    [PRESSURE DATA]
TOTAL FM JAN 1  1486    HIGHEST SLP 30.49 ON  3
DPTR FM NORMAL   -40    LOWEST  SLP 29.51 ON 23

[REMARKS]
#FINAL-11-14#




U.S. Dept. of Commerce
NOAA National Weather Service
1325 East West Highway
Silver Spring, MD 20910
E-mail: w-nws.webmaster@noaa.gov
Page last modified: May 16, 2007
NATIONAL WEATHER SERVICE: for Safety, for Work, for Fun - FOR LIFE