349
CXUS54 KMRX 271000
CF6TYS
PRELIMINARY LOCAL CLIMATOLOGICAL DATA (WS FORM: F-6)

                                          STATION:   KNOXVILLE    ASOS
                                          MONTH:     JANUARY
                                          YEAR:      2015
                                          LATITUDE:   35 49 N
                                          LONGITUDE:  83 59 W

  TEMPERATURE IN F:       :PCPN:    SNOW:  WIND      :SUNSHINE: SKY     :PK WND
================================================================================
1   2   3   4   5  6A  6B    7    8   9   10  11  12  13   14  15   16   17  18
                                     12Z  AVG MX 2MIN
DY MAX MIN AVG DEP HDD CDD  WTR  SNW DPTH SPD SPD DIR MIN PSBL S-S WX    SPD DR
================================================================================

 1  42  22  32  -6  33   0    T  0.0    0  3.3 12 220   M    M   6        13 230
 2  43  39  41   3  24   0    T  0.0    0  4.4 10  30   M    M  10 18     12  20
 3  55  42  49  11  16   0 0.68  0.0    0  3.5 18 320   M    M  10 138    22 320
 4  64  40  52  14  13   0 0.31  0.0    0 15.1 29 270   M    M   8 1      40 160
 5  40  28  34  -4  31   0 0.00  0.0    0  5.5 20 280   M    M   5        24 290
 6  43  24  34  -4  31   0 0.00  0.0    0  7.5 20 250   M    M   3        24 250
 7  30  10  20 -18  45   0    T    T    0 11.4 22 350   M    M   7        30 350
 8  29   6  18 -20  47   0 0.00  0.0    0  7.1 18 260   M    M   4        23 260
 9  36  22  29  -9  36   0 0.00  0.0    0 12.6 29 230   M    M   4        34 220
10  37  14  26 -12  39   0 0.00  0.0    0  4.6 12  30   M    M   1        15  40
11  40  17  29  -9  36   0    T  0.0    0  2.6  8  40   M    M   6        10 310
12  43  34  39   1  26   0 1.13    M    0  2.5 16 290   M    M  10 1      19 290
13  42  33  38   0  27   0    T  0.0    0  9.1 17  30   M    M  10 1      20  20
14  40  29  35  -3  30   0 0.01  0.0    0  3.7  9  30   M    M   8 1      11 360
15  36  26  31  -7  34   0    T    T    0  2.9  8 280   M    M   M 1      10 290
16  49  28  39   1  26   0 0.00  0.0    0  3.1  8  50   M    M   2 1      11  30
17  59  24  42   4  23   0 0.00  0.0    0  5.1 23 220   M    M   M 1      30 210
18  54  38  46   8  19   0 0.02  0.0    0 12.9 25 240   M    M   M        34 240
19  60  34  47   9  18   0 0.00  0.0    0 10.5 22 220   M    M   1        25 220
20  63  41  52  14  13   0 0.00  0.0    0  9.3 21 220   M    M   7        25 230
21  57  36  47   9  18   0 0.00  0.0    0  4.7 15 270   M    M   4        18 250
22  47  32  40   2  25   0 0.00  0.0    0  3.5 10 360   M    M   8        14 360
23  42  36  39   1  26   0 0.85  0.0    0  6.0 13  40   M    M  10 1      15  40
24  43  33  38   0  27   0 0.21  0.1    0  9.7 18 260   M    M   6 1      23 270
25  54  32  43   5  22   0 0.02  0.0    0  9.9 26 230   M    M   5        33 240
26  44  30  37  -2  28   0 0.11  0.7    0 10.0 21 260   M    M  10 18     23 280
================================================================================
SM 1192  750       713   0  3.34     0.8 180.5          M      145
================================================================================
AV 45.8 28.8                               6.9 FASTST   M    M   6    MAX(MPH)
                                 MISC ---->  # 29 270               # 40  160
================================================================================
NOTES:
# LAST OF SEVERAL OCCURRENCES

COLUMN 17 PEAK WIND IN M.P.H.

PRELIMINARY LOCAL CLIMATOLOGICAL DATA (WS FORM: F-6) , PAGE 2

                                          STATION:  KNOXVILLE    ASOS
                                          MONTH:    JANUARY
                                          YEAR:     2015
                                          LATITUDE:   35 49 N
                                          LONGITUDE:  83 59 W

[TEMPERATURE DATA]      [PRECIPITATION DATA]       SYMBOLS USED IN COLUMN 16

AVERAGE MONTHLY: 37.3   TOTAL FOR MONTH:   3.34    1 = FOG OR MIST
DPTR FM NORMAL:  -0.7   DPTR FM NORMAL:   -0.27    2 = FOG REDUCING VISIBILITY
HIGHEST:    64 ON  4    GRTST 24HR  1.13 ON 12-12      TO 1/4 MILE OR LESS
LOWEST:      6 ON  8                               3 = THUNDER
                        SNOW, ICE PELLETS, HAIL    4 = ICE PELLETS
                        TOTAL MONTH:   0.8 INCH    5 = HAIL
                        GRTST 24HR   0.7 ON   M    6 = FREEZING RAIN OR DRIZZLE
                        GRTST DEPTH:   0           7 = DUSTSTORM OR SANDSTORM:
                                                       VSBY 1/2 MILE OR LESS
                                                   8 = SMOKE OR HAZE
[NO. OF DAYS WITH]      [WEATHER - DAYS WITH]      9 = BLOWING SNOW
                                                   X = TORNADO
MAX 32 OR BELOW:   2    0.01 INCH OR MORE:   9
MAX 90 OR ABOVE:   0    0.10 INCH OR MORE:   6
MIN 32 OR BELOW:  15    0.50 INCH OR MORE:   3
MIN  0 OR BELOW:   0    1.00 INCH OR MORE:   1

[HDD (BASE 65) ]
TOTAL THIS MO.   713    CLEAR  (SCALE 0-3)   3
DPTR FM NORMAL    13    PTCLDY (SCALE 4-7)  14
TOTAL FM JUL 1  2203    CLOUDY (SCALE 8-10)  6
DPTR FM NORMAL    70

[CDD (BASE 65) ]
TOTAL THIS MO.     0
DPTR FM NORMAL     0    [PRESSURE DATA]
TOTAL FM JAN 1     0    HIGHEST SLP M ON M
DPTR FM NORMAL     0    LOWEST  SLP 29.69 ON 25

[REMARKS]




U.S. Dept. of Commerce
NOAA National Weather Service
1325 East West Highway
Silver Spring, MD 20910
E-mail: w-nws.webmaster@noaa.gov
Page last modified: May 16, 2007
NATIONAL WEATHER SERVICE: for Safety, for Work, for Fun - FOR LIFE