663
CXUS54 KMRX 291000
CF6TYS
PRELIMINARY LOCAL CLIMATOLOGICAL DATA (WS FORM: F-6)

                                          STATION:   KNOXVILLE    ASOS
                                          MONTH:     SEPTEMBER
                                          YEAR:      2014
                                          LATITUDE:   35 49 N
                                          LONGITUDE:  83 59 W

  TEMPERATURE IN F:       :PCPN:    SNOW:  WIND      :SUNSHINE: SKY     :PK WND
================================================================================
1   2   3   4   5  6A  6B    7    8   9   10  11  12  13   14  15   16   17  18
                                     12Z  AVG MX 2MIN
DY MAX MIN AVG DEP HDD CDD  WTR  SNW DPTH SPD SPD DIR MIN PSBL S-S WX    SPD DR
================================================================================

 1  89  70  80   4   0  15 0.00  0.0    0  5.7 20 220   M    M   M        23 210
 2  89  70  80   4   0  15 0.09  0.0    0  8.6 21  10   M    M   M 3      26  10
 3  85  69  77   2   0  12 0.01  0.0    0  4.2 10  30   M    M   M 1      13  10
 4  86  71  79   4   0  14 0.01  0.0    0  3.6 17 210   M    M   M 3      22 200
 5  87  69  78   3   0  13 0.00  0.0    0  3.3 10 280   M    M   M 1      12 280
 6  89  69  79   4   0  14    T  0.0    0  1.8  6 290   M    M   M 3       M  M
 7  86  66  76   2   0  11 0.00  0.0    0  7.6 15  40   M    M   M 1      20  10
 8  86  65  76   2   0  11 0.00  0.0    0  3.2  9 220   M    M   6 18     11 360
 9  84  70  77   3   0  12 0.01  0.0    0  4.1 12 220   M    M   M 18     14 220
10  87  67  77   4   0  12 0.00  0.0    0  8.3 21 220   M    M   M 18     26 220
11  89  70  80   7   0  15 0.03  0.0    0  6.5 20 240   M    M   M 138    23 220
12  86  69  78   5   0  13 0.00  0.0    0  3.1 12 350   M    M   M 128    14 340
13  74  63  69  -3   0   4 0.00  0.0    0  9.2 17  40   M    M   M        22 360
14  76  59  68  -4   0   3 0.00  0.0    0  4.8 12  30   M    M   M        13  30
15  78  65  72   0   0   7    T  0.0    0  3.9 10 230   M    M   M 1      14 260
16  81  67  74   3   0   9 0.00  0.0    0  6.6 14 230   M    M   8 18     17 310
17  79  59  69  -2   0   4 0.00  0.0    0  4.5 10 250   M    M   6 8      16 290
18  80  60  70   0   0   5 0.00  0.0    0  5.3 10  40   M    M   M 18     14  30
19  86  57  72   2   0   7 0.00  0.0    0  4.6 13 170   M    M   M 8      16 160
20  85  60  73   3   0   8 0.00  0.0    0  3.1 10  50   M    M   M        14  30
21  82  62  72   3   0   7 0.03  0.0    0  8.4 24 240   M    M   M 1      29 240
22  74  56  65  -4   0   0 0.00  0.0    0  7.5 18  50   M    M   1 8      23  30
23  77  50  64  -4   1   0 0.00  0.0    0  4.9 13  50   M    M   M        16  50
24  79  52  66  -2   0   1 0.00  0.0    0  5.5 13  20   M    M   M        17 360
25  83  56  70   2   0   5 0.00  0.0    0  5.7 16  40   M    M   3 18     24  60
26  83  60  72   5   0   7 0.00  0.0    0  3.3 12 360   M    M   7 8      14 360
27  82  63  73   6   0   8 0.00  0.0    0  1.7  9  70   M    M   8        12  50
28  80  60  70   4   0   5 0.00  0.0    0  2.5  8 150   M    M   9 1      11  90
================================================================================
SM 2322 1774         1 237  0.18     0.0 141.5          M       48
================================================================================
AV 82.9 63.4                               5.1 FASTST   M    M   6    MAX(MPH)
                                 MISC ---->  # 24 240               # 29  240
================================================================================
NOTES:
# LAST OF SEVERAL OCCURRENCES

COLUMN 17 PEAK WIND IN M.P.H.

PRELIMINARY LOCAL CLIMATOLOGICAL DATA (WS FORM: F-6) , PAGE 2

                                          STATION:  KNOXVILLE    ASOS
                                          MONTH:    SEPTEMBER
                                          YEAR:     2014
                                          LATITUDE:   35 49 N
                                          LONGITUDE:  83 59 W

[TEMPERATURE DATA]      [PRECIPITATION DATA]       SYMBOLS USED IN COLUMN 16

AVERAGE MONTHLY: 73.1   TOTAL FOR MONTH:   0.18    1 = FOG OR MIST
DPTR FM NORMAL:   1.6   DPTR FM NORMAL:   -2.84    2 = FOG REDUCING VISIBILITY
HIGHEST:    89 ON 11, 6 GRTST 24HR  0.09 ON  2- 2      TO 1/4 MILE OR LESS
LOWEST:     50 ON 23                               3 = THUNDER
                        SNOW, ICE PELLETS, HAIL    4 = ICE PELLETS
                        TOTAL MONTH:   0.0 INCH    5 = HAIL
                        GRTST 24HR     0.0         6 = FREEZING RAIN OR DRIZZLE
                        GRTST DEPTH:   0           7 = DUSTSTORM OR SANDSTORM:
                                                       VSBY 1/2 MILE OR LESS
                                                   8 = SMOKE OR HAZE
[NO. OF DAYS WITH]      [WEATHER - DAYS WITH]      9 = BLOWING SNOW
                                                   X = TORNADO
MAX 32 OR BELOW:   0    0.01 INCH OR MORE:   6
MAX 90 OR ABOVE:   0    0.10 INCH OR MORE:   0
MIN 32 OR BELOW:   0    0.50 INCH OR MORE:   0
MIN  0 OR BELOW:   0    1.00 INCH OR MORE:   0

[HDD (BASE 65) ]
TOTAL THIS MO.     1    CLEAR  (SCALE 0-3)   2
DPTR FM NORMAL   -16    PTCLDY (SCALE 4-7)   4
TOTAL FM JUL 1     1    CLOUDY (SCALE 8-10)  2
DPTR FM NORMAL   -16

[CDD (BASE 65) ]
TOTAL THIS MO.   237
DPTR FM NORMAL    38    [PRESSURE DATA]
TOTAL FM JAN 1  1436    HIGHEST SLP M ON M
DPTR FM NORMAL   -44    LOWEST  SLP 29.88 ON 21

[REMARKS]




U.S. Dept. of Commerce
NOAA National Weather Service
1325 East West Highway
Silver Spring, MD 20910
E-mail: w-nws.webmaster@noaa.gov
Page last modified: May 16, 2007
NATIONAL WEATHER SERVICE: for Safety, for Work, for Fun - FOR LIFE