322
CXUS54 KMRX 291000
CF6TYS
PRELIMINARY LOCAL CLIMATOLOGICAL DATA (WS FORM: F-6)

                                          STATION:   KNOXVILLE    ASOS
                                          MONTH:     JULY
                                          YEAR:      2014
                                          LATITUDE:   35 49 N
                                          LONGITUDE:  83 59 W

  TEMPERATURE IN F:       :PCPN:    SNOW:  WIND      :SUNSHINE: SKY     :PK WND
================================================================================
1   2   3   4   5  6A  6B    7    8   9   10  11  12  13   14  15   16   17  18
                                     12Z  AVG MX 2MIN
DY MAX MIN AVG DEP HDD CDD  WTR  SNW DPTH SPD SPD DIR MIN PSBL S-S WX    SPD DR
================================================================================

 1  89  71  80   2   0  15 0.00  0.0    M  8.2 17 230   M    M   M        22 210
 2  89  74  82   4   0  17 0.00  0.0    0  8.0 15 240   M    M   M        19 230
 3  84  67  76  -2   0  11 0.00  0.0    0  7.2 16 320   M    M   6        22 330
 4  82  61  72  -6   0   7 0.00  0.0    0  8.2 15  60   M    M   4        20  40
 5  85  59  72  -6   0   7 0.00  0.0    0  6.5 13  20   M    M   3        15 260
 6  87  61  74  -4   0   9 0.00  0.0    0  4.3 15 220   M    M   3 1      20 230
 7  90  64  77  -1   0  12 0.00  0.0    0  9.0 23 210   M    M   M        30 210
 8  88  70  79   1   0  14 0.10  0.0    0 13.2 29 210   M    M   9 13     36 200
 9  84  67  76  -2   0  11 0.20  0.0    0  8.6 31 270   M    M   M 13     41 260
10  86  67  77  -1   0  12 0.00  0.0    0  3.4 14  30   M    M   M 1      17  30
11  91  65  78   0   0  13 0.00  0.0    0  4.3 12  20   M    M   M 1      15  30
12  91  68  80   2   0  15    T  0.0    0  4.1 15 150   M    M   M 3      17 160
13  92  70  81   2   0  16 0.00  0.0    0  6.9 18 240   M    M   5        29 250
14  93  71  82   3   0  17 0.35  0.0    0 10.8 28 250   M    M   M 13     43 250
15  81  68  75  -4   0  10 0.19  0.0    0  6.1 15 280   M    M   M 1      17 280
16  80  59  70  -9   0   5 0.00  0.0    0  5.2 14  20   M    M   M        21 360
17  83  57  70  -9   0   5 0.00  0.0    0  5.6 15  40   M    M   7        18  50
18  71  64  68 -11   0   3 0.61  0.0    0  5.2 10 310   M    M   M 1      12 320
19  75  64  70  -9   0   5 1.79  0.0    0  5.6 12  40   M    M   M 1      14  40
20  85  67  76  -3   0  11    T  0.0    0  3.8 18 180   M    M   M 13     23 210
21  87  67  77  -2   0  12 0.00  0.0    0  3.6  8  90   M    M   M 1      10  40
22  88  70  79   0   0  14    T  0.0    0  2.9 10 210   M    M   M 1      12 220
23  83  72  78  -1   0  13 0.01  0.0    0  5.6 17 330   M    M   8 3      23 350
24  85  66  76  -2   0  11 0.24  0.0    0  6.8 18 300   M    M   M 13     23 310
25  83  63  73  -5   0   8 0.00  0.0    0  3.9 15 240   M    M   M        18 240
26  86  62  74  -4   0   9 0.01  0.0    0  5.3 14 260   M    M   M 1      17 230
27  90  69  80   2   0  15 1.16  0.0    0 11.1 28 230   M    M   M 13     35  20
28  82  67  75  -3   0  10 0.01  0.0    0  7.5 16 290   M    M   5 13     24 280
================================================================================
SM 2390 1850         0 307  4.67     0.0 180.9          M       50
================================================================================
AV 85.4 66.1                               6.5 FASTST   M    M   6    MAX(MPH)
                                 MISC ---->  # 31 270               # 43  250
================================================================================
NOTES:
# LAST OF SEVERAL OCCURRENCES

COLUMN 17 PEAK WIND IN M.P.H.

PRELIMINARY LOCAL CLIMATOLOGICAL DATA (WS FORM: F-6) , PAGE 2

                                          STATION:  KNOXVILLE    ASOS
                                          MONTH:    JULY
                                          YEAR:     2014
                                          LATITUDE:   35 49 N
                                          LONGITUDE:  83 59 W

[TEMPERATURE DATA]      [PRECIPITATION DATA]       SYMBOLS USED IN COLUMN 16

AVERAGE MONTHLY: 75.7   TOTAL FOR MONTH:   4.67    1 = FOG OR MIST
DPTR FM NORMAL:  -2.7   DPTR FM NORMAL:    0.01    2 = FOG REDUCING VISIBILITY
HIGHEST:    93 ON 14    GRTST 24HR  2.25 ON 18-19      TO 1/4 MILE OR LESS
LOWEST:     57 ON 17                               3 = THUNDER
                        SNOW, ICE PELLETS, HAIL    4 = ICE PELLETS
                        TOTAL MONTH:   0.0 INCH    5 = HAIL
                        GRTST 24HR     0.0         6 = FREEZING RAIN OR DRIZZLE
                        GRTST DEPTH:   0           7 = DUSTSTORM OR SANDSTORM:
                                                       VSBY 1/2 MILE OR LESS
                                                   8 = SMOKE OR HAZE
[NO. OF DAYS WITH]      [WEATHER - DAYS WITH]      9 = BLOWING SNOW
                                                   X = TORNADO
MAX 32 OR BELOW:   0    0.01 INCH OR MORE:  11
MAX 90 OR ABOVE:   6    0.10 INCH OR MORE:   8
MIN 32 OR BELOW:   0    0.50 INCH OR MORE:   3
MIN  0 OR BELOW:   0    1.00 INCH OR MORE:   2

[HDD (BASE 65) ]
TOTAL THIS MO.     0    CLEAR  (SCALE 0-3)   2
DPTR FM NORMAL     0    PTCLDY (SCALE 4-7)   6
TOTAL FM JUL 1     0    CLOUDY (SCALE 8-10)  1
DPTR FM NORMAL     0

[CDD (BASE 65) ]
TOTAL THIS MO.   307
DPTR FM NORMAL   -74    [PRESSURE DATA]
TOTAL FM JAN 1   842    HIGHEST SLP M ON M
DPTR FM NORMAL    -6    LOWEST  SLP 29.82 ON 15

[REMARKS]




U.S. Dept. of Commerce
NOAA National Weather Service
1325 East West Highway
Silver Spring, MD 20910
E-mail: w-nws.webmaster@noaa.gov
Page last modified: May 16, 2007
NATIONAL WEATHER SERVICE: for Safety, for Work, for Fun - FOR LIFE