791
CXUS54 KSHV 011300
CF6TYR
PRELIMINARY LOCAL CLIMATOLOGICAL DATA (WS FORM: F-6)

                                          STATION:   TYLER
                                          MONTH:     NOVEMBER
                                          YEAR:      2014
                                          LATITUDE:   32 22 N
                                          LONGITUDE:  95 24 W

  TEMPERATURE IN F:       :PCPN:    SNOW:  WIND      :SUNSHINE: SKY     :PK WND
================================================================================
1   2   3   4   5  6A  6B    7    8   9   10  11  12  13   14  15   16   17  18
                                     12Z  AVG MX 2MIN
DY MAX MIN AVG DEP HDD CDD  WTR  SNW DPTH SPD SPD DIR MIN PSBL S-S WX    SPD DR
================================================================================

 1  61  39  50 -11  15   0 0.00  0.0    0  6.3 17 110   M    M   0        21 110
 2  67  41  54  -7  11   0 0.00  0.0    0 10.1 18 160   M    M   0        24 160
 3  77  49  63   3   2   0 0.00  0.0    0 12.8 22 190   M    M   3        27 170
 4  74  59  67   7   0   2 0.45  0.0    0  9.6 23 360   M    M   9 1      30 360
 5  61  55  58  -2   7   0 1.48  0.0    0  7.7 13  30   M    M   9 1      18  30
 6  73  50  62   3   3   0 0.00  0.0    0  7.2 13 360   M    M   4 1      17  10
 7  65  41  53  -6  12   0 0.00  0.0    0  4.3 10 190   M    M   0        14 120
 8  67  45  56  -2   9   0 0.00  0.0    0  6.7 17 350   M    M   2        22 350
 9  69  38  54  -4  11   0 0.00  0.0    0  5.5 12 170   M    M   0        15 190
10  77  48  63   5   2   0 0.00  0.0    0 14.8 33 190   M    M   0        42 190
11  67  39  53  -4  12   0    T  0.0    0 12.4 24 320   M    M   5        31 320
12  50  33  42 -15  23   0 0.00  0.0    0 11.7 18 350   M    M   2        24 320
13  37  29  33 -23  32   0    T    T    0 10.9 20 350   M    M   6        26 350
14  42  26  34 -22  31   0 0.00  0.0    0  5.0 13  90   M    M   8        16 100
15  46  39  43 -13  22   0 0.05  0.0    0  9.0 16 150   M    M  10 1      22 170
16  43  33  38 -17  27   0 0.09    T    0 10.9 20 320   M    M  10 1      27 320
17  46  25  36 -19  29   0    T    T    0  9.3 22 320   M    M   1 4      27 320
18  53  26  40 -15  25   0 0.00  0.0    0  5.7 14 200   M    M   0        18 200
19  65  33  49  -5  16   0 0.00  0.0    0 10.6 22 240   M    M   0        32 240
20  71  44  58   4   7   0 0.03  0.0    0  8.5 21 190   M    M   3 1      29 200
21  66  58  62   8   3   0 0.10  0.0    0 11.5 21 140   M    M  10 1      29 150
22  68  59  64  11   1   0 1.63  0.0    0 10.1 21 140   M    M   9 1      29 140
23  76  52  64  11   1   0 0.10  0.0    0 11.7 24 320   M    M   5 1      35 310
24  63  36  50  -2  15   0 0.00  0.0    0  6.9 21 320   M    M   0        28 320
25  65  35  50  -2  15   0 0.00  0.0    0  4.9 16 300   M    M   0 8      22 300
26  67  40  54   2  11   0 0.00  0.0    0  7.7 17 230   M    M   0        23 240
27  63  40  52   0  13   0 0.00  0.0    0  7.1 14  20   M    M   0        17  40
28  68  38  53   2  12   0 0.00  0.0    0 11.9 21 190   M    M   0        26 200
29  77  57  67  16   0   2 0.00  0.0    0 16.5 29 210   M    M   0        35 210
30  79  65  72  21   0   7 0.00  0.0    0 14.1 24 220   M    M   5        31 210
================================================================================
SM 1903 1272       367  11  3.93    T    281.4          M      101
================================================================================
AV 63.4 42.4                               9.4 FASTST   M    M   3    MAX(MPH)
                                 MISC ---->  # 33 190               # 42  190
================================================================================
NOTES:
# LAST OF SEVERAL OCCURRENCES

COLUMN 17 PEAK WIND IN M.P.H.

PRELIMINARY LOCAL CLIMATOLOGICAL DATA (WS FORM: F-6) , PAGE 2

                                          STATION:  TYLER
                                          MONTH:    NOVEMBER
                                          YEAR:     2014
                                          LATITUDE:   32 22 N
                                          LONGITUDE:  95 24 W

[TEMPERATURE DATA]      [PRECIPITATION DATA]       SYMBOLS USED IN COLUMN 16

AVERAGE MONTHLY: 52.9   TOTAL FOR MONTH:   3.93    1 = FOG OR MIST
DPTR FM NORMAL:  -2.8   DPTR FM NORMAL:   -0.17    2 = FOG REDUCING VISIBILITY
HIGHEST:    79 ON 30    GRTST 24HR  1.73 ON 22-23      TO 1/4 MILE OR LESS
LOWEST:     25 ON 17                               3 = THUNDER
                        SNOW, ICE PELLETS, HAIL    4 = ICE PELLETS
                        TOTAL MONTH:    T          5 = HAIL
                        GRTST 24HR    T  ON 17-17  6 = FREEZING RAIN OR DRIZZLE
                        GRTST DEPTH:   0           7 = DUSTSTORM OR SANDSTORM:
                                                       VSBY 1/2 MILE OR LESS
                                                   8 = SMOKE OR HAZE
[NO. OF DAYS WITH]      [WEATHER - DAYS WITH]      9 = BLOWING SNOW
                                                   X = TORNADO
MAX 32 OR BELOW:   0    0.01 INCH OR MORE:   8
MAX 90 OR ABOVE:   0    0.10 INCH OR MORE:   5
MIN 32 OR BELOW:   4    0.50 INCH OR MORE:   2
MIN  0 OR BELOW:   0    1.00 INCH OR MORE:   2

[HDD (BASE 65) ]
TOTAL THIS MO.   367    CLEAR  (SCALE 0-3)  16
DPTR FM NORMAL    70    PTCLDY (SCALE 4-7)   8
TOTAL FM JUL 1   381    CLOUDY (SCALE 8-10)  6
DPTR FM NORMAL     7

[CDD (BASE 65) ]
TOTAL THIS MO.    11
DPTR FM NORMAL    -7    [PRESSURE DATA]
TOTAL FM JAN 1  2605    HIGHEST SLP 30.55 ON 13
DPTR FM NORMAL   194    LOWEST  SLP 29.38 ON 23

[REMARKS]
#FINAL-11-14#




U.S. Dept. of Commerce
NOAA National Weather Service
1325 East West Highway
Silver Spring, MD 20910
E-mail: w-nws.webmaster@noaa.gov
Page last modified: May 16, 2007
NATIONAL WEATHER SERVICE: for Safety, for Work, for Fun - FOR LIFE