228
CXUS54 KSHV 231300
CF6TYR
PRELIMINARY LOCAL CLIMATOLOGICAL DATA (WS FORM: F-6)

                                          STATION:   TYLER
                                          MONTH:     APRIL
                                          YEAR:      2014
                                          LATITUDE:   32 22 N
                                          LONGITUDE:  95 24 W

  TEMPERATURE IN F:       :PCPN:    SNOW:  WIND      :SUNSHINE: SKY     :PK WND
================================================================================
1   2   3   4   5  6A  6B    7    8   9   10  11  12  13   14  15   16   17  18
                                     12Z  AVG MX 2MIN
DY MAX MIN AVG DEP HDD CDD  WTR  SNW DPTH SPD SPD DIR MIN PSBL S-S WX    SPD DR
================================================================================

 1  80  63  72  12   0   7 0.00  0.0    0 10.2 18 160   M    M   7        22 180
 2  81  69  75  14   0  10    T  0.0    0 14.6 24 150   M    M  10        31 180
 3  82  71  77  16   0  12 0.00  0.0    0 16.5 29 190   M    M   7 3      38 200
 4  73  49  61   0   4   0 0.08  0.0    0 10.4 26 340   M    M   0 3      35 320
 5  58  49  54  -7  11   0 0.10  0.0    0  9.1 17 100   M    M   2 3      22  90
 6  51  47  49 -13  16   0 1.94  0.0    0  9.6 21  60   M    M  10 13     28  70
 7  59  49  54  -8  11   0 0.01  0.0    0  6.1 13 310   M    M   9 1      16 320
 8  69  47  58  -4   7   0    T  0.0    0 10.4 28 330   M    M   1        38 340
 9  77  41  59  -3   6   0 0.00  0.0    0  7.0 16 180   M    M   0        21 180
10  83  55  69   6   0   4 0.00  0.0    0 15.7 28 180   M    M   0        36 170
11  82  60  71   8   0   6 0.00  0.0    0 13.4 22 210   M    M   1        30 200
12  83  64  74  11   0   9 0.00  0.0    0 15.5 25 180   M    M   5        31 200
13  75  65  70   6   0   5    T  0.0    0 14.6 28 160   M    M   8        36 170
14  73  40  57  -7   8   0 0.33  0.0    0 11.5 23 360   M    M   8 138    31 320
15  63  34  49 -15  16   0 0.00  0.0    0  3.8 14 360   M    M   0        20  20
16  66  38  52 -12  13   0 0.00  0.0    0 10.4 21 160   M    M   0        26 120
17  71  49  60  -5   5   0 0.00  0.0    0  7.2 13  60   M    M   7        18 110
18  77  55  66   1   0   1 0.00  0.0    0  5.2 14  70   M    M   4        18  50
19  78  53  66   1   0   1 0.00  0.0    0  4.0 12 150   M    M   1        17  40
20  80  59  70   4   0   5 0.00  0.0    0  5.8 18 200   M    M   5        23 200
21  77  62  70   4   0   5 0.01  0.0    0  8.3 17 210   M    M   8 3      21 210
22  84  57  71   5   0   6 0.00  0.0    0  3.4 12  40   M    M   2 12     16  30
================================================================================
SM 1622 1176        97  71  2.47     0.0 212.7          M       95
================================================================================
AV 73.7 53.5                               9.7 FASTST   M    M   4    MAX(MPH)
                                 MISC ---->  # 29 190               # 38  200
================================================================================
NOTES:
# LAST OF SEVERAL OCCURRENCES

COLUMN 17 PEAK WIND IN M.P.H.

PRELIMINARY LOCAL CLIMATOLOGICAL DATA (WS FORM: F-6) , PAGE 2

                                          STATION:  TYLER
                                          MONTH:    APRIL
                                          YEAR:     2014
                                          LATITUDE:   32 22 N
                                          LONGITUDE:  95 24 W

[TEMPERATURE DATA]      [PRECIPITATION DATA]       SYMBOLS USED IN COLUMN 16

AVERAGE MONTHLY: 63.6   TOTAL FOR MONTH:   2.47    1 = FOG OR MIST
DPTR FM NORMAL:   0.4   DPTR FM NORMAL:    0.31    2 = FOG REDUCING VISIBILITY
HIGHEST:    84 ON 22    GRTST 24HR  2.04 ON  5- 6      TO 1/4 MILE OR LESS
LOWEST:     34 ON 15                               3 = THUNDER
                        SNOW, ICE PELLETS, HAIL    4 = ICE PELLETS
                        TOTAL MONTH:   0.0 INCH    5 = HAIL
                        GRTST 24HR     0.0         6 = FREEZING RAIN OR DRIZZLE
                        GRTST DEPTH:   0           7 = DUSTSTORM OR SANDSTORM:
                                                       VSBY 1/2 MILE OR LESS
                                                   8 = SMOKE OR HAZE
[NO. OF DAYS WITH]      [WEATHER - DAYS WITH]      9 = BLOWING SNOW
                                                   X = TORNADO
MAX 32 OR BELOW:   0    0.01 INCH OR MORE:   6
MAX 90 OR ABOVE:   0    0.10 INCH OR MORE:   3
MIN 32 OR BELOW:   0    0.50 INCH OR MORE:   1
MIN  0 OR BELOW:   0    1.00 INCH OR MORE:   1

[HDD (BASE 65) ]
TOTAL THIS MO.    97    CLEAR  (SCALE 0-3)  10
DPTR FM NORMAL     9    PTCLDY (SCALE 4-7)   8
TOTAL FM JUL 1  2510    CLOUDY (SCALE 8-10)  4
DPTR FM NORMAL   257

[CDD (BASE 65) ]
TOTAL THIS MO.    71
DPTR FM NORMAL    24    [PRESSURE DATA]
TOTAL FM JAN 1    87    HIGHEST SLP M ON M
DPTR FM NORMAL     7    LOWEST  SLP 29.67 ON 13

[REMARKS]




U.S. Dept. of Commerce
NOAA National Weather Service
1325 East West Highway
Silver Spring, MD 20910
E-mail: w-nws.webmaster@noaa.gov
Page last modified: May 16, 2007
NATIONAL WEATHER SERVICE: for Safety, for Work, for Fun - FOR LIFE