055
CXUS54 KSHV 011300
CF6TYR
PRELIMINARY LOCAL CLIMATOLOGICAL DATA (WS FORM: F-6)

                                          STATION:   TYLER
                                          MONTH:     JANUARY
                                          YEAR:      2015
                                          LATITUDE:   32 22 N
                                          LONGITUDE:  95 24 W

  TEMPERATURE IN F:       :PCPN:    SNOW:  WIND      :SUNSHINE: SKY     :PK WND
================================================================================
1   2   3   4   5  6A  6B    7    8   9   10  11  12  13   14  15   16   17  18
                                     12Z  AVG MX 2MIN
DY MAX MIN AVG DEP HDD CDD  WTR  SNW DPTH SPD SPD DIR MIN PSBL S-S WX    SPD DR
================================================================================

 1  39  36  38  -9  27   0 0.56  0.0    0  6.1 12  90   M    M  10 1      13  70
 2  43  39  41  -5  24   0 0.46  0.0    0  7.1 12  60   M    M  10 13     17  60
 3  49  40  45  -1  20   0 0.56  0.0    0  6.6 15 300   M    M   7 13     21 320
 4  42  30  36 -10  29   0 0.00  0.0    0 10.8 23 340   M    M   1        32 330
 5  49  24  37  -9  28   0 0.00  0.0    0  5.4 13  70   M    M   0        15  60
 6  62  29  46   0  19   0 0.00  0.0    0  4.0 12 170   M    M   0        13 190
 7  49  24  37  -9  28   0 0.00  0.0    0 12.7 24 360   M    M   0        32 360
 8  41  19  30 -16  35   0 0.00  0.0    0  8.1 15 170   M    M   0        19 170
 9  40  31  36 -10  29   0    T  0.0    0  6.4 16  10   M    M   8        20  10
10  40  33  37  -9  28   0 0.01  0.0    0  6.4 12  30   M    M  10        17  40
11  42  33  38  -8  27   0 0.80  0.0    0  4.0 20 110   M    M  10 1      22 100
12  44  38  41  -5  24   0    T  0.0    0  9.2 18  10   M    M   9 1      22 360
13  42  37  40  -6  25   0    T  0.0    0  7.0 14  30   M    M  10 18     16  30
14  45  31  38  -8  27   0 0.00  0.0    0  5.2 12  60   M    M   5        14  70
15  55  33  44  -2  21   0    T  0.0    0  5.2 16 360   M    M   3        20 360
16  60  29  45  -1  20   0 0.00  0.0    0  6.3 13 200   M    M   0 1      17 200
17  69  39  54   8  11   0 0.00  0.0    0 11.1 22 210   M    M   0        28 190
18  70  33  52   6  13   0 0.00  0.0    0  5.4 14 210   M    M   0        17 210
19  69  35  52   6  13   0 0.00  0.0    0  8.5 18 210   M    M   0        23 210
20  71  45  58  12   7   0 0.00  0.0    0  5.7 12  60   M    M   4 12     16  90
21  63  45  54   8  11   0 0.06    M    0  8.7 18  70   M    M   5        22  70
22  50  40  45  -1  20   0 1.62    M    0 15.4 25  40   M    M  10 1      33  50
23  53  38  46   0  19   0 0.01    M    0  9.7 18 320   M    M   5 1      24 350
24  58  34  46  -1  19   0 0.00  0.0    0  6.5 12 270   M    M   0        15 240
25  66  43  55   8  10   0 0.00  0.0    0 12.1 26 310   M    M   0        34 310
26  68  36  52   5  13   0 0.00  0.0    0  6.4 14 250   M    M   0        18 250
27  79  42  61  14   4   0 0.00  0.0    0  3.2  9 130   M    M   0        10 220
28  80  47  64  17   1   0 0.00  0.0    0 11.8 20 180   M    M   0        24 200
29  74  49  62  15   3   0 0.00  0.0    0 11.5 23 360   M    M   0        31 350
30  60  40  50   3  15   0 0.00  0.0    0  8.9 17  80   M    M   0        23  70
31  58  43  51   3  14   0 0.03  0.0    0 11.1 22 150   M    M   4        27 140
================================================================================
SM 1730 1115       584   0  4.11     0.0 246.5          M      111
================================================================================
AV 55.8 36.0                               8.0 FASTST   M    M   4    MAX(MPH)
                                 MISC ---->  # 26 310               # 34  310
================================================================================
NOTES:
# LAST OF SEVERAL OCCURRENCES

COLUMN 17 PEAK WIND IN M.P.H.

PRELIMINARY LOCAL CLIMATOLOGICAL DATA (WS FORM: F-6) , PAGE 2

                                          STATION:  TYLER
                                          MONTH:    JANUARY
                                          YEAR:     2015
                                          LATITUDE:   32 22 N
                                          LONGITUDE:  95 24 W

[TEMPERATURE DATA]      [PRECIPITATION DATA]       SYMBOLS USED IN COLUMN 16

AVERAGE MONTHLY: 45.9   TOTAL FOR MONTH:   4.11    1 = FOG OR MIST
DPTR FM NORMAL:  -0.6   DPTR FM NORMAL:    1.05    2 = FOG REDUCING VISIBILITY
HIGHEST:    80 ON 28    GRTST 24HR  1.65 ON 21-22      TO 1/4 MILE OR LESS
LOWEST:     19 ON  8                               3 = THUNDER
                        SNOW, ICE PELLETS, HAIL    4 = ICE PELLETS
                        TOTAL MONTH:   0.0 INCH    5 = HAIL
                        GRTST 24HR     0.0         6 = FREEZING RAIN OR DRIZZLE
                        GRTST DEPTH:   0           7 = DUSTSTORM OR SANDSTORM:
                                                       VSBY 1/2 MILE OR LESS
                                                   8 = SMOKE OR HAZE
[NO. OF DAYS WITH]      [WEATHER - DAYS WITH]      9 = BLOWING SNOW
                                                   X = TORNADO
MAX 32 OR BELOW:   0    0.01 INCH OR MORE:   9
MAX 90 OR ABOVE:   0    0.10 INCH OR MORE:   5
MIN 32 OR BELOW:   8    0.50 INCH OR MORE:   4
MIN  0 OR BELOW:   0    1.00 INCH OR MORE:   1

[HDD (BASE 65) ]
TOTAL THIS MO.   584    CLEAR  (SCALE 0-3)  16
DPTR FM NORMAL     7    PTCLDY (SCALE 4-7)   8
TOTAL FM JUL 1  1382    CLOUDY (SCALE 8-10)  7
DPTR FM NORMAL   -96

[CDD (BASE 65) ]
TOTAL THIS MO.     0
DPTR FM NORMAL    -4    [PRESSURE DATA]
TOTAL FM JAN 1     0    HIGHEST SLP 30.82 ON  7
DPTR FM NORMAL     0    LOWEST  SLP 29.82 ON  3

[REMARKS]
#FINAL-01-15#




U.S. Dept. of Commerce
NOAA National Weather Service
1325 East West Highway
Silver Spring, MD 20910
E-mail: w-nws.webmaster@noaa.gov
Page last modified: May 16, 2007
NATIONAL WEATHER SERVICE: for Safety, for Work, for Fun - FOR LIFE