795
CXUS54 KSHV 011300
CF6TXK
PRELIMINARY LOCAL CLIMATOLOGICAL DATA (WS FORM: F-6)

                                          STATION:   TEXARKANA
                                          MONTH:     NOVEMBER
                                          YEAR:      2014
                                          LATITUDE:   33 27 N
                                          LONGITUDE:  94  0 W

  TEMPERATURE IN F:       :PCPN:    SNOW:  WIND      :SUNSHINE: SKY     :PK WND
================================================================================
1   2   3   4   5  6A  6B    7    8   9   10  11  12  13   14  15   16   17  18
                                     12Z  AVG MX 2MIN
DY MAX MIN AVG DEP HDD CDD  WTR  SNW DPTH SPD SPD DIR MIN PSBL S-S WX    SPD DR
================================================================================

 1  57  32  45 -15  20   0 0.00  0.0    0  4.4 12  20   M    M   0        17  50
 2  64  33  49 -10  16   0 0.00  0.0    0  6.6 15 150   M    M   0        17 150
 3  74  40  57  -2   8   0 0.00  0.0    0  9.3 16 150   M    M   0        22 170
 4  75  58  67   9   0   2 0.40  0.0    0  9.0 18 200   M    M   8 1      26 200
 5  58  55  57  -1   8   0 1.11  0.0    0  5.4 12  50   M    M   7 12     16  20
 6  72  42  57  -1   8   0 0.00  0.0    0  6.4 16 330   M    M   4 12     20 330
 7  61  35  48  -9  17   0 0.00  0.0    0  3.4 10 140   M    M   0        14 140
 8  67  40  54  -3  11   0 0.00  0.0    0  4.1 13 340   M    M   0        17 320
 9  67  38  53  -4  12   0 0.00  0.0    0  4.5 13 230   M    M   0        16 260
10  75  47  61   5   4   0 0.00  0.0    0 12.9 24 200   M    M   0        31 220
11  63  36  50  -6  15   0    T  0.0    0  9.1 20 300   M    M   6 1      24 290
12  50  32  41 -15  24   0 0.00  0.0    0  9.0 16  30   M    M   0        22  30
13  39  28  34 -21  31   0    T    T    0  7.6 16 350   M    M   6 4      24 340
14  42  23  33 -22  32   0 0.00  0.0    0  3.5 13  60   M    M   0        18  50
15  41  26  34 -20  31   0 0.06  0.0    0  4.8 13 160   M    M   8 1      17 150
16  40  34  37 -17  28   0 0.12  0.0    0  9.4 17 310   M    M  10 1      23 320
17  43  25  34 -20  31   0    T    T    0 10.0 21 300   M    M   2 1      26 300
18  49  19  34 -19  31   0 0.00  0.0    0  6.7 15 230   M    M   0        18 230
19  62  32  47  -6  18   0 0.00  0.0    0 10.3 23 230   M    M   0        31 230
20  56  37  47  -5  18   0    T  0.0    0  3.8  9  70   M    M   5 128    13  70
21  58  49  54   2  11   0 0.77  0.0    0  6.2 15 160   M    M  10 1      22 170
22  71  54  63  11   2   0 0.43  0.0    0  9.2 17 150   M    M   6 1      22 140
23  71  54  63  12   2   0 0.23  0.0    0 11.9 24 240   M    M   5 1      34 250
24  61  38  50  -1  15   0 0.00  0.0    0  9.4 23 280   M    M   2        36 310
25  59  33  46  -5  19   0 0.00  0.0    0  3.3  9 290   M    M   0        12 340
26  65  37  51   1  14   0 0.00  0.0    0 10.0 18 290   M    M   0        27 250
27  53  37  45  -5  20   0 0.00  0.0    0  6.2 14 310   M    M   0        20 310
28  64  33  49  -1  16   0 0.00  0.0    0  9.4 16 180   M    M   0        21 190
29  76  53  65  16   0   0 0.00  0.0    0 14.7 26 210   M    M   3        33 220
30  77  62  70  21   0   5    T  0.0    0 12.4 25 210   M    M   5        32 210
================================================================================
SM 1810 1162       462   7  3.12    T    232.9          M       87
================================================================================
AV 60.3 38.7                               7.8 FASTST   M    M   3    MAX(MPH)
                                 MISC ---->  # 26 210               # 36  310
================================================================================
NOTES:
# LAST OF SEVERAL OCCURRENCES

COLUMN 17 PEAK WIND IN M.P.H.

PRELIMINARY LOCAL CLIMATOLOGICAL DATA (WS FORM: F-6) , PAGE 2

                                          STATION:  TEXARKANA
                                          MONTH:    NOVEMBER
                                          YEAR:     2014
                                          LATITUDE:   33 27 N
                                          LONGITUDE:  94  0 W

[TEMPERATURE DATA]      [PRECIPITATION DATA]       SYMBOLS USED IN COLUMN 16

AVERAGE MONTHLY: 49.5   TOTAL FOR MONTH:   3.12    1 = FOG OR MIST
DPTR FM NORMAL:  -4.7   DPTR FM NORMAL:   -1.70    2 = FOG REDUCING VISIBILITY
HIGHEST:    77 ON 30    GRTST 24HR  1.22 ON  4- 5      TO 1/4 MILE OR LESS
LOWEST:     19 ON 18                               3 = THUNDER
                        SNOW, ICE PELLETS, HAIL    4 = ICE PELLETS
                        TOTAL MONTH:    T          5 = HAIL
                        GRTST 24HR    T  ON 17-17  6 = FREEZING RAIN OR DRIZZLE
                        GRTST DEPTH:   0           7 = DUSTSTORM OR SANDSTORM:
                                                       VSBY 1/2 MILE OR LESS
                                                   8 = SMOKE OR HAZE
[NO. OF DAYS WITH]      [WEATHER - DAYS WITH]      9 = BLOWING SNOW
                                                   X = TORNADO
MAX 32 OR BELOW:   0    0.01 INCH OR MORE:   7
MAX 90 OR ABOVE:   0    0.10 INCH OR MORE:   6
MIN 32 OR BELOW:   8    0.50 INCH OR MORE:   2
MIN  0 OR BELOW:   0    1.00 INCH OR MORE:   1

[HDD (BASE 65) ]
TOTAL THIS MO.   462    CLEAR  (SCALE 0-3)  18
DPTR FM NORMAL   122    PTCLDY (SCALE 4-7)   8
TOTAL FM JUL 1   510    CLOUDY (SCALE 8-10)  4
DPTR FM NORMAL    52

[CDD (BASE 65) ]
TOTAL THIS MO.     7
DPTR FM NORMAL    -9    [PRESSURE DATA]
TOTAL FM JAN 1  2133    HIGHEST SLP 30.56 ON 27
DPTR FM NORMAL   -71    LOWEST  SLP 29.34 ON 23

[REMARKS]
#FINAL-11-14#




U.S. Dept. of Commerce
NOAA National Weather Service
1325 East West Highway
Silver Spring, MD 20910
E-mail: w-nws.webmaster@noaa.gov
Page last modified: May 16, 2007
NATIONAL WEATHER SERVICE: for Safety, for Work, for Fun - FOR LIFE