045
CXUS54 KSHV 011300
CF6TXK
PRELIMINARY LOCAL CLIMATOLOGICAL DATA (WS FORM: F-6)

                                          STATION:   TEXARKANA
                                          MONTH:     AUGUST
                                          YEAR:      2014
                                          LATITUDE:   33 27 N
                                          LONGITUDE:  94  0 W

  TEMPERATURE IN F:       :PCPN:    SNOW:  WIND      :SUNSHINE: SKY     :PK WND
================================================================================
1   2   3   4   5  6A  6B    7    8   9   10  11  12  13   14  15   16   17  18
                                     12Z  AVG MX 2MIN
DY MAX MIN AVG DEP HDD CDD  WTR  SNW DPTH SPD SPD DIR MIN PSBL S-S WX    SPD DR
================================================================================

 1  73  65  69 -14   0   4 0.06  0.0    0  5.8 12  40   M    M  10 1      15  40
 2  84  69  77  -6   0  12    T  0.0    0  4.8 15  30   M    M   7 1      21  40
 3  88  70  79  -4   0  14 0.00  0.0    0  4.2 16  40   M    M   5 18     21  60
 4  90  68  79  -4   0  14 0.00  0.0    0  4.0 12  50   M    M   1 18     16  70
 5  92  69  81  -2   0  16 0.00  0.0    0  1.0  7  40   M    M   1 18     10  60
 6  93  75  84   1   0  19 0.00  0.0    0  6.0 13  60   M    M   1 18     16  70
 7  92  76  84   1   0  19 0.00  0.0    0  7.4 16 180   M    M   2 1      21 170
 8  95  71  83   0   0  18 1.23  0.0    0  7.8 23  40   M    M   4 13     31  50
 9  83  71  77  -6   0  12 0.01  0.0    0  3.3 10 240   M    M   2 13     13 240
10  92  72  82  -1   0  17 0.00  0.0    0  3.6 10 180   M    M   1 13     13 200
11  92  77  85   2   0  20 0.00  0.0    0  6.3 16 320   M    M   2        21 320
12  87  68  78  -5   0  13 0.00  0.0    0  4.9 14  20   M    M   0        20  10
13  88  65  77  -6   0  12 0.00  0.0    0  2.6  8  40   M    M   0        12  40
14  90  66  78  -5   0  13 0.00  0.0    0  3.4  8 190   M    M   0        12  30
15  89  64  77  -5   0  12 0.00  0.0    0  4.2  9 130   M    M   1        13 200
16  97  73  85   3   0  20 0.00  0.0    0  7.6 16 240   M    M   1 3      20 200
17  93  77  85   3   0  20 0.00  0.0    0  7.1 17 240   M    M   3        22 260
18  94  70  82   0   0  17 0.75  0.0    0  7.1 25 210   M    M   2 138    36  10
19  92  70  81  -1   0  16    T  0.0    0  4.6 16 210   M    M   1 3      23 220
20  94  71  83   1   0  18 0.00  0.0    0  6.2 14 220   M    M   1        17 200
21  94  73  84   2   0  19 0.00  0.0    0  7.4 17 220   M    M   2 1      22 230
22  96  75  86   4   0  21 0.00  0.0    0  7.6 15 220   M    M   0        20 220
23  97  74  86   4   0  21 0.00  0.0    0  4.8 10 190   M    M   0 8      14 230
24  97  74  86   5   0  21 0.00  0.0    0  3.1 10 250   M    M   1        14 250
25  96  72  84   3   0  19 0.00  0.0    0  3.0 10 350   M    M   1        15  20
26  94  71  83   2   0  18    T  0.0    0  4.2 21  50   M    M   1 1      28  70
27  92  70  81   0   0  16 0.00  0.0    0  3.2 13  20   M    M   1 1      18  50
28  94  67  81   1   0  16 0.28  0.0    0  2.4 22 140   M    M   3 13     28 140
29  93  73  83   3   0  18    T  0.0    0  4.7 15 160   M    M   4 1      18 170
30  90  73  82   2   0  17 0.00  0.0    0  4.8 14 120   M    M   5        23 120
31  93  73  83   3   0  18 0.00  0.0    0  8.7 17 180   M    M   4        24 210
================================================================================
SM 2834 2202         0 510  2.33     0.0 155.8          M       67
================================================================================
AV 91.4 71.0                               5.0 FASTST   M    M   2    MAX(MPH)
                                 MISC ---->  # 25 210               # 36   10
================================================================================
NOTES:
# LAST OF SEVERAL OCCURRENCES

COLUMN 17 PEAK WIND IN M.P.H.

PRELIMINARY LOCAL CLIMATOLOGICAL DATA (WS FORM: F-6) , PAGE 2

                                          STATION:  TEXARKANA
                                          MONTH:    AUGUST
                                          YEAR:     2014
                                          LATITUDE:   33 27 N
                                          LONGITUDE:  94  0 W

[TEMPERATURE DATA]      [PRECIPITATION DATA]       SYMBOLS USED IN COLUMN 16

AVERAGE MONTHLY: 81.2   TOTAL FOR MONTH:   2.33    1 = FOG OR MIST
DPTR FM NORMAL:  -0.8   DPTR FM NORMAL:   -0.58    2 = FOG REDUCING VISIBILITY
HIGHEST:    97 ON 24,23 GRTST 24HR  1.24 ON  8- 9      TO 1/4 MILE OR LESS
LOWEST:     64 ON 15                               3 = THUNDER
                        SNOW, ICE PELLETS, HAIL    4 = ICE PELLETS
                        TOTAL MONTH:   0.0 INCH    5 = HAIL
                        GRTST 24HR     0.0         6 = FREEZING RAIN OR DRIZZLE
                        GRTST DEPTH:   0           7 = DUSTSTORM OR SANDSTORM:
                                                       VSBY 1/2 MILE OR LESS
                                                   8 = SMOKE OR HAZE
[NO. OF DAYS WITH]      [WEATHER - DAYS WITH]      9 = BLOWING SNOW
                                                   X = TORNADO
MAX 32 OR BELOW:   0    0.01 INCH OR MORE:   5
MAX 90 OR ABOVE:  24    0.10 INCH OR MORE:   3
MIN 32 OR BELOW:   0    0.50 INCH OR MORE:   2
MIN  0 OR BELOW:   0    1.00 INCH OR MORE:   1

[HDD (BASE 65) ]
TOTAL THIS MO.     0    CLEAR  (SCALE 0-3)  23
DPTR FM NORMAL     0    PTCLDY (SCALE 4-7)   7
TOTAL FM JUL 1     0    CLOUDY (SCALE 8-10)  1
DPTR FM NORMAL     0

[CDD (BASE 65) ]
TOTAL THIS MO.   510
DPTR FM NORMAL   -18    [PRESSURE DATA]
TOTAL FM JAN 1  1651    HIGHEST SLP 30.10 ON 13
DPTR FM NORMAL  -137    LOWEST  SLP 29.83 ON  7

[REMARKS]
#FINAL-08-14#




U.S. Dept. of Commerce
NOAA National Weather Service
1325 East West Highway
Silver Spring, MD 20910
E-mail: w-nws.webmaster@noaa.gov
Page last modified: May 16, 2007
NATIONAL WEATHER SERVICE: for Safety, for Work, for Fun - FOR LIFE