210
CXUS55 KBOI 271002
CF6TWF
PRELIMINARY LOCAL CLIMATOLOGICAL DATA (WS FORM: F-6)

                                          STATION:   TWIN FALLS ID
                                          MONTH:     JANUARY
                                          YEAR:      2015
                                          LATITUDE:   42 28 N
                                          LONGITUDE: 114 29 W

  TEMPERATURE IN F:       :PCPN:    SNOW:  WIND      :SUNSHINE: SKY     :PK WND
================================================================================
1   2   3   4   5  6A  6B    7    8   9   10  11  12  13   14  15   16   17  18
                                     12Z  AVG MX 2MIN
DY MAX MIN AVG DEP HDD CDD  WTR  SNW DPTH SPD SPD DIR MIN PSBL S-S WX    SPD DR
================================================================================

 1  16   0   8 -20  57   0    T    M    M  4.8 10 190   M    M   4 8      13 180
 2  19  -1   9 -20  56   0 0.00    M    M  2.6  9 350   M    M   2        11 340
 3  22  13  18 -11  47   0 0.00    M    M  5.7 13 270   M    M   4 8      14 270
 4  43  19  31   2  34   0    T    M    M  6.7 17 210   M    M   9 8      23 210
 5  48  39  44  15  21   0    T    M    M 11.6 17 220   M    M   8        23 230
 6  49  33  41  12  24   0 0.00    M    M  6.3 14 180   M    M   0 1      17 210
 7  47  31  39  10  26   0 0.00    M    M  7.7 13 220   M    M   0 1      14 100
 8  36  27  32   3  33   0 0.00    M    M  3.4  8  60   M    M   7 128     9 170
 9  35  25  30   1  35   0 0.00    M    M  3.8 14  70   M    M   6 128    18  60
10  35  31  33   4  32   0    T    M    M  1.3  7  90   M    M  10 1268    9 100
11  40  32  36   7  29   0 0.01    M    M  3.2 13 170   M    M   8 1248   16 170
12  34  32  33   4  32   0 0.37    M    M 11.6 18 260   M    M  10 126    22 260
13  34  19  27  -3  38   0    T    M    M  9.9 18 250   M    M   7 1      22 240
14  29  16  23  -7  42   0 0.00    M    M  6.7 13  50   M    M  10 128    16  50
15  32  21  27  -3  38   0 0.00    M    M  5.2 18 140   M    M   5 128    21 130
16  41  29  35   5  30   0 0.27    M    M  8.9 17 190   M    M   8 18     24 200
17  39  24  32   2  33   0 0.04    M    M  6.5 15 320   M    M   4 18     19 320
18  57  34  46  16  19   0 0.04    M    M  8.6 17 180   M    M   7 18     22 180
19  46  32  39   9  26   0 0.00    M    M 11.8 18 280   M    M   5        24 220
20  37  25  31   1  34   0 0.00    M    M  7.3 14 200   M    M   2        19 220
21  36  21  29  -1  36   0 0.00    M    M  3.9  9 350   M    M   2 8      12 340
22  37  20  29  -1  36   0 0.00    M    M  5.5 10  50   M    M   0 18     14  50
23  35  23  29  -1  36   0 0.00    M    M  4.0 12 240   M    M   9 128    15 240
24  47  28  38   8  27   0 0.00    M    M  4.2 12 340   M    M   8 128    14 340
25  49  29  39   9  26   0 0.00    M    M  5.1 16  70   M    M   1 128    19  70
26  50  31  41  11  24   0 0.00    M    M 10.6 17  70   M    M   6 12     21  70
================================================================================
SM  993  633       871   0  0.73    M    166.9          M      142
================================================================================
AV 38.2 24.3                               6.4 FASTST   M    M   5    MAX(MPH)
                                 MISC ---->  # 18 260               # 24  200
================================================================================
NOTES:
# LAST OF SEVERAL OCCURRENCES

COLUMN 17 PEAK WIND IN M.P.H.

PRELIMINARY LOCAL CLIMATOLOGICAL DATA (WS FORM: F-6) , PAGE 2

                                          STATION:  TWIN FALLS ID
                                          MONTH:    JANUARY
                                          YEAR:     2015
                                          LATITUDE:   42 28 N
                                          LONGITUDE: 114 29 W

[TEMPERATURE DATA]      [PRECIPITATION DATA]       SYMBOLS USED IN COLUMN 16

AVERAGE MONTHLY: 31.3   TOTAL FOR MONTH:   0.73    1 = FOG OR MIST
DPTR FM NORMAL:   1.8   DPTR FM NORMAL:   -0.12    2 = FOG REDUCING VISIBILITY
HIGHEST:    57 ON 18    GRTST 24HR  0.37 ON 12-12      TO 1/4 MILE OR LESS
LOWEST:     -1 ON  2                               3 = THUNDER
                        SNOW, ICE PELLETS, HAIL    4 = ICE PELLETS
                        TOTAL MONTH:    M          5 = HAIL
                        GRTST 24HR    M  ON   M    6 = FREEZING RAIN OR DRIZZLE
                        GRTST DEPTH:  M  ON   M    7 = DUSTSTORM OR SANDSTORM:
                                                       VSBY 1/2 MILE OR LESS
                                                   8 = SMOKE OR HAZE
[NO. OF DAYS WITH]      [WEATHER - DAYS WITH]      9 = BLOWING SNOW
                                                   X = TORNADO
MAX 32 OR BELOW:   5    0.01 INCH OR MORE:   5
MAX 90 OR ABOVE:   0    0.10 INCH OR MORE:   2
MIN 32 OR BELOW:  23    0.50 INCH OR MORE:   0
MIN  0 OR BELOW:   2    1.00 INCH OR MORE:   0

[HDD (BASE 65) ]
TOTAL THIS MO.   871    CLEAR  (SCALE 0-3)   7
DPTR FM NORMAL   -53    PTCLDY (SCALE 4-7)  11
TOTAL FM JUL 1  2944    CLOUDY (SCALE 8-10)  8
DPTR FM NORMAL  -547

[CDD (BASE 65) ]
TOTAL THIS MO.     0
DPTR FM NORMAL     0    [PRESSURE DATA]
TOTAL FM JAN 1     0    HIGHEST SLP M ON M
DPTR FM NORMAL     0    LOWEST  SLP 30.09 ON 18

[REMARKS]




U.S. Dept. of Commerce
NOAA National Weather Service
1325 East West Highway
Silver Spring, MD 20910
E-mail: w-nws.webmaster@noaa.gov
Page last modified: May 16, 2007
NATIONAL WEATHER SERVICE: for Safety, for Work, for Fun - FOR LIFE