000
CXUS55 KBOI 271002
CF6TWF
PRELIMINARY LOCAL CLIMATOLOGICAL DATA (WS FORM: F-6)

                                          STATION:   TWIN FALLS ID
                                          MONTH:     AUGUST
                                          YEAR:      2014
                                          LATITUDE:   42 28 N
                                          LONGITUDE: 114 29 W

  TEMPERATURE IN F:       :PCPN:    SNOW:  WIND      :SUNSHINE: SKY     :PK WND
================================================================================
1   2   3   4   5  6A  6B    7    8   9   10  11  12  13   14  15   16   17  18
                                     12Z  AVG MX 2MIN
DY MAX MIN AVG DEP HDD CDD  WTR  SNW DPTH SPD SPD DIR MIN PSBL S-S WX    SPD DR
================================================================================

 1  95  58  77   2   0  12 0.00    M    M  6.3 13  80   M    M   0        19  70
 2  95  67  81   6   0  16 0.00    M    M 10.2 18  60   M    M   1        23 100
 3  98  62  80   5   0  15 0.00    M    M  8.7 20 200   M    M   1 8      25 190
 4  80  66  73  -1   0   8 0.01    M    M 10.4 22  30   M    M   7        26  30
 5  73  63  68  -6   0   3 1.70    M    M  6.4 15 230   M    M   9 138    19 300
 6  65  61  63 -11   2   0 2.00    M    M 10.1 21 300   M    M  10 1      26 290
 7  79  61  70  -4   0   5    T    M    M  5.6 13  30   M    M   7 8      15  30
 8  85  60  73  -1   0   8    T    M    M  6.6 24 150   M    M   0        32 180
 9  84  56  70  -4   0   5 0.00    M    M  6.7 21 200   M    M   1        28 210
10  92  64  78   4   0  13    T    M    M  9.0 25 170   M    M   0        34 160
11  95  60  78   5   0  13 0.00    M    M  7.9 16 190   M    M   0        22 220
12  94  67  81   8   0  16 0.04    M    M 10.9 24 140   M    M   4 3      31 140
13  86  61  74   1   0   9 0.44    M    M  7.8 23 110   M    M   3 3      27 110
14  82  57  70  -3   0   5 0.00    M    M  4.7 13 100   M    M   0        17 100
15  84  61  73   1   0   8 0.00    M    M  8.3 14 210   M    M   0        19 210
16  86  61  74   2   0   9 0.00    M    M  8.2 14 200   M    M   0 8      18 190
17  89  61  75   3   0  10 0.00    M    M  7.4 14 180   M    M   0        17 180
18  88  60  74   2   0   9    T    M    M  7.4 31 160   M    M   0 3      42 160
19  89  60  75   3   0  10    T    M    M  9.6 30 170   M    M   0        42 190
20  82  52  67  -4   0   2 0.10    M    M  7.5 21 150   M    M   1 38     24 150
21  79  60  70  -1   0   5 0.38    M    M  7.8 24 200   M    M   5 3      32 190
22  72  47  60 -11   5   0 0.80    M    M  8.6 28 320   M    M   4 13     35 340
23  72  50  61  -9   4   0 0.00    M    M 13.5 22 280   M    M   4        30 250
24  75  49  62  -8   3   0 0.03    M    M  6.8 14 290   M    M   1 3      17 280
25  71  54  63  -7   2   0 0.05    M    M  9.2 21  60   M    M   3 3      25  60
26  77  52  65  -5   0   0 0.00    M    M  6.1 15 140   M    M   0        19 160
================================================================================
SM 2167 1530        16 181  5.55    M    211.7          M       61
================================================================================
AV 83.3 58.8                               8.1 FASTST   M    M   2    MAX(MPH)
                                 MISC ---->  # 31 160               # 42  160
================================================================================
NOTES:
# LAST OF SEVERAL OCCURRENCES

COLUMN 17 PEAK WIND IN M.P.H.

PRELIMINARY LOCAL CLIMATOLOGICAL DATA (WS FORM: F-6) , PAGE 2

                                          STATION:  TWIN FALLS ID
                                          MONTH:    AUGUST
                                          YEAR:     2014
                                          LATITUDE:   42 28 N
                                          LONGITUDE: 114 29 W

[TEMPERATURE DATA]      [PRECIPITATION DATA]       SYMBOLS USED IN COLUMN 16

AVERAGE MONTHLY: 71.1   TOTAL FOR MONTH:   5.55    1 = FOG OR MIST
DPTR FM NORMAL:  -1.5   DPTR FM NORMAL:    5.30    2 = FOG REDUCING VISIBILITY
HIGHEST:    98 ON  3    GRTST 24HR  2.78 ON  5- 6      TO 1/4 MILE OR LESS
LOWEST:     47 ON 22                               3 = THUNDER
                        SNOW, ICE PELLETS, HAIL    4 = ICE PELLETS
                        TOTAL MONTH:    M          5 = HAIL
                        GRTST 24HR    M  ON   M    6 = FREEZING RAIN OR DRIZZLE
                        GRTST DEPTH:  M  ON   M    7 = DUSTSTORM OR SANDSTORM:
                                                       VSBY 1/2 MILE OR LESS
                                                   8 = SMOKE OR HAZE
[NO. OF DAYS WITH]      [WEATHER - DAYS WITH]      9 = BLOWING SNOW
                                                   X = TORNADO
MAX 32 OR BELOW:   0    0.01 INCH OR MORE:  10
MAX 90 OR ABOVE:   6    0.10 INCH OR MORE:   6
MIN 32 OR BELOW:   0    0.50 INCH OR MORE:   3
MIN  0 OR BELOW:   0    1.00 INCH OR MORE:   2

[HDD (BASE 65) ]
TOTAL THIS MO.    16    CLEAR  (SCALE 0-3)  18
DPTR FM NORMAL    12    PTCLDY (SCALE 4-7)   6
TOTAL FM JUL 1    16    CLOUDY (SCALE 8-10)  2
DPTR FM NORMAL     6

[CDD (BASE 65) ]
TOTAL THIS MO.   181
DPTR FM NORMAL   -26    [PRESSURE DATA]
TOTAL FM JAN 1   735    HIGHEST SLP M ON M
DPTR FM NORMAL   142    LOWEST  SLP 29.56 ON 19

[REMARKS]




U.S. Dept. of Commerce
NOAA National Weather Service
1325 East West Highway
Silver Spring, MD 20910
E-mail: w-nws.webmaster@noaa.gov
Page last modified: May 16, 2007
NATIONAL WEATHER SERVICE: for Safety, for Work, for Fun - FOR LIFE