749
CXUS54 KJAN 270800
CF6TVR
PRELIMINARY LOCAL CLIMATOLOGICAL DATA (WS FORM: F-6)

                                          STATION:   VICKSBURG
                                          MONTH:     NOVEMBER
                                          YEAR:      2014
                                          LATITUDE:   32 20 N
                                          LONGITUDE:  91  2 W

  TEMPERATURE IN F:       :PCPN:    SNOW:  WIND      :SUNSHINE: SKY     :PK WND
================================================================================
1   2   3   4   5  6A  6B    7    8   9   10  11  12  13   14  15   16   17  18
                                     12Z  AVG MX 2MIN
DY MAX MIN AVG DEP HDD CDD  WTR  SNW DPTH SPD SPD DIR MIN PSBL S-S WX    SPD DR
================================================================================

 1  57  31  44 -16  21   0 0.00  0.0    0  8.8 21  20   M    M   0        26  30
 2  64  29  47 -13  18   0 0.00  0.0    0  2.7 14 110   M    M   0 8      17 120
 3  72  37  55  -5  10   0 0.00  0.0    0  4.9 15 170   M    M   0        19 150
 4  80  50  65   6   0   0 0.00  0.0    0  9.0 20 170   M    M   3        25 180
 5  74  63  69  10   0   4 0.22  0.0    0  5.7 14 170   M    M   3 1      17 170
 6  66  50  58  -1   7   0 0.02  0.0    0  6.1 15  20   M    M   4 1      20  20
 7  60  33  47 -11  18   0 0.00  0.0    0  5.1 16  10   M    M   0        19  30
 8  68  30  49  -9  16   0 0.00  0.0    0  3.1 10 170   M    M   1 12     12 300
 9  68  32  50  -8  15   0 0.00  0.0    0  1.1  8 360   M    M   0 12     11 340
10  77  35  56  -1   9   0 0.00  0.0    0  7.6 22 180   M    M   0 12     26 170
11  78  46  62   5   3   0 0.01  0.0    0 10.0 22  20   M    M   8 1      27  20
12  47  38  43 -14  22   0 0.00  0.0    0 14.4 22  10   M    M   9        26  10
13  44  29  37 -19  28   0 0.00  0.0    0 13.2 22  10   M    M   5        28  10
14  44  25  35 -21  30   0 0.00  0.0    0  9.2 17 360   M    M   0        22  50
15  52  24  38 -18  27   0 0.00  0.0    0  4.2 10 140   M    M   5        15 140
16  52  41  47  -8  18   0 3.23  0.0    0  7.4 15 360   M    M  10 13     20 360
17  46  32  39 -16  26   0 0.12  0.0    0  9.2 20 320   M    M   4 1      29 330
18  43  25  34 -21  31   0 0.00  0.0    0  4.2 13  20   M    M   0        17 360
19  59  23  41 -13  24   0 0.00  0.0    0  4.4 14 180   M    M   0        22 220
20  67  38  53  -1  12   0 0.00  0.0    0  2.9  8 120   M    M   5        12 240
21  72  43  58   4   7   0 0.00  0.0    0  6.4 17 160   M    M   7        21 160
22  71  52  62   8   3   0    T  0.0    0  8.9 17 140   M    M   3        22 140
23  70  61  66  13   0   1 0.21  0.0    0 11.8 26 110   M    M   6 1      36 110
24  64  34  49  -4  16   0 0.00  0.0    0  5.7 20 290   M    M   0 8      26 290
25  52  28  40 -13  25   0 0.00  0.0    0  3.5 14  10   M    M   0 1      18  10
26  68  28  48  -4  17   0 0.00  0.0    0  5.5 16 220   M    M   0 1      27 220
================================================================================
SM 1615  957       403   5  3.81     0.0 175.0          M       73
================================================================================
AV 62.1 36.8                               6.7 FASTST   M    M   3    MAX(MPH)
                                 MISC ---->  # 26 110               # 36  110
================================================================================
NOTES:
# LAST OF SEVERAL OCCURRENCES

COLUMN 17 PEAK WIND IN M.P.H.

PRELIMINARY LOCAL CLIMATOLOGICAL DATA (WS FORM: F-6) , PAGE 2

                                          STATION:  VICKSBURG
                                          MONTH:    NOVEMBER
                                          YEAR:     2014
                                          LATITUDE:   32 20 N
                                          LONGITUDE:  91  2 W

[TEMPERATURE DATA]      [PRECIPITATION DATA]       SYMBOLS USED IN COLUMN 16

AVERAGE MONTHLY: 49.5   TOTAL FOR MONTH:   3.81    1 = FOG OR MIST
DPTR FM NORMAL:  -6.8   DPTR FM NORMAL:   -0.32    2 = FOG REDUCING VISIBILITY
HIGHEST:    80 ON  4    GRTST 24HR  3.35 ON 16-17      TO 1/4 MILE OR LESS
LOWEST:     23 ON 19                               3 = THUNDER
                        SNOW, ICE PELLETS, HAIL    4 = ICE PELLETS
                        TOTAL MONTH:   0.0 INCH    5 = HAIL
                        GRTST 24HR     0.0         6 = FREEZING RAIN OR DRIZZLE
                        GRTST DEPTH:   0           7 = DUSTSTORM OR SANDSTORM:
                                                       VSBY 1/2 MILE OR LESS
                                                   8 = SMOKE OR HAZE
[NO. OF DAYS WITH]      [WEATHER - DAYS WITH]      9 = BLOWING SNOW
                                                   X = TORNADO
MAX 32 OR BELOW:   0    0.01 INCH OR MORE:   6
MAX 90 OR ABOVE:   0    0.10 INCH OR MORE:   4
MIN 32 OR BELOW:  12    0.50 INCH OR MORE:   1
MIN  0 OR BELOW:   0    1.00 INCH OR MORE:   1

[HDD (BASE 65) ]
TOTAL THIS MO.   403    CLEAR  (SCALE 0-3)  15
DPTR FM NORMAL   158    PTCLDY (SCALE 4-7)   9
TOTAL FM JUL 1   486    CLOUDY (SCALE 8-10)  2
DPTR FM NORMAL   139

[CDD (BASE 65) ]
TOTAL THIS MO.     5
DPTR FM NORMAL    -7    [PRESSURE DATA]
TOTAL FM JAN 1  2187    HIGHEST SLP M ON M
DPTR FM NORMAL   -34    LOWEST  SLP 29.47 ON 23

[REMARKS]




U.S. Dept. of Commerce
NOAA National Weather Service
1325 East West Highway
Silver Spring, MD 20910
E-mail: w-nws.webmaster@noaa.gov
Page last modified: May 16, 2007
NATIONAL WEATHER SERVICE: for Safety, for Work, for Fun - FOR LIFE