282
CXUS54 KJAN 281200
CF6TVR
PRELIMINARY LOCAL CLIMATOLOGICAL DATA (WS FORM: F-6)

                                          STATION:   VICKSBURG
                                          MONTH:     JULY
                                          YEAR:      2014
                                          LATITUDE:   32 20 N
                                          LONGITUDE:  91  2 W

  TEMPERATURE IN F:       :PCPN:    SNOW:  WIND      :SUNSHINE: SKY     :PK WND
================================================================================
1   2   3   4   5  6A  6B    7    8   9   10  11  12  13   14  15   16   17  18
                                     12Z  AVG MX 2MIN
DY MAX MIN AVG DEP HDD CDD  WTR  SNW DPTH SPD SPD DIR MIN PSBL S-S WX    SPD DR
================================================================================

 1  90  71  81   0   0  16 0.00  0.0    0  3.7 10 180   M    M   2 1      14 180
 2  94  70  82   1   0  17 0.15  0.0    0  2.0 18 350   M    M   2 12     29 330
 3  89  65  77  -4   0  12 0.00  0.0    0  4.9 10  20   M    M   2 12     15  10
 4  85  62  74  -7   0   9 0.00  0.0    0  5.6 13  10   M    M   0 1      16  10
 5  87  58  73  -8   0   8 0.00  0.0    0  1.3  8 290   M    M   0 12     11 360
 6  90  60  75  -6   0  10 0.00  0.0    0  1.2  7  40   M    M   1 12     10 330
 7  91  66  79  -2   0  14 0.00  0.0    0  3.8 10 190   M    M   0 1      16 190
 8  93  68  81   0   0  16 0.00  0.0    0  4.0 10 190   M    M   1 1      17 210
 9  81  71  76  -5   0  11 0.03  0.0    0  3.1 13 170   M    M   4 1      16 170
10  90  71  81   0   0  16 0.24  0.0    0  4.1 16 180   M    M   4 1      21 180
11  94  69  82   1   0  17 0.04  0.0    0  3.5 17 310   M    M   2 1      24 310
12  93  66  80  -1   0  15 0.00  0.0    0  2.2  8  70   M    M   1 12     10  20
13  93  70  82   1   0  17 0.00  0.0    0  1.8  8 170   M    M   2 12     10 180
14  92  71  82   0   0  17 0.00  0.0    0  4.5 12 170   M    M   1 12     17 170
15  86  67  77  -5   0  12 1.13  0.0    0  6.1 17  20   M    M   7 1      24  30
16  83  58  71 -11   0   6    T  0.0    0  5.0 13  20   M    M   0        17  10
17  83  63  73  -9   0   8 0.09  0.0    0  4.2 12  70   M    M   3 1      15  40
18  80  68  74  -8   0   9 1.18  0.0    0  7.4 16 180   M    M  10 1      24 190
19  78  69  74  -8   0   9 0.01  0.0    0  1.5  8 350   M    M  10 1      11 360
20  86  66  76  -6   0  11 0.00  0.0    0  2.5  9  10   M    M   5 1      12 360
21  89  65  77  -5   0  12 0.00  0.0    0  3.1  8  20   M    M   4 1      12 360
22  92  68  80  -2   0  15    T  0.0    0  3.2 10 140   M    M   0 18     13 140
23  90  70  80  -2   0  15 0.00  0.0    0  1.3 12 270   M    M   2 1      19 290
24  91  71  81  -1   0  16 0.00  0.0    0  4.4 10  20   M    M   3 1      15 340
25  91  66  79  -3   0  14 0.00  0.0    0  3.0  9  40   M    M   1 1      12 310
26  94  70  82   0   0  17 0.00  0.0    0  2.8  9 180   M    M   1 1      13 180
27  94  77  86   4   0  21 0.00  0.0    0  4.0  9 290   M    M   0 1      13 280
================================================================================
SM 2399 1816         0 360  2.87     0.0  94.2          M       68
================================================================================
AV 88.9 67.3                               3.5 FASTST   M    M   3    MAX(MPH)
                                 MISC ---->  # 18 350               # 29  330
================================================================================
NOTES:
# LAST OF SEVERAL OCCURRENCES

COLUMN 17 PEAK WIND IN M.P.H.

PRELIMINARY LOCAL CLIMATOLOGICAL DATA (WS FORM: F-6) , PAGE 2

                                          STATION:  VICKSBURG
                                          MONTH:    JULY
                                          YEAR:     2014
                                          LATITUDE:   32 20 N
                                          LONGITUDE:  91  2 W

[TEMPERATURE DATA]      [PRECIPITATION DATA]       SYMBOLS USED IN COLUMN 16

AVERAGE MONTHLY: 78.1   TOTAL FOR MONTH:   2.87    1 = FOG OR MIST
DPTR FM NORMAL:  -3.5   DPTR FM NORMAL:   -0.32    2 = FOG REDUCING VISIBILITY
HIGHEST:    94 ON 27,26 GRTST 24HR  1.27 ON 17-18      TO 1/4 MILE OR LESS
LOWEST:     58 ON 16, 5                            3 = THUNDER
                        SNOW, ICE PELLETS, HAIL    4 = ICE PELLETS
                        TOTAL MONTH:   0.0 INCH    5 = HAIL
                        GRTST 24HR     0.0         6 = FREEZING RAIN OR DRIZZLE
                        GRTST DEPTH:   0           7 = DUSTSTORM OR SANDSTORM:
                                                       VSBY 1/2 MILE OR LESS
                                                   8 = SMOKE OR HAZE
[NO. OF DAYS WITH]      [WEATHER - DAYS WITH]      9 = BLOWING SNOW
                                                   X = TORNADO
MAX 32 OR BELOW:   0    0.01 INCH OR MORE:   8
MAX 90 OR ABOVE:  16    0.10 INCH OR MORE:   4
MIN 32 OR BELOW:   0    0.50 INCH OR MORE:   2
MIN  0 OR BELOW:   0    1.00 INCH OR MORE:   2

[HDD (BASE 65) ]
TOTAL THIS MO.     0    CLEAR  (SCALE 0-3)  19
DPTR FM NORMAL     0    PTCLDY (SCALE 4-7)   6
TOTAL FM JUL 1     0    CLOUDY (SCALE 8-10)  2
DPTR FM NORMAL     0

[CDD (BASE 65) ]
TOTAL THIS MO.   360
DPTR FM NORMAL   -85    [PRESSURE DATA]
TOTAL FM JAN 1  1134    HIGHEST SLP M ON M
DPTR FM NORMAL   -99    LOWEST  SLP 29.88 ON M

[REMARKS]




U.S. Dept. of Commerce
NOAA National Weather Service
1325 East West Highway
Silver Spring, MD 20910
E-mail: w-nws.webmaster@noaa.gov
Page last modified: May 16, 2007
NATIONAL WEATHER SERVICE: for Safety, for Work, for Fun - FOR LIFE