007
CXUS55 KREV 240836
CF6TVL
PRELIMINARY LOCAL CLIMATOLOGICAL DATA (WS FORM: F-6)

                                          STATION:   SOUTH LAKE TAHOE CA
                                          MONTH:     APRIL
                                          YEAR:      2014
                                          LATITUDE:   38 53 N
                                          LONGITUDE: 119 60 W

  TEMPERATURE IN F:       :PCPN:    SNOW:  WIND      :SUNSHINE: SKY     :PK WND
================================================================================
1   2   3   4   5  6A  6B    7    8   9   10  11  12  13   14  15   16   17  18
                                     12Z  AVG MX 2MIN
DY MAX MIN AVG DEP HDD CDD  WTR  SNW DPTH SPD SPD DIR MIN PSBL S-S WX    SPD DR
================================================================================

 1  35  23  29  -9  36   0 0.01  0.4    3  7.1 20 180   M    M   M 8      26 190
 2  44  22  33  -5  32   0 0.04    T    1  3.9 14  30   M    M   M        17  20
 3  47  23  35  -3  30   0 0.00  0.0    0  5.2 13 200   M    M   M        20 210
 4  46  27  37  -1  28   0 0.00  0.0    0  9.1 20 190   M    M   M        24 190
 5  51  25  38   0  27   0 0.00  0.0    0  3.9 15  30   M    M   M        19  30
 6  59  28  44   6  21   0 0.00  0.0    0  4.0 17  30   M    M   M        23  20
 7  66  28  47   8  18   0 0.00  0.0    0  3.4 12  30   M    M   M        18  30
 8  68  30  49  10  16   0 0.00  0.0    0  5.3 16 200   M    M   M        34 170
 9  65  33  49  10  16   0 0.00  0.0    0  5.2 18 190   M    M   M        28 190
10  68  29  49  10  16   0 0.00  0.0    0  2.7 13  30   M    M   M        29 330
11  66  31  49  10  16   0 0.00  0.0    0  3.3 13 190   M    M   M        18 200
12  67  32  50  10  15   0 0.00  0.0    0  4.4 15 190   M    M   M        25 200
13  61  30  46   6  19   0 0.00  0.0    0  5.4 17  20   M    M   M        24  30
14  68  25  47   7  18   0 0.00  0.0    0  4.1 13 210   M    M   M        21 210
15  65  32  49   9  16   0 0.00  0.0    0  3.1 16 200   M    M   M        24 180
16  67  30  49   9  16   0 0.00  0.0    0  3.0 13  40   M    M   M        18  30
17  69  31  50  10  15   0 0.00  0.0    0  7.3 24 180   M    M   M        40 180
18  64  37  51  10  14   0 0.03  0.0    0  3.1 18 180   M    M   M 3      22 190
19  63  33  48   7  17   0 0.00  0.0    0  6.3 22 190   M    M   M        28 200
20  66  28  47   6  18   0 0.00  0.0    0  2.8 12  30   M    M   M        16  30
21  63  31  47   6  18   0    T  0.0    0  9.9 31 190   M    M   M        44 190
22  43  32  38  -4  27   0 0.23    M    M  7.9 26 190   M    M   M 18     38 190
23  55  26  41  -1  24   0 0.00  0.0    0  3.0 14 190   M    M   M        18 200
================================================================================
SM 1366  666       473   0  0.31     0.4 113.4          M        M
================================================================================
AV 59.4 29.0                               4.9 FASTST   M    M   0    MAX(MPH)
                                 MISC ---->  # 31 190               # 44  190
================================================================================
NOTES:
# LAST OF SEVERAL OCCURRENCES

COLUMN 17 PEAK WIND IN M.P.H.

PRELIMINARY LOCAL CLIMATOLOGICAL DATA (WS FORM: F-6) , PAGE 2

                                          STATION:  SOUTH LAKE TAHOE CA
                                          MONTH:    APRIL
                                          YEAR:     2014
                                          LATITUDE:   38 53 N
                                          LONGITUDE: 119 60 W

[TEMPERATURE DATA]      [PRECIPITATION DATA]       SYMBOLS USED IN COLUMN 16

AVERAGE MONTHLY: 44.2   TOTAL FOR MONTH:   0.31    1 = FOG OR MIST
DPTR FM NORMAL:   4.6   DPTR FM NORMAL:   -0.51    2 = FOG REDUCING VISIBILITY
HIGHEST:    69 ON 17    GRTST 24HR  0.23 ON 21-22      TO 1/4 MILE OR LESS
LOWEST:     22 ON  2                               3 = THUNDER
                        SNOW, ICE PELLETS, HAIL    4 = ICE PELLETS
                        TOTAL MONTH:   0.4 INCH    5 = HAIL
                        GRTST 24HR   0.4 ON   M    6 = FREEZING RAIN OR DRIZZLE
                        GRTST DEPTH:   3 ON  1     7 = DUSTSTORM OR SANDSTORM:
                                                       VSBY 1/2 MILE OR LESS
                                                   8 = SMOKE OR HAZE
[NO. OF DAYS WITH]      [WEATHER - DAYS WITH]      9 = BLOWING SNOW
                                                   X = TORNADO
MAX 32 OR BELOW:   0    0.01 INCH OR MORE:   4
MAX 90 OR ABOVE:   0    0.10 INCH OR MORE:   1
MIN 32 OR BELOW:  20    0.50 INCH OR MORE:   0
MIN  0 OR BELOW:   0    1.00 INCH OR MORE:   0

[HDD (BASE 65) ]
TOTAL THIS MO.   473    CLEAR  (SCALE 0-3)   0
DPTR FM NORMAL  -111    PTCLDY (SCALE 4-7)   0
TOTAL FM JUL 1  5873    CLOUDY (SCALE 8-10)  0
DPTR FM NORMAL  -863

[CDD (BASE 65) ]
TOTAL THIS MO.     0
DPTR FM NORMAL     0    [PRESSURE DATA]
TOTAL FM JAN 1     0    HIGHEST SLP M ON M
DPTR FM NORMAL     0    LOWEST  SLP 29.75 ON  1

[REMARKS]




U.S. Dept. of Commerce
NOAA National Weather Service
1325 East West Highway
Silver Spring, MD 20910
E-mail: w-nws.webmaster@noaa.gov
Page last modified: May 16, 2007
NATIONAL WEATHER SERVICE: for Safety, for Work, for Fun - FOR LIFE