034
CXUS55 KREV 010910
CF6TVL

PRELIMINARY LOCAL CLIMATOLOGICAL DATA (WS FORM: F-6)

                                          STATION:   SOUTH LAKE TAHOE CA
                                          MONTH:     NOVEMBER
                                          YEAR:      2014
                                          LATITUDE:   38 53 N
                                          LONGITUDE: 119 60 W

  TEMPERATURE IN F:       :PCPN:    SNOW:  WIND      :SUNSHINE: SKY     :PK WND
================================================================================
1   2   3   4   5  6A  6B    7    8   9   10  11  12  13   14  15   16   17  18
                                     12Z  AVG MX 2MIN
DY MAX MIN AVG DEP HDD CDD  WTR  SNW DPTH SPD SPD DIR MIN PSBL S-S WX    SPD DR
================================================================================

 1  40  31  36  -5  29   0 0.06  0.5    0  7.3 17 190   M    M   M 18     23 180
 2  45  25  35  -5  30   0 0.00  0.0    0  3.8 15  30   M    M   M        20  30
 3  53  20  37  -3  28   0 0.00  0.0    0  2.0  9  30   M    M   M        14  30
 4  63  25  44   4  21   0 0.00  0.0    0  3.2  9  30   M    M   M        13  30
 5  63  29  46   6  19   0 0.00  0.0    0  2.3  9  30   M    M   M        14  30
 6  67  31  49  10  16   0 0.00  0.0    0  5.9 20 190   M    M   M        27 190
 7  68  33  51  12  14   0 0.00  0.0    0  2.3  9  20   M    M   M        13  30
 8  68  29  49  10  16   0 0.00  0.0    0  2.3  9  30   M    M   M        12  40
 9  69  28  49  11  16   0 0.00  0.0    0  3.1 13 200   M    M   M        17 190
10  69  29  49  11  16   0 0.00  0.0    0  3.0 13 190   M    M   M        16 180
11  63  28  46   8  19   0 0.00  0.0    0  6.9 17 200   M    M   M        24 200
12  59  26  43   6  22   0    T  0.0    0  7.1 20 190   M    M   M        27 180
13  51  36  44   7  21   0 0.17  0.0    0  8.9 22 190   M    M   M        35 190
14  55  32  44   7  21   0 0.00  0.0    0  8.8 21 190   M    M   M        27 190
15  52  29  41   5  24   0 0.00  0.0    0  5.1 21 190   M    M   M        27  90
16  47  21  34  -2  31   0 0.00  0.0    0  1.6 10  50   M    M   M        15  50
17  54  17  36   0  29   0 0.00  0.0    0  2.3  8  50   M    M   M        13  30
18  56  19  38   3  27   0 0.00  0.0    0  1.4  7  40   M    M   M        11  40
19  53  31  42   7  23   0 0.02  0.0    0  7.1 23 180   M    M   M        29 180
20  49  28  39   4  26   0 0.05  0.4    0  2.7 20 190   M    M   M 128    29 190
21  49  25  37   3  28   0 0.00  0.0    0  6.8 18 180   M    M   M 128    23 190
22  51  29  40   6  25   0 0.44  0.0    0  9.7 25 200   M    M   M        42 190
23  45  23  34   0  31   0 0.00  0.0    0  1.7  8 190   M    M   M         9  30
24  51  23  37   3  28   0 0.00  0.0    0  2.1  7  40   M    M   M        14  10
25  65  24  45  12  20   0 0.00  0.0    0  2.8  9 190   M    M   M        12  30
26  65  27  46  13  19   0 0.00  0.0    0  2.2  9  30   M    M   M 8      12 170
27  64  32  48  15  17   0 0.00  0.0    0  5.3 24 190   M    M   M        41 180
28  58  46  52  20  13   0 0.00  0.0    0 16.2 28 200   M    M   M        44 190
29  47  35  41   9  24   0 0.16  1.2    T 10.7 24 180   M    M   M 1      42 190
30  46  35  41   9  24   0 0.12  0.4    0  3.8 24 190   M    M   M 18     37 190
================================================================================
SM 1685  846       677   0  1.02     2.5 148.4          M        M
================================================================================
AV 56.2 28.2                               4.9 FASTST   M    M   0    MAX(MPH)
                                 MISC ---->  # 28 200               # 44  190
================================================================================
NOTES:
# LAST OF SEVERAL OCCURRENCES

COLUMN 17 PEAK WIND IN M.P.H.

PRELIMINARY LOCAL CLIMATOLOGICAL DATA (WS FORM: F-6) , PAGE 2

                                          STATION:  SOUTH LAKE TAHOE CA
                                          MONTH:    NOVEMBER
                                          YEAR:     2014
                                          LATITUDE:   38 53 N
                                          LONGITUDE: 119 60 W

[TEMPERATURE DATA]      [PRECIPITATION DATA]       SYMBOLS USED IN COLUMN 16

AVERAGE MONTHLY: 42.2   TOTAL FOR MONTH:   1.02    1 = FOG OR MIST
DPTR FM NORMAL:   5.9   DPTR FM NORMAL:   -2.22    2 = FOG REDUCING VISIBILITY
HIGHEST:    69 ON 10, 9 GRTST 24HR  0.44 ON 22-22      TO 1/4 MILE OR LESS
LOWEST:     17 ON 17                               3 = THUNDER
                        SNOW, ICE PELLETS, HAIL    4 = ICE PELLETS
                        TOTAL MONTH:   2.5 INCHES  5 = HAIL
                        GRTST 24HR   1.2 ON   M    6 = FREEZING RAIN OR DRIZZLE
                        GRTST DEPTH:   T           7 = DUSTSTORM OR SANDSTORM:
                                                       VSBY 1/2 MILE OR LESS
                                                   8 = SMOKE OR HAZE
[NO. OF DAYS WITH]      [WEATHER - DAYS WITH]      9 = BLOWING SNOW
                                                   X = TORNADO
MAX 32 OR BELOW:   0    0.01 INCH OR MORE:   7
MAX 90 OR ABOVE:   0    0.10 INCH OR MORE:   4
MIN 32 OR BELOW:  25    0.50 INCH OR MORE:   0
MIN  0 OR BELOW:   0    1.00 INCH OR MORE:   0

[HDD (BASE 65) ]
TOTAL THIS MO.   677    CLEAR  (SCALE 0-3)   0
DPTR FM NORMAL  -184    PTCLDY (SCALE 4-7)   0
TOTAL FM JUL 1  1438    CLOUDY (SCALE 8-10)  0
DPTR FM NORMAL  -655

[CDD (BASE 65) ]
TOTAL THIS MO.     0
DPTR FM NORMAL     0    [PRESSURE DATA]
TOTAL FM JAN 1    99    HIGHEST SLP M ON M
DPTR FM NORMAL    68    LOWEST  SLP 29.53 ON  1

[REMARKS]

THE AVERAGE TEMPERATURE FOR NOVEMBER 2014 AT SOUTH LAKE TAHOE WAS
42.2 DEGREES.  THIS IS 5.9 DEGREES ABOVE NORMAL.  THE WARMEST
TEMPERATURE FOR THE MONTH WAS 69 DEGREES WHICH WAS RECORDED ON BOTH
THE 9TH AND 10TH.  THE LOWEST READING FOR NOVEMBER WAS 17 DEGREES
WHICH OCCURRED ON THE 17TH.

FOR NOVEMBER 2014 SOUTH LAKE TAHOE RECORDED A TOTAL OF 1.02 INCHES
OF PRECIPITATION.  THIS IS 2.22 INCHES BELOW NORMAL.  A TOTAL OF 2.5
INCHES OF SNOWFALL WAS REPORTED FOR NOVEMBER.

THE AVERAGE WIND SPEED FOR THE MONTH WAS 4.9 MPH.  THE HIGHEST WIND
GUST FOR THE MONTH WAS 44 MPH FROM THE SOUTH WHICH OCCURRED ON THE
28TH.


#FINAL-11-14#




U.S. Dept. of Commerce
NOAA National Weather Service
1325 East West Highway
Silver Spring, MD 20910
E-mail: w-nws.webmaster@noaa.gov
Page last modified: May 16, 2007
NATIONAL WEATHER SERVICE: for Safety, for Work, for Fun - FOR LIFE