970
CXUS53 KAPX 010631
CF6TVC
PRELIMINARY LOCAL CLIMATOLOGICAL DATA (WS FORM: F-6)

                                          STATION:   TRAVERSE CITY MI
                                          MONTH:     NOVEMBER
                                          YEAR:      2014
                                          LATITUDE:   44 44 N
                                          LONGITUDE:  85 34 W

  TEMPERATURE IN F:       :PCPN:    SNOW:  WIND      :SUNSHINE: SKY     :PK WND
================================================================================
1   2   3   4   5  6A  6B    7    8   9   10  11  12  13   14  15   16   17  18
                                     12Z  AVG MX 2MIN
DY MAX MIN AVG DEP HDD CDD  WTR  SNW DPTH SPD SPD DIR MIN PSBL S-S WX    SPD DR
================================================================================

 1  38  24  31 -12  34   0 0.00    M    M  7.4 17  50   M    M   6 18     23  50
 2  52  22  37  -5  28   0 0.00    M    M  3.3  8 210   M    M   4         M  M
 3  56  44  50   8  15   0    T    M    M  6.1 12 200   M    M   9        18 200
 4  58  41  50   8  15   0 0.26    M    M  7.9 18 270   M    M  10        24 270
 5  47  39  43   2  22   0 0.13    M    M  8.0 18 290   M    M   9        30 300
 6  41  36  39  -2  26   0 0.42    M    M 10.5 18 350   M    M  10 1      25  10
 7  43  34  39  -1  26   0 0.08    M    M  6.0 13 340   M    M   8 1      21 320
 8  42  32  37  -3  28   0 0.17    M    M  6.7 16 330   M    M  10 1      25 330
 9  38  31  35  -5  30   0 0.33    M    M  3.8  7 250   M    M   9 1       M  M
10  43  32  38  -1  27   0 0.12    M    M  4.1  8  60   M    M   9 14      M  M
11  47  31  39   0  26   0 0.15    M    M  4.2 16 300   M    M  10 1      24 290
12  33  28  31  -8  34   0 0.01    M    M 11.9 18 270   M    M  10        25 270
13  31  25  28 -10  37   0 0.13    M    M  7.7 14 270   M    M  10 12      M  M
14  32  27  30  -8  35   0 0.02    M    M  7.5 12 290   M    M  10 1      20 290
15  29  25  27 -11  38   0    T    M    M  7.3 15 250   M    M  10 18     21 250
16  31  25  28  -9  37   0 0.07    M    M  3.6  9 230   M    M  10 1       M  M
17  30  18  24 -13  41   0 0.03    M    M  7.9 17 270   M    M  10        22 250
18  24  18  21 -15  44   0 0.01    M    M 14.8 25 280   M    M  10 19     35 280
19  25  17  21 -15  44   0    T    M    M  8.2 16 280   M    M  10        22 160
20  24  16  20 -16  45   0 0.01    M    M 14.2 23 270   M    M  10 189    30 280
21  30  16  23 -12  42   0    T    M    M  6.6  9 210   M    M   7        21 210
22  41  30  36   1  29   0    T    M    M  6.9 13 210   M    M   9 12     27 210
23  52  39  46  12  19   0 0.32    M    M  5.0 14 200   M    M  10 1      21 200
24  48  32  40   6  25   0 0.74    M    M  5.3 10 270   M    M  10 1       M  M
25  32  27  30  -4  35   0 0.03    M    M  9.7 16 280   M    M  10 1      23 280
26  30  26  28  -5  37   0    T    M    M  2.3  5 120   M    M  10         M  M
27  29  18  24  -9  41   0 0.01    M    M 10.8 16 350   M    M  10 1      24 350
28  26  17  22 -10  43   0    T    M    M  5.1  8 140   M    M  10         M  M
29  46  26  36   4  29   0 0.01    M    M  6.6 10 210   M    M   8        20 150
30  48  27  38   6  27   0    T    M    M  9.6 16 330   M    M  10 18     21 330
================================================================================
SM 1146  823       959   0  3.05    M    219.0          M      278
================================================================================
AV 38.2 27.4                               7.3 FASTST   M    M   9    MAX(MPH)
                                 MISC ---->    25   M               # 35  280
================================================================================
NOTES:
# LAST OF SEVERAL OCCURRENCES

COLUMN 17 PEAK WIND IN M.P.H.

PRELIMINARY LOCAL CLIMATOLOGICAL DATA (WS FORM: F-6) , PAGE 2

                                          STATION:  TRAVERSE CITY MI
                                          MONTH:    NOVEMBER
                                          YEAR:     2014
                                          LATITUDE:   44 44 N
                                          LONGITUDE:  85 34 W

[TEMPERATURE DATA]      [PRECIPITATION DATA]       SYMBOLS USED IN COLUMN 16

AVERAGE MONTHLY: 32.8   TOTAL FOR MONTH:   3.05    1 = FOG OR MIST
DPTR FM NORMAL:  -4.5   DPTR FM NORMAL:    0.35    2 = FOG REDUCING VISIBILITY
HIGHEST:    58 ON  4    GRTST 24HR  0.74 ON 24-24      TO 1/4 MILE OR LESS
LOWEST:     16 ON 21,20                            3 = THUNDER
                        SNOW, ICE PELLETS, HAIL    4 = ICE PELLETS
                        TOTAL MONTH:    M          5 = HAIL
                        GRTST 24HR    M  ON   M    6 = FREEZING RAIN OR DRIZZLE
                        GRTST DEPTH:  M  ON   M    7 = DUSTSTORM OR SANDSTORM:
                                                       VSBY 1/2 MILE OR LESS
                                                   8 = SMOKE OR HAZE
[NO. OF DAYS WITH]      [WEATHER - DAYS WITH]      9 = BLOWING SNOW
                                                   X = TORNADO
MAX 32 OR BELOW:  13    0.01 INCH OR MORE:  20
MAX 90 OR ABOVE:   0    0.10 INCH OR MORE:  10
MIN 32 OR BELOW:  24    0.50 INCH OR MORE:   1
MIN  0 OR BELOW:   0    1.00 INCH OR MORE:   0

[HDD (BASE 65) ]
TOTAL THIS MO.   959    CLEAR  (SCALE 0-3)   0
DPTR FM NORMAL   127    PTCLDY (SCALE 4-7)   3
TOTAL FM JUL 1  1679    CLOUDY (SCALE 8-10) 27
DPTR FM NORMAL    60

[CDD (BASE 65) ]
TOTAL THIS MO.     0
DPTR FM NORMAL     0    [PRESSURE DATA]
TOTAL FM JAN 1   374    HIGHEST SLP M ON M
DPTR FM NORMAL   -37    LOWEST  SLP M ON M

[REMARKS]
#FINAL-11-14#




U.S. Dept. of Commerce
NOAA National Weather Service
1325 East West Highway
Silver Spring, MD 20910
E-mail: w-nws.webmaster@noaa.gov
Page last modified: May 16, 2007
NATIONAL WEATHER SERVICE: for Safety, for Work, for Fun - FOR LIFE