756
CXUS53 KAPX 270631
CF6TVC
PRELIMINARY LOCAL CLIMATOLOGICAL DATA (WS FORM: F-6)

                                          STATION:   TRAVERSE CITY MI
                                          MONTH:     JANUARY
                                          YEAR:      2015
                                          LATITUDE:   44 44 N
                                          LONGITUDE:  85 34 W

  TEMPERATURE IN F:       :PCPN:    SNOW:  WIND      :SUNSHINE: SKY     :PK WND
================================================================================
1   2   3   4   5  6A  6B    7    8   9   10  11  12  13   14  15   16   17  18
                                     12Z  AVG MX 2MIN
DY MAX MIN AVG DEP HDD CDD  WTR  SNW DPTH SPD SPD DIR MIN PSBL S-S WX    SPD DR
================================================================================

 1  27  20  24   1  41   0 0.02    M    M  9.5 22 290   M    M  10 19     33 230
 2  25   2  14  -9  51   0 0.00    M    M  3.4 14 270   M    M   4        16 280
 3  33  13  23   0  42   0 0.05    M    M  2.3 10 150   M    M   8 1      15 150
 4  33   6  20  -2  45   0 0.05    M    M 13.7 26 300   M    M  10 19     35 310
 5   7   2   5 -17  60   0    T    M    M 10.8 23 280   M    M  10 19     28 270
 6  17   7  12 -10  53   0    T    M    M 11.5 26 300   M    M   9 1289   35 290
 7  11   6   9 -13  56   0 0.03    M    M 17.8 31 320   M    M  10 189    41 310
 8  17   7  12 -10  53   0 0.19    M    M  9.6 18 250   M    M  10 1289   25 260
 9  17   6  12 -10  53   0    T    M    M 14.9 29 300   M    M   8 189    36 300
10  21   7  14  -8  51   0    T    M    M  7.8 21 250   M    M   9 189    31 240
11  27  19  23   1  42   0    T    M    M  4.6 12 320   M    M  10 18     15 320
12  24   2  13  -9  52   0    T    M    M 10.8 20  30   M    M   9 9      29  10
13  17 -14   2 -20  63   0 0.00    M    M  1.4  6 270   M    M   0         9 170
14  25  -8   9 -12  56   0    T    M    M  4.6 10 210   M    M   9        17 200
15  33  23  28   7  37   0    T    M    M  8.0 17 310   M    M  10 18     26 210
16  29  11  20  -1  45   0    T    M    M  8.0 23 320   M    M   8 18     34 320
17  42  19  31  10  34   0    T    M    M  9.1 16 150   M    M   8 8      24 150
18  38  28  33  12  32   0 0.02    M    M  7.1 15 300   M    M  10        19 300
19  29  20  25   4  40   0    T    M    M  5.9 13  10   M    M   9        17  20
20  25  10  18  -3  47   0 0.00    M    M  1.5  8 360   M    M   6        10  10
21  26  13  20  -1  45   0 0.00    M    M  3.0  8 320   M    M  10        13 360
22  32  15  24   3  41   0 0.00    M    M  4.5 14 270   M    M   7 1      21 210
23  34  28  31  10  34   0    T    M    M 10.3 20 230   M    M  10 1      29 230
24  38  23  31  10  34   0 0.01    M    M  8.3 18  20   M    M  10 18     26  10
25  23   3  13  -8  52   0 0.00  0.0    5  7.0 15  60   M    M   6        21  50
26  25   0  13  -8  52   0 0.00    M    5  2.9 10 140   M    M   6        16 120
================================================================================
SM  675  268      1211   0  0.37     0.0 198.3          M      216
================================================================================
AV 26.0 10.3                               7.6 FASTST   M    M   8    MAX(MPH)
                                 MISC ---->  # 31 320               # 41  310
================================================================================
NOTES:
# LAST OF SEVERAL OCCURRENCES

COLUMN 17 PEAK WIND IN M.P.H.

PRELIMINARY LOCAL CLIMATOLOGICAL DATA (WS FORM: F-6) , PAGE 2

                                          STATION:  TRAVERSE CITY MI
                                          MONTH:    JANUARY
                                          YEAR:     2015
                                          LATITUDE:   44 44 N
                                          LONGITUDE:  85 34 W

[TEMPERATURE DATA]      [PRECIPITATION DATA]       SYMBOLS USED IN COLUMN 16

AVERAGE MONTHLY: 18.1   TOTAL FOR MONTH:   0.37    1 = FOG OR MIST
DPTR FM NORMAL:  -3.5   DPTR FM NORMAL:   -2.06    2 = FOG REDUCING VISIBILITY
HIGHEST:    42 ON 17    GRTST 24HR  0.19 ON  8- 8      TO 1/4 MILE OR LESS
LOWEST:    -14 ON 13                               3 = THUNDER
                        SNOW, ICE PELLETS, HAIL    4 = ICE PELLETS
                        TOTAL MONTH:   0.0 INCH    5 = HAIL
                        GRTST 24HR     0.0         6 = FREEZING RAIN OR DRIZZLE
                        GRTST DEPTH:   5 ON 26,25  7 = DUSTSTORM OR SANDSTORM:
                                                       VSBY 1/2 MILE OR LESS
                                                   8 = SMOKE OR HAZE
[NO. OF DAYS WITH]      [WEATHER - DAYS WITH]      9 = BLOWING SNOW
                                                   X = TORNADO
MAX 32 OR BELOW:  19    0.01 INCH OR MORE:   7
MAX 90 OR ABOVE:   0    0.10 INCH OR MORE:   1
MIN 32 OR BELOW:  26    0.50 INCH OR MORE:   0
MIN  0 OR BELOW:   3    1.00 INCH OR MORE:   0

[HDD (BASE 65) ]
TOTAL THIS MO.  1211    CLEAR  (SCALE 0-3)   1
DPTR FM NORMAL    82    PTCLDY (SCALE 4-7)   8
TOTAL FM JUL 1  3961    CLOUDY (SCALE 8-10) 17
DPTR FM NORMAL    24

[CDD (BASE 65) ]
TOTAL THIS MO.     0
DPTR FM NORMAL     0    [PRESSURE DATA]
TOTAL FM JAN 1     0    HIGHEST SLP M ON M
DPTR FM NORMAL     0    LOWEST  SLP 29.46 ON M

[REMARKS]




U.S. Dept. of Commerce
NOAA National Weather Service
1325 East West Highway
Silver Spring, MD 20910
E-mail: w-nws.webmaster@noaa.gov
Page last modified: May 16, 2007
NATIONAL WEATHER SERVICE: for Safety, for Work, for Fun - FOR LIFE