728
CXUS53 KAPX 230631
CF6TVC
PRELIMINARY LOCAL CLIMATOLOGICAL DATA (WS FORM: F-6)

                                          STATION:   TRAVERSE CITY MI
                                          MONTH:     APRIL
                                          YEAR:      2014
                                          LATITUDE:   44 44 N
                                          LONGITUDE:  85 34 W

  TEMPERATURE IN F:       :PCPN:    SNOW:  WIND      :SUNSHINE: SKY     :PK WND
================================================================================
1   2   3   4   5  6A  6B    7    8   9   10  11  12  13   14  15   16   17  18
                                     12Z  AVG MX 2MIN
DY MAX MIN AVG DEP HDD CDD  WTR  SNW DPTH SPD SPD DIR MIN PSBL S-S WX    SPD DR
================================================================================

 1  51  29  40   3  25   0 0.06    M    M 12.7 24 260   M    M   9        31 280
 2  37  25  31  -7  34   0 0.00    M    M  5.6 16 290   M    M   3        20 290
 3  42  24  33  -5  32   0    T    M    M  8.7 17  90   M    M   7        22  90
 4  38  27  33  -5  32   0 0.46    M    M  9.2 25 310   M    M   9 1      33 290
 5  42  25  34  -5  31   0    T    M    M  8.6 23 310   M    M   5        30 310
 6  56  29  43   4  22   0 0.00    M    M  6.5 15 230   M    M   5        22 220
 7  58  35  47   7  18   0 0.00    M    M  3.3 12  30   M    M   7        14  30
 8  50  30  40   0  25   0 0.00    M    M  6.6 17 330   M    M   5        23 320
 9  54  27  41   1  24   0 0.00    M    M  6.8 18 260   M    M   4        27 220
10  58  35  47   6  18   0 0.05    M    M  9.3 22 290   M    M   5 1      31 200
11  60  31  46   5  19   0 0.02    M    M  5.2 24 280   M    M   5        30 280
12  48  33  41  -1  24   0 0.27    M    M  5.5 15  70   M    M   8 13     22 100
13  51  37  44   2  21   0 1.06    M    M  5.6 14 320   M    M   8 12     18 320
14  37  24  31 -11  34   0 1.01    M    M 14.0 25 360   M    M  10 1      37 320
15  31  22  27 -16  38   0    T    M    M 10.2 18 340   M    M   7 1      25 320
16  43  17  30 -13  35   0    T    M    M  5.5 20 130   M    M   5 1      33 120
17  58  36  47   3  18   0 0.00    M    M  8.1 20 140   M    M  10        26 150
18  41  29  35  -9  30   0 0.00    M    M  5.9 15 340   M    M   6 1      19 350
19  61  24  43  -1  22   0 0.00    M    M  5.4 17 110   M    M   4        23 100
20  68  46  57  12   8   0    T    M    M  4.1 16 240   M    M   9        22 220
21  68  42  55  10  10   0 0.20    M    M  3.6 14  20   M    M   9 1238   18  10
22  45  34  40  -6  25   0    T    M    M 13.3 23 320   M    M  10        30 300
================================================================================
SM 1097  661       545   0  3.13    M    163.7          M      150
================================================================================
AV 49.9 30.0                               7.4 FASTST   M    M   7    MAX(MPH)
                                 MISC ---->  # 25 310               # 37  320
================================================================================
NOTES:
# LAST OF SEVERAL OCCURRENCES

COLUMN 17 PEAK WIND IN M.P.H.

PRELIMINARY LOCAL CLIMATOLOGICAL DATA (WS FORM: F-6) , PAGE 2

                                          STATION:  TRAVERSE CITY MI
                                          MONTH:    APRIL
                                          YEAR:     2014
                                          LATITUDE:   44 44 N
                                          LONGITUDE:  85 34 W

[TEMPERATURE DATA]      [PRECIPITATION DATA]       SYMBOLS USED IN COLUMN 16

AVERAGE MONTHLY: 40.0   TOTAL FOR MONTH:   3.13    1 = FOG OR MIST
DPTR FM NORMAL:  -1.5   DPTR FM NORMAL:    1.06    2 = FOG REDUCING VISIBILITY
HIGHEST:    68 ON 21,20 GRTST 24HR  1.67 ON 13-14      TO 1/4 MILE OR LESS
LOWEST:     17 ON 16                               3 = THUNDER
                        SNOW, ICE PELLETS, HAIL    4 = ICE PELLETS
                        TOTAL MONTH:    M          5 = HAIL
                        GRTST 24HR    M  ON   M    6 = FREEZING RAIN OR DRIZZLE
                        GRTST DEPTH:  M  ON   M    7 = DUSTSTORM OR SANDSTORM:
                                                       VSBY 1/2 MILE OR LESS
                                                   8 = SMOKE OR HAZE
[NO. OF DAYS WITH]      [WEATHER - DAYS WITH]      9 = BLOWING SNOW
                                                   X = TORNADO
MAX 32 OR BELOW:   1    0.01 INCH OR MORE:   8
MAX 90 OR ABOVE:   0    0.10 INCH OR MORE:   5
MIN 32 OR BELOW:  14    0.50 INCH OR MORE:   2
MIN  0 OR BELOW:   0    1.00 INCH OR MORE:   2

[HDD (BASE 65) ]
TOTAL THIS MO.   545    CLEAR  (SCALE 0-3)   1
DPTR FM NORMAL    24    PTCLDY (SCALE 4-7)  14
TOTAL FM JUL 1  7598    CLOUDY (SCALE 8-10)  7
DPTR FM NORMAL   675

[CDD (BASE 65) ]
TOTAL THIS MO.     0
DPTR FM NORMAL     0    [PRESSURE DATA]
TOTAL FM JAN 1     0    HIGHEST SLP M ON M
DPTR FM NORMAL     0    LOWEST  SLP 29.31 ON M

[REMARKS]




U.S. Dept. of Commerce
NOAA National Weather Service
1325 East West Highway
Silver Spring, MD 20910
E-mail: w-nws.webmaster@noaa.gov
Page last modified: May 16, 2007
NATIONAL WEATHER SERVICE: for Safety, for Work, for Fun - FOR LIFE