805
CXUS55 KTWC 280855
CF6TUS
PRELIMINARY LOCAL CLIMATOLOGICAL DATA (WS FORM: F-6)

                                          STATION:   TUCSON AZ
                                          MONTH:     NOVEMBER
                                          YEAR:      2014
                                          LATITUDE:   32  7 N
                                          LONGITUDE: 110 56 W

  TEMPERATURE IN F:       :PCPN:    SNOW:  WIND      :SUNSHINE: SKY     :PK WND
================================================================================
1   2   3   4   5  6A  6B    7    8   9   10  11  12  13   14  15   16   17  18
                                     12Z  AVG MX 2MIN
DY MAX MIN AVG DEP HDD CDD  WTR  SNW DPTH SPD SPD DIR MIN PSBL S-S WX    SPD DR
================================================================================

 1  86  66  76  11   0  11 0.00  0.0    0  8.6 22 220   M    M   M        30 230
 2  73  53  63  -2   2   0 0.00  0.0    0  7.4 18 300   M    M   M        26 220
 3  69  45  57  -8   8   0 0.00  0.0    0  5.3 14 330   M    M   M        19 320
 4  73  43  58  -6   7   0 0.00  0.0    0  6.1 17  50   M    M   M        21  50
 5  78  50  64   0   1   0 0.00  0.0    0  7.4 21 120   M    M   0        26 120
 6  80  57  69   6   0   4 0.00  0.0    0 13.4 25 120   M    M   0        31 120
 7  81  57  69   6   0   4 0.00  0.0    0  8.8 23 140   M    M   0        27 130
 8  85  51  68   5   0   3 0.00  0.0    0 11.4 25 120   M    M   0        33 110
 9  85  58  72  10   0   7 0.00  0.0    0  8.2 28 110   M    M   0 8      33 110
10  84  54  69   7   0   4 0.00  0.0    0  8.0 18 240   M    M   0        24 220
11  80  56  68   6   0   3 0.00  0.0    0  7.2 16 210   M    M   0        21 200
12  80  54  67   6   0   2 0.00  0.0    0  5.5 16 220   M    M   0        22 230
13  80  54  67   6   0   2 0.00  0.0    0  4.8 12 130   M    M   0        15 290
14  79  52  66   6   0   1 0.00  0.0    0  7.5 17 340   M    M   1        22 260
15  75  53  64   4   1   0 0.00  0.0    0  4.9 14 310   M    M   1        19 290
16  68  46  57  -3   8   0 0.00  0.0    0  7.1 17 340   M    M   2        23 290
17  70  36  53  -6  12   0 0.00  0.0    0  5.4 21 130   M    M   0        25 120
18  73  38  56  -3   9   0 0.00  0.0    0  6.8 20 120   M    M   0        24 120
19  74  42  58   0   7   0 0.00  0.0    0  5.5 14 130   M    M   0        16 150
20  74  43  59   1   6   0 0.00  0.0    0  6.7 15 150   M    M   0        20 130
21  69  47  58   0   7   0 0.00  0.0    0  7.5 20 270   M    M   1        27 270
22  71  39  55  -2  10   0 0.00  0.0    0  5.7 10 270   M    M   0        14 270
23  67  41  54  -3  11   0 0.00  0.0    0  6.2 20 330   M    M   0        25 330
24  65  33  49  -7  16   0 0.00  0.0    0  6.0 16 330   M    M   0        22 340
25  66  37  52  -4  13   0 0.00  0.0    0  5.0 14 140   M    M   0        15 140
26  75  35  55  -1  10   0 0.00  0.0    0  5.6 16 150   M    M   0        24 190
27  83  41  62   6   3   0 0.00  0.0    0  8.9 22 110   M    M   0        27 110
================================================================================
SM 2043 1281       131  41  0.00     0.0 190.9          M        5
================================================================================
AV 75.7 47.4                               7.1 FASTST   M    M   0    MAX(MPH)
                                 MISC ---->  # 28 110               # 33  110
================================================================================
NOTES:
# LAST OF SEVERAL OCCURRENCES

COLUMN 17 PEAK WIND IN M.P.H.

PRELIMINARY LOCAL CLIMATOLOGICAL DATA (WS FORM: F-6) , PAGE 2

                                          STATION:  TUCSON AZ
                                          MONTH:    NOVEMBER
                                          YEAR:     2014
                                          LATITUDE:   32  7 N
                                          LONGITUDE: 110 56 W

[TEMPERATURE DATA]      [PRECIPITATION DATA]       SYMBOLS USED IN COLUMN 16

AVERAGE MONTHLY: 61.6   TOTAL FOR MONTH:   0.00    1 = FOG OR MIST
DPTR FM NORMAL:   1.2   DPTR FM NORMAL:   -0.50    2 = FOG REDUCING VISIBILITY
HIGHEST:    86 ON  1    GRTST 24HR  0.00 ON 27-27      TO 1/4 MILE OR LESS
LOWEST:     33 ON 24                               3 = THUNDER
                        SNOW, ICE PELLETS, HAIL    4 = ICE PELLETS
                        TOTAL MONTH:   0.0 INCH    5 = HAIL
                        GRTST 24HR     0.0         6 = FREEZING RAIN OR DRIZZLE
                        GRTST DEPTH:   0           7 = DUSTSTORM OR SANDSTORM:
                                                       VSBY 1/2 MILE OR LESS
                                                   8 = SMOKE OR HAZE
[NO. OF DAYS WITH]      [WEATHER - DAYS WITH]      9 = BLOWING SNOW
                                                   X = TORNADO
MAX 32 OR BELOW:   0    0.01 INCH OR MORE:   0
MAX 90 OR ABOVE:   0    0.10 INCH OR MORE:   0
MIN 32 OR BELOW:   0    0.50 INCH OR MORE:   0
MIN  0 OR BELOW:   0    1.00 INCH OR MORE:   0

[HDD (BASE 65) ]
TOTAL THIS MO.   131    CLEAR  (SCALE 0-3)  23
DPTR FM NORMAL   -22    PTCLDY (SCALE 4-7)   0
TOTAL FM JUL 1   131    CLOUDY (SCALE 8-10)  0
DPTR FM NORMAL   -46

[CDD (BASE 65) ]
TOTAL THIS MO.    41
DPTR FM NORMAL    16    [PRESSURE DATA]
TOTAL FM JAN 1  3615    HIGHEST SLP M ON M
DPTR FM NORMAL   471    LOWEST  SLP 29.74 ON 10

[REMARKS]




U.S. Dept. of Commerce
NOAA National Weather Service
1325 East West Highway
Silver Spring, MD 20910
E-mail: w-nws.webmaster@noaa.gov
Page last modified: May 16, 2007
NATIONAL WEATHER SERVICE: for Safety, for Work, for Fun - FOR LIFE