460
CXUS55 KTWC 300855
CF6TUS
PRELIMINARY LOCAL CLIMATOLOGICAL DATA (WS FORM: F-6)

                                          STATION:   TUCSON AZ
                                          MONTH:     AUGUST
                                          YEAR:      2014
                                          LATITUDE:   32  7 N
                                          LONGITUDE: 110 56 W

  TEMPERATURE IN F:       :PCPN:    SNOW:  WIND      :SUNSHINE: SKY     :PK WND
================================================================================
1   2   3   4   5  6A  6B    7    8   9   10  11  12  13   14  15   16   17  18
                                     12Z  AVG MX 2MIN
DY MAX MIN AVG DEP HDD CDD  WTR  SNW DPTH SPD SPD DIR MIN PSBL S-S WX    SPD DR
================================================================================

 1  93  72  83  -3   0  18 0.43  0.0    0  6.8 25 130   M    M   3 3      31 130
 2  88  73  81  -5   0  16 0.03  0.0    0  8.4 16 130   M    M   5 3      24  10
 3  96  71  84  -2   0  19 0.00  0.0    0  5.6 13 180   M    M   0        18 200
 4  99  76  88   2   0  23 0.00  0.0    0  5.3 18 320   M    M   1        26 360
 5 101  72  87   1   0  22 0.00  0.0    0  5.6 10 300   M    M   0        16 290
 6 102  75  89   3   0  24 0.00  0.0    0  5.7 15 260   M    M   0        19 310
 7 100  76  88   2   0  23 0.00  0.0    0  4.8 10 270   M    M   0        16 270
 8 100  79  90   5   0  25 0.00  0.0    0  5.6 14 260   M    M   0        18 360
 9  99  78  89   4   0  24 0.00  0.0    0  9.7 30 120   M    M   0        42 130
10  99  76  88   3   0  23 0.05  0.0    0  6.1 25 100   M    M   2        35  80
11 101  81  91   6   0  26 0.00  0.0    0  9.1 23 160   M    M   2 3      29 140
12  94  72  83  -2   0  18 0.21  0.0    0  8.4 25 240   M    M   3 13     36 230
13  94  72  83  -2   0  18    T  0.0    0  7.8 20 270   M    M   2 3      23 260
14  93  76  85   0   0  20    T  0.0    0  5.7 20 150   M    M   1 3      23 150
15  95  76  86   1   0  21    T  0.0    0  6.0 20  80   M    M   2 3      24  70
16 100  75  88   3   0  23 0.24  0.0    0  6.5 30  70   M    M   0 3      36  70
17  99  71  85   0   0  20 0.79  0.0    0  8.8 32  70   M    M   2 3      45  70
18  94  73  84  -1   0  19    T  0.0    0  7.0 21 170   M    M   2 3      25 160
19  91  73  82  -3   0  17 0.13  0.0    0  8.3 26 150   M    M   M 3      31 160
20  92  71  82  -3   0  17 0.00  0.0    0  6.3 20 220   M    M   M 3      24 220
21  86  71  79  -6   0  14 0.01  0.0    0  5.6 18 260   M    M   M 3      22 250
22  91  69  80  -5   0  15    T  0.0    0  4.8 18 240   M    M   3        23 240
23  95  73  84  -1   0  19 0.00  0.0    0  6.1 13 270   M    M   0        19 240
24  98  74  86   1   0  21 0.00  0.0    0  7.6 15 180   M    M   1        20 180
25  91  77  84  -1   0  19 0.00  0.0    0  6.9 17 270   M    M   2 3      21 200
26  91  75  83  -2   0  18    T  0.0    0  5.8 16 210   M    M   3 3      22 210
27  96  73  85   0   0  20 0.00  0.0    0  5.1 15 330   M    M   0        20 330
28  99  74  87   2   0  22 0.00  0.0    0  6.8 15 330   M    M   1        19 350
29 102  72  87   2   0  22 0.00  0.0    0  6.0 15 150   M    M   0        19 290
================================================================================
SM 2779 2146         0 586  1.89     0.0 192.2          M       35
================================================================================
AV 95.8 74.0                               6.6 FASTST   M    M   1    MAX(MPH)
                                 MISC ---->  # 32  70               # 45   70
================================================================================
NOTES:
# LAST OF SEVERAL OCCURRENCES

COLUMN 17 PEAK WIND IN M.P.H.

PRELIMINARY LOCAL CLIMATOLOGICAL DATA (WS FORM: F-6) , PAGE 2

                                          STATION:  TUCSON AZ
                                          MONTH:    AUGUST
                                          YEAR:     2014
                                          LATITUDE:   32  7 N
                                          LONGITUDE: 110 56 W

[TEMPERATURE DATA]      [PRECIPITATION DATA]       SYMBOLS USED IN COLUMN 16

AVERAGE MONTHLY: 84.9   TOTAL FOR MONTH:   1.89    1 = FOG OR MIST
DPTR FM NORMAL:  -0.3   DPTR FM NORMAL:   -0.37    2 = FOG REDUCING VISIBILITY
HIGHEST:   102 ON 29, 6 GRTST 24HR  0.99 ON 16-17      TO 1/4 MILE OR LESS
LOWEST:     69 ON 22                               3 = THUNDER
                        SNOW, ICE PELLETS, HAIL    4 = ICE PELLETS
                        TOTAL MONTH:   0.0 INCH    5 = HAIL
                        GRTST 24HR     0.0         6 = FREEZING RAIN OR DRIZZLE
                        GRTST DEPTH:   0           7 = DUSTSTORM OR SANDSTORM:
                                                       VSBY 1/2 MILE OR LESS
                                                   8 = SMOKE OR HAZE
[NO. OF DAYS WITH]      [WEATHER - DAYS WITH]      9 = BLOWING SNOW
                                                   X = TORNADO
MAX 32 OR BELOW:   0    0.01 INCH OR MORE:   8
MAX 90 OR ABOVE:  27    0.10 INCH OR MORE:   5
MIN 32 OR BELOW:   0    0.50 INCH OR MORE:   1
MIN  0 OR BELOW:   0    1.00 INCH OR MORE:   0

[HDD (BASE 65) ]
TOTAL THIS MO.     0    CLEAR  (SCALE 0-3)  23
DPTR FM NORMAL     0    PTCLDY (SCALE 4-7)   3
TOTAL FM JUL 1     0    CLOUDY (SCALE 8-10)  0
DPTR FM NORMAL     0

[CDD (BASE 65) ]
TOTAL THIS MO.   586
DPTR FM NORMAL     0    [PRESSURE DATA]
TOTAL FM JAN 1  2644    HIGHEST SLP M ON M
DPTR FM NORMAL   279    LOWEST  SLP 29.69 ON 29

[REMARKS]




U.S. Dept. of Commerce
NOAA National Weather Service
1325 East West Highway
Silver Spring, MD 20910
E-mail: w-nws.webmaster@noaa.gov
Page last modified: May 16, 2007
NATIONAL WEATHER SERVICE: for Safety, for Work, for Fun - FOR LIFE