738
CXUS55 KTWC 010855
CF6TUS
PRELIMINARY LOCAL CLIMATOLOGICAL DATA (WS FORM: F-6)

                                          STATION:   TUCSON AZ
                                          MONTH:     JULY
                                          YEAR:      2014
                                          LATITUDE:   32  7 N
                                          LONGITUDE: 110 56 W

  TEMPERATURE IN F:       :PCPN:    SNOW:  WIND      :SUNSHINE: SKY     :PK WND
================================================================================
1   2   3   4   5  6A  6B    7    8   9   10  11  12  13   14  15   16   17  18
                                     12Z  AVG MX 2MIN
DY MAX MIN AVG DEP HDD CDD  WTR  SNW DPTH SPD SPD DIR MIN PSBL S-S WX    SPD DR
================================================================================

 1 106  77  92   4   0  27 0.00  0.0    0  7.1 20 350   M    M   0        30  30
 2 104  78  91   3   0  26 0.00  0.0    0  9.0 22 180   M    M   0        29 160
 3 104  78  91   3   0  26 0.16  0.0    0  8.5 26 210   M    M   2 3      34 210
 4  97  75  86  -2   0  21    T  0.0    0  8.3 21 180   M    M   3        24 200
 5  97  75  86  -2   0  21 0.09  0.0    0  6.9 20 230   M    M   4 3      26 230
 6  99  74  87  -1   0  22 0.00  0.0    0  5.1 23 140   M    M   2 3      30 130
 7  97  77  87  -1   0  22 0.05  0.0    0  9.7 29 160   M    M   2 3      36 310
 8 100  75  88   0   0  23 0.00  0.0    0  7.2 29 210   M    M   0 3      33 210
 9  97  72  85  -3   0  20 0.37  0.0    0  8.5 26 170   M    M   2 13     31 260
10  99  77  88   0   0  23 0.00  0.0    0  7.6 20 300   M    M   0        27 290
11  99  78  89   1   0  24 0.02  0.0    0  9.4 31 140   M    M   2 3      37 140
12 100  73  87  -1   0  22 0.01  0.0    0  7.2 24 130   M    M   1        31 130
13 102  73  88   0   0  23 0.15  0.0    0 10.0 40  90   M    M   2 38     49  90
14  96  74  85  -2   0  20 0.00  0.0    0  7.5 22 140   M    M   M 3      27 320
15  87  71  79  -8   0  14 0.56  0.0    0  7.5 22 140   M    M   M 3      26  60
16  98  73  86  -1   0  21 0.00  0.0    0  7.3 17 260   M    M   1        23 340
17  96  78  87   0   0  22 0.00  0.0    0  5.7 15 220   M    M   M        18 210
18  98  76  87   0   0  22 0.00  0.0    0  7.1 15 250   M    M   M        22 240
19 101  76  89   2   0  24 0.00  0.0    0  4.9 14 280   M    M   0        20 290
20 102  78  90   3   0  25 0.00  0.0    0  5.7 16  30   M    M   M        23 320
21 102  81  92   5   0  27 0.00  0.0    0  7.2 16 340   M    M   0        21 320
22 105  79  92   5   0  27 0.00  0.0    0  5.0 17 120   M    M   1        22 120
23 106  86  96   9   0  31    T  0.0    0 12.7 31 110   M    M   2 3      40 110
24 107  80  94   8   0  29 0.00  0.0    0 10.8 23 120   M    M   0        30 230
25 101  78  90   4   0  25 0.00  0.0    0  7.8 40 140   M    M   2 38     48 140
26 100  74  87   1   0  22 0.00  0.0    0  8.4 20 340   M    M   0 3      26 350
27  99  76  88   2   0  23 0.01  0.0    0 11.2 30  50   M    M   3 3      40  50
28  95  75  85  -1   0  20 0.01  0.0    0  7.6 25 130   M    M   0        31 130
29 103  77  90   4   0  25 0.00  0.0    0  4.5 13 270   M    M   0        19 270
30 105  80  93   7   0  28 0.00  0.0    0  7.4 26 220   M    M   0 38     38 220
31  98  82  90   4   0  25 0.00  0.0    0  8.1 21 140   M    M   2        25 160
================================================================================
SM 3100 2376         0 730  1.43     0.0 240.9          M       31
================================================================================
AV100.0 76.6                               7.8 FASTST   M    M   1    MAX(MPH)
                                 MISC ---->  # 40  90               # 49   90
================================================================================
NOTES:
# LAST OF SEVERAL OCCURRENCES

COLUMN 17 PEAK WIND IN M.P.H.

PRELIMINARY LOCAL CLIMATOLOGICAL DATA (WS FORM: F-6) , PAGE 2

                                          STATION:  TUCSON AZ
                                          MONTH:    JULY
                                          YEAR:     2014
                                          LATITUDE:   32  7 N
                                          LONGITUDE: 110 56 W

[TEMPERATURE DATA]      [PRECIPITATION DATA]       SYMBOLS USED IN COLUMN 16

AVERAGE MONTHLY: 88.3   TOTAL FOR MONTH:   1.43    1 = FOG OR MIST
DPTR FM NORMAL:   1.3   DPTR FM NORMAL:   -0.82    2 = FOG REDUCING VISIBILITY
HIGHEST:   107 ON 24    GRTST 24HR  0.56 ON 15-15      TO 1/4 MILE OR LESS
LOWEST:     71 ON 15                               3 = THUNDER
                        SNOW, ICE PELLETS, HAIL    4 = ICE PELLETS
                        TOTAL MONTH:   0.0 INCH    5 = HAIL
                        GRTST 24HR     0.0         6 = FREEZING RAIN OR DRIZZLE
                        GRTST DEPTH:   0           7 = DUSTSTORM OR SANDSTORM:
                                                       VSBY 1/2 MILE OR LESS
                                                   8 = SMOKE OR HAZE
[NO. OF DAYS WITH]      [WEATHER - DAYS WITH]      9 = BLOWING SNOW
                                                   X = TORNADO
MAX 32 OR BELOW:   0    0.01 INCH OR MORE:  10
MAX 90 OR ABOVE:  30    0.10 INCH OR MORE:   4
MIN 32 OR BELOW:   0    0.50 INCH OR MORE:   1
MIN  0 OR BELOW:   0    1.00 INCH OR MORE:   0

[HDD (BASE 65) ]
TOTAL THIS MO.     0    CLEAR  (SCALE 0-3)  25
DPTR FM NORMAL     0    PTCLDY (SCALE 4-7)   1
TOTAL FM JUL 1     0    CLOUDY (SCALE 8-10)  0
DPTR FM NORMAL     0

[CDD (BASE 65) ]
TOTAL THIS MO.   730
DPTR FM NORMAL    47    [PRESSURE DATA]
TOTAL FM JAN 1  2058    HIGHEST SLP M ON M
DPTR FM NORMAL   279    LOWEST  SLP 27.37 ON 23

[REMARKS]
#FINAL-07-14#




U.S. Dept. of Commerce
NOAA National Weather Service
1325 East West Highway
Silver Spring, MD 20910
E-mail: w-nws.webmaster@noaa.gov
Page last modified: May 16, 2007
NATIONAL WEATHER SERVICE: for Safety, for Work, for Fun - FOR LIFE