688
CXUS55 KTWC 010855
CF6TUS
PRELIMINARY LOCAL CLIMATOLOGICAL DATA (WS FORM: F-6)

                                          STATION:   TUCSON AZ
                                          MONTH:     JANUARY
                                          YEAR:      2015
                                          LATITUDE:   32  7 N
                                          LONGITUDE: 110 56 W

  TEMPERATURE IN F:       :PCPN:    SNOW:  WIND      :SUNSHINE: SKY     :PK WND
================================================================================
1   2   3   4   5  6A  6B    7    8   9   10  11  12  13   14  15   16   17  18
                                     12Z  AVG MX 2MIN
DY MAX MIN AVG DEP HDD CDD  WTR  SNW DPTH SPD SPD DIR MIN PSBL S-S WX    SPD DR
================================================================================

 1  41  30  36 -16  29   0    T    T    0  4.6 12 330   M    M   3 2      12 330
 2  44  30  37 -15  28   0 0.00  0.0    0  2.5  9 350   M    M   5 8      10 340
 3  50  29  40 -12  25   0 0.00  0.0    0  5.3 12 150   M    M   0        17 190
 4  65  31  48  -4  17   0 0.00  0.0    0  5.3 13 110   M    M   0        17 110
 5  74  38  56   4   9   0 0.00  0.0    0  9.5 24 120   M    M   0        32 120
 6  77  36  57   5   8   0 0.00  0.0    0  7.2 14 140   M    M   0        18 130
 7  79  43  61   9   4   0 0.00  0.0    0 15.6 30 120   M    M   M        36 120
 8  64  50  57   5   8   0 0.25  0.0    0 13.8 25 120   M    M   8        33 130
 9  69  48  59   7   6   0 0.00  0.0    0 13.0 24 120   M    M   2        31 120
10  69  48  59   7   6   0 0.00  0.0    0 10.3 22 130   M    M   1        29 110
11  70  47  59   7   6   0    T    M    0  6.2 14 140   M    M   7        16 130
12  67  51  59   7   6   0 0.06  0.0    0  3.9 14 190   M    M   7 1      18 190
13  66  46  56   4   9   0    T    M    0  6.6 25 340   M    M   5        32 350
14  60  44  52   0  13   0    T    M    0  3.6 20 350   M    M   4 12     25 360
15  67  40  54   1  11   0 0.00  0.0    0 10.2 25 130   M    M   0        30 130
16  71  48  60   7   5   0 0.00  0.0    0 10.2 24 120   M    M   0        32 120
17  73  40  57   4   8   0 0.00  0.0    0  5.5 14 140   M    M   0        18 150
18  77  43  60   7   5   0 0.00  0.0    0  6.8 14 140   M    M   0        16 140
19  77  45  61   8   4   0 0.00  0.0    0  6.3 12 340   M    M   0        15 180
20  77  45  61   8   4   0 0.00  0.0    0  6.1 15 140   M    M   0        18 140
21  70  43  57   4   8   0 0.00  0.0    0  6.5 22 300   M    M   0        29 310
22  59  45  52  -1  13   0 0.00  0.0    0 10.9 25 330   M    M   0        33 330
23  61  41  51  -2  14   0 0.00  0.0    0  8.4 23 130   M    M   0        28 140
24  71  45  58   5   7   0 0.00  0.0    0 12.8 29 130   M    M   0        35 120
25  73  49  61   8   4   0 0.00  0.0    0  8.3 18 130   M    M   0        24 120
26  68  49  59   6   6   0    T    M    0  5.8 16 110   M    M   7        21 120
27  75  50  63   9   2   0 0.06  0.0    0  5.6 14 330   M    M   2 1      18 340
28  77  47  62   8   3   0 0.00  0.0    0  4.8 13 340   M    M   0        17 350
29  69  52  61   7   4   0 0.01  0.0    0  7.2 21 150   M    M   M        24 150
30  62  53  58   4   7   0 1.39  0.0    0  8.6 23 140   M    M  10 1      27 140
31  56  52  54   0  11   0 0.77  0.0    0  3.3 14 270   M    M   8 1      17 260
================================================================================
SM 2078 1358       290   0  2.54    T    234.7          M       69
================================================================================
AV 67.0 43.8                               7.6 FASTST   M    M   2    MAX(MPH)
                                 MISC ---->  # 30 120               # 36  120
================================================================================
NOTES:
# LAST OF SEVERAL OCCURRENCES

COLUMN 17 PEAK WIND IN M.P.H.

PRELIMINARY LOCAL CLIMATOLOGICAL DATA (WS FORM: F-6) , PAGE 2

                                          STATION:  TUCSON AZ
                                          MONTH:    JANUARY
                                          YEAR:     2015
                                          LATITUDE:   32  7 N
                                          LONGITUDE: 110 56 W

[TEMPERATURE DATA]      [PRECIPITATION DATA]       SYMBOLS USED IN COLUMN 16

AVERAGE MONTHLY: 55.4   TOTAL FOR MONTH:   2.54    1 = FOG OR MIST
DPTR FM NORMAL:   2.8   DPTR FM NORMAL:    1.60    2 = FOG REDUCING VISIBILITY
HIGHEST:    79 ON  7    GRTST 24HR  1.91 ON 30-31      TO 1/4 MILE OR LESS
LOWEST:     29 ON  3                               3 = THUNDER
                        SNOW, ICE PELLETS, HAIL    4 = ICE PELLETS
                        TOTAL MONTH:    T          5 = HAIL
                        GRTST 24HR    T  ON  1- 1  6 = FREEZING RAIN OR DRIZZLE
                        GRTST DEPTH:   0           7 = DUSTSTORM OR SANDSTORM:
                                                       VSBY 1/2 MILE OR LESS
                                                   8 = SMOKE OR HAZE
[NO. OF DAYS WITH]      [WEATHER - DAYS WITH]      9 = BLOWING SNOW
                                                   X = TORNADO
MAX 32 OR BELOW:   0    0.01 INCH OR MORE:   6
MAX 90 OR ABOVE:   0    0.10 INCH OR MORE:   3
MIN 32 OR BELOW:   4    0.50 INCH OR MORE:   2
MIN  0 OR BELOW:   0    1.00 INCH OR MORE:   1

[HDD (BASE 65) ]
TOTAL THIS MO.   290    CLEAR  (SCALE 0-3)  20
DPTR FM NORMAL   -93    PTCLDY (SCALE 4-7)   8
TOTAL FM JUL 1   758    CLOUDY (SCALE 8-10)  1
DPTR FM NORMAL  -236

[CDD (BASE 65) ]
TOTAL THIS MO.     0
DPTR FM NORMAL    -1    [PRESSURE DATA]
TOTAL FM JAN 1     0    HIGHEST SLP M ON M
DPTR FM NORMAL     0    LOWEST  SLP 29.76 ON 31

[REMARKS]
#FINAL-01-15#




U.S. Dept. of Commerce
NOAA National Weather Service
1325 East West Highway
Silver Spring, MD 20910
E-mail: w-nws.webmaster@noaa.gov
Page last modified: May 16, 2007
NATIONAL WEATHER SERVICE: for Safety, for Work, for Fun - FOR LIFE