132
CXUS54 KMEG 300637
CF6TUP
PRELIMINARY LOCAL CLIMATOLOGICAL DATA (WS FORM: F-6)

                                          STATION:   TUPELO
                                          MONTH:     AUGUST
                                          YEAR:      2014
                                          LATITUDE:   34 16 N
                                          LONGITUDE:  88 46 W

  TEMPERATURE IN F:       :PCPN:    SNOW:  WIND      :SUNSHINE: SKY     :PK WND
================================================================================
1   2   3   4   5  6A  6B    7    8   9   10  11  12  13   14  15   16   17  18
                                     12Z  AVG MX 2MIN
DY MAX MIN AVG DEP HDD CDD  WTR  SNW DPTH SPD SPD DIR MIN PSBL S-S WX    SPD DR
================================================================================

 1  88  68  78  -4   0  13 0.00  0.0    0  5.6 10  90   M    M   2 18     14  80
 2  86  70  78  -4   0  13 0.02  0.0    0  4.1 17  30   M    M   4 3      20  40
 3  90  69  80  -2   0  15 0.00  0.0    0  4.6 14  70   M    M   2 1      17  70
 4  90  70  80  -2   0  15 0.00  0.0    0  4.4 10 150   M    M   3 18     13 150
 5  92  68  80  -2   0  15 0.00  0.0    0  1.9 10 360   M    M   0 18     13 350
 6  94  70  82   0   0  17 0.00  0.0    0  2.2 10 280   M    M   0        14 270
 7  94  72  83   1   0  18 0.09  0.0    0  3.4 21 300   M    M   2 138    35 310
 8  94  73  84   3   0  19 0.15  0.0    0  5.6 18 270   M    M   3 138    25 280
 9  92  73  83   2   0  18 0.00  0.0    0  5.0 12 280   M    M   4        15 270
10  92  72  82   1   0  17 0.00  0.0    0  4.3 10 280   M    M   2 1      14 290
11  86  72  79  -2   0  14 0.01  0.0    0  5.3 12 270   M    M   4 3      16 270
12  89  67  78  -3   0  13 0.00  0.0    0  6.2 17  20   M    M   3 12     21 360
13  83  61  72  -9   0   7 0.00  0.0    0  6.3 14  30   M    M   0        22  40
14  87  60  74  -7   0   9 0.00  0.0    0  3.5 12  10   M    M   1        15 360
15  88  61  75  -6   0  10 0.00  0.0    0  2.3 10  40   M    M   1 8      13  30
16  90  65  78  -3   0  13 0.00  0.0    0  3.5 12 220   M    M   1 18     15 280
17  88  70  79  -2   0  14 0.01  0.0    0  6.1 25 350   M    M   5 13     33 350
18  86  72  79  -2   0  14 0.20  0.0    0  4.8 16 340   M    M   4 18     23 340
19  93  72  83   2   0  18 0.00  0.0    0  4.7 14 280   M    M   1        19 280
20  96  75  86   5   0  21 0.00  0.0    0  4.6 13 290   M    M   0        19 280
21  95  73  84   3   0  19 0.00  0.0    0  3.5 12 260   M    M   1        15 270
22  97  75  86   6   0  21 0.00  0.0    0  3.5 10 270   M    M   0        16 280
23  97  73  85   5   0  20 0.00  0.0    0  3.5 10 330   M    M   0        14 350
24  96  75  86   6   0  21 0.00  0.0    0  5.5 15  80   M    M   1        20  70
25  92  77  85   5   0  20 0.00  0.0    0  6.6 14 180   M    M   2        21 160
26  88  71  80   0   0  15 0.00  0.0    0  4.8 10  70   M    M   5        14  80
27  92  67  80   0   0  15 0.00  0.0    0  3.7 13  60   M    M   1 1      20  70
28  96  69  83   3   0  18 0.00  0.0    0  2.1 12 170   M    M   2 18     14 170
29  94  69  82   2   0  17 0.00  0.0    0  4.9 15 190   M    M   1        20 200
================================================================================
SM 2645 2029         0 459  0.48     0.0 126.5          M       55
================================================================================
AV 91.2 70.0                               4.4 FASTST   M    M   2    MAX(MPH)
                                 MISC ---->  # 25 350               # 35  310
================================================================================
NOTES:
# LAST OF SEVERAL OCCURRENCES

COLUMN 17 PEAK WIND IN M.P.H.

PRELIMINARY LOCAL CLIMATOLOGICAL DATA (WS FORM: F-6) , PAGE 2

                                          STATION:  TUPELO
                                          MONTH:    AUGUST
                                          YEAR:     2014
                                          LATITUDE:   34 16 N
                                          LONGITUDE:  88 46 W

[TEMPERATURE DATA]      [PRECIPITATION DATA]       SYMBOLS USED IN COLUMN 16

AVERAGE MONTHLY: 80.6   TOTAL FOR MONTH:   0.48    1 = FOG OR MIST
DPTR FM NORMAL:  -0.4   DPTR FM NORMAL:   -2.79    2 = FOG REDUCING VISIBILITY
HIGHEST:    97 ON 23,22 GRTST 24HR  0.24 ON  7- 8      TO 1/4 MILE OR LESS
LOWEST:     60 ON 14                               3 = THUNDER
                        SNOW, ICE PELLETS, HAIL    4 = ICE PELLETS
                        TOTAL MONTH:   0.0 INCH    5 = HAIL
                        GRTST 24HR     0.0         6 = FREEZING RAIN OR DRIZZLE
                        GRTST DEPTH:   0           7 = DUSTSTORM OR SANDSTORM:
                                                       VSBY 1/2 MILE OR LESS
                                                   8 = SMOKE OR HAZE
[NO. OF DAYS WITH]      [WEATHER - DAYS WITH]      9 = BLOWING SNOW
                                                   X = TORNADO
MAX 32 OR BELOW:   0    0.01 INCH OR MORE:   6
MAX 90 OR ABOVE:  19    0.10 INCH OR MORE:   2
MIN 32 OR BELOW:   0    0.50 INCH OR MORE:   0
MIN  0 OR BELOW:   0    1.00 INCH OR MORE:   0

[HDD (BASE 65) ]
TOTAL THIS MO.     0    CLEAR  (SCALE 0-3)  22
DPTR FM NORMAL     0    PTCLDY (SCALE 4-7)   7
TOTAL FM JUL 1     0    CLOUDY (SCALE 8-10)  0
DPTR FM NORMAL     0

[CDD (BASE 65) ]
TOTAL THIS MO.   459
DPTR FM NORMAL    -1    [PRESSURE DATA]
TOTAL FM JAN 1  1518    HIGHEST SLP M ON M
DPTR FM NORMAL  -124    LOWEST  SLP 29.82 ON 19

[REMARKS]




U.S. Dept. of Commerce
NOAA National Weather Service
1325 East West Highway
Silver Spring, MD 20910
E-mail: w-nws.webmaster@noaa.gov
Page last modified: May 16, 2007
NATIONAL WEATHER SERVICE: for Safety, for Work, for Fun - FOR LIFE