038
CXUS54 KMEG 270740
CF6TUP
PRELIMINARY LOCAL CLIMATOLOGICAL DATA (WS FORM: F-6)

                                          STATION:   TUPELO
                                          MONTH:     NOVEMBER
                                          YEAR:      2014
                                          LATITUDE:   34 16 N
                                          LONGITUDE:  88 46 W

  TEMPERATURE IN F:       :PCPN:    SNOW:  WIND      :SUNSHINE: SKY     :PK WND
================================================================================
1   2   3   4   5  6A  6B    7    8   9   10  11  12  13   14  15   16   17  18
                                     12Z  AVG MX 2MIN
DY MAX MIN AVG DEP HDD CDD  WTR  SNW DPTH SPD SPD DIR MIN PSBL S-S WX    SPD DR
================================================================================

 1  53  33  43 -15  22   0 0.00  0.0    0  9.7 22  30   M    M   0        27  40
 2  60  28  44 -14  21   0 0.00  0.0    0  2.3  9 120   M    M   0        12 130
 3  67  36  52  -5  13   0 0.00  0.0    0  3.6 13 210   M    M   0        17 170
 4  73  46  60   3   5   0 0.00  0.0    0  8.5 20 220   M    M   2        27 210
 5  68  60  64   7   1   0 0.58  0.0    0  4.1  9 200   M    M  10 1      13 310
 6  67  45  56   0   9   0 0.00  0.0    0 10.3 29  30   M    M   4 1      39  30
 7  58  36  47  -9  18   0 0.00  0.0    0  5.9 25  40   M    M   0        30  40
 8  63  33  48  -8  17   0 0.00  0.0    0  4.9 12 270   M    M   0        19 240
 9  63  36  50  -5  15   0 0.00  0.0    0  2.3  9  10   M    M   0 1      12  10
10  70  36  53  -2  12   0 0.00  0.0    0  7.3 18 180   M    M   0        24 170
11  74  43  59   5   6   0 0.03  0.0    0 10.1 20  20   M    M   7 8      26  10
12  47  36  42 -12  23   0 0.00  0.0    0 14.4 21  30   M    M   7        25  30
13  41  26  34 -20  31   0 0.00  0.0    0 11.8 22  30   M    M   5        26  30
14  40  21  31 -23  34   0 0.00  0.0    0  9.0 18  50   M    M   0        23  50
15  47  23  35 -18  30   0 0.00  0.0    0  5.1 10 210   M    M   3        14 210
16  48  40  44  -9  21   0 2.83  0.0    0  6.5 17  10   M    M  10 1      21  20
17  41  26  34 -18  31   0 0.31  0.0    0 10.6 20  10   M    M   4 1      28 360
18  39  21  30 -22  35   0 0.00  0.0    0  5.0 16 360   M    M   0        24  10
19  58  22  40 -12  25   0 0.00  0.0    0  8.3 20 260   M    M   0        28 240
20  59  35  47  -4  18   0 0.00  0.0    0  3.5 10 250   M    M   2        16 240
21  64  39  52   1  13   0 0.00  0.0    0  5.3 13 130   M    M   7        16 130
22  68  43  56   5   9   0    T  0.0    0  7.8 18 200   M    M   3        23 200
23  67  58  63  13   2   0 0.75  0.0    0 11.0 28 190   M    M   9 18     35 190
24  63  37  50   0  15   0 0.00  0.0    0  6.5 18 220   M    M   2        25 220
25  50  33  42  -8  23   0 0.00  0.0    0  4.9 14  20   M    M   0        16  20
26  56  27  42  -7  23   0 0.00  0.0    0  4.7 15 200   M    M   3        21 320
================================================================================
SM 1504  919       472   0  4.50     0.0 183.4          M       78
================================================================================
AV 57.8 35.3                               7.1 FASTST   M    M   3    MAX(MPH)
                                 MISC ---->  # 29  30               # 39   30
================================================================================
NOTES:
# LAST OF SEVERAL OCCURRENCES

COLUMN 17 PEAK WIND IN M.P.H.

PRELIMINARY LOCAL CLIMATOLOGICAL DATA (WS FORM: F-6) , PAGE 2

                                          STATION:  TUPELO
                                          MONTH:    NOVEMBER
                                          YEAR:     2014
                                          LATITUDE:   34 16 N
                                          LONGITUDE:  88 46 W

[TEMPERATURE DATA]      [PRECIPITATION DATA]       SYMBOLS USED IN COLUMN 16

AVERAGE MONTHLY: 46.6   TOTAL FOR MONTH:   4.50    1 = FOG OR MIST
DPTR FM NORMAL:  -7.1   DPTR FM NORMAL:    0.60    2 = FOG REDUCING VISIBILITY
HIGHEST:    74 ON 11    GRTST 24HR  3.14 ON 16-17      TO 1/4 MILE OR LESS
LOWEST:     21 ON 18,14                            3 = THUNDER
                        SNOW, ICE PELLETS, HAIL    4 = ICE PELLETS
                        TOTAL MONTH:   0.0 INCH    5 = HAIL
                        GRTST 24HR     0.0         6 = FREEZING RAIN OR DRIZZLE
                        GRTST DEPTH:   0           7 = DUSTSTORM OR SANDSTORM:
                                                       VSBY 1/2 MILE OR LESS
                                                   8 = SMOKE OR HAZE
[NO. OF DAYS WITH]      [WEATHER - DAYS WITH]      9 = BLOWING SNOW
                                                   X = TORNADO
MAX 32 OR BELOW:   0    0.01 INCH OR MORE:   5
MAX 90 OR ABOVE:   0    0.10 INCH OR MORE:   4
MIN 32 OR BELOW:   8    0.50 INCH OR MORE:   3
MIN  0 OR BELOW:   0    1.00 INCH OR MORE:   1

[HDD (BASE 65) ]
TOTAL THIS MO.   472    CLEAR  (SCALE 0-3)  16
DPTR FM NORMAL   164    PTCLDY (SCALE 4-7)   7
TOTAL FM JUL 1   571    CLOUDY (SCALE 8-10)  3
DPTR FM NORMAL   115

[CDD (BASE 65) ]
TOTAL THIS MO.     0
DPTR FM NORMAL    -9    [PRESSURE DATA]
TOTAL FM JAN 1  1974    HIGHEST SLP M ON M
DPTR FM NORMAL   -68    LOWEST  SLP 29.31 ON 23

[REMARKS]




U.S. Dept. of Commerce
NOAA National Weather Service
1325 East West Highway
Silver Spring, MD 20910
E-mail: w-nws.webmaster@noaa.gov
Page last modified: May 16, 2007
NATIONAL WEATHER SERVICE: for Safety, for Work, for Fun - FOR LIFE