284
CXUS54 KTSA 310840
CF6TUL
PRELIMINARY LOCAL CLIMATOLOGICAL DATA (WS FORM: F-6)

                                          STATION:   TULSA OKLAHOMA
                                          MONTH:     JULY
                                          YEAR:      2014
                                          LATITUDE:   36 12 N
                                          LONGITUDE:  95 54 W

  TEMPERATURE IN F:       :PCPN:    SNOW:  WIND      :SUNSHINE: SKY     :PK WND
================================================================================
1   2   3   4   5  6A  6B    7    8   9   10  11  12  13   14  15   16   17  18
                                     12Z  AVG MX 2MIN
DY MAX MIN AVG DEP HDD CDD  WTR  SNW DPTH SPD SPD DIR MIN PSBL S-S WX    SPD DR
================================================================================

 1  90  72  81   0   0  16 0.00  0.0    0  7.2 18 330   M    M   9        23 330
 2  83  66  75  -7   0  10 0.00  0.0    0  9.1 16 360   M    M   7        22 360
 3  83  57  70 -12   0   5 0.00  0.0    0  5.3 13  40   M    M   2        16  40
 4  89  62  76  -6   0  11 0.00  0.0    0  6.9 15 170   M    M   3        20 180
 5  91  72  82   0   0  17 0.00  0.0    0 13.7 22 200   M    M   5        27 200
 6  97  74  86   4   0  21 0.00  0.0    0 16.1 23 190   M    M   4        28 170
 7 100  78  89   7   0  24 0.00  0.0    0 13.8 23 180   M    M   3        28 190
 8  93  71  82   0   0  17 0.00  0.0    0  8.4 20 180   M    M   8        26 200
 9  93  65  79  -3   0  14 0.00  0.0    0  3.9 12 130   M    M   6        15  50
10  78  65  72 -11   0   7 1.98  0.0    0  9.4 26 350   M    M   8 13     35 360
11  93  68  81  -2   0  16 0.00  0.0    0 10.2 18 170   M    M   1        23 200
12  96  77  87   4   0  22 0.00  0.0    0 11.2 17 170   M    M   1        24 200
13 101  74  88   5   0  23    T  0.0    0  9.0 32 290   M    M   3 3      42 290
14  92  72  82  -1   0  17    T  0.0    0  7.3 26  10   M    M   7        36  20
15  79  60  70 -13   0   5 0.00  0.0    0  7.0 18  10   M    M   6        24  10
16  74  61  68 -15   0   3 0.15  0.0    0  2.8 10 190   M    M   9 1      13 200
17  68  60  64 -19   1   0 0.27  0.0    0  7.1 16 130   M    M  10 1      22 130
18  78  59  69 -14   0   4 0.00  0.0    0  5.0 14 130   M    M   6        18 120
19  80  58  69 -14   0   4 0.00  0.0    0  4.1 13 140   M    M   6 12     16 130
20  86  64  75  -8   0  10 0.00  0.0    0  9.9 17 160   M    M   1        22 140
21  92  71  82  -1   0  17 0.00  0.0    0 10.2 16 160   M    M   3        20 190
22  96  76  86   3   0  21 0.00  0.0    0  6.9 14 190   M    M   6 8      17 170
23  93  70  82  -2   0  17 0.08  0.0    0  5.8 25  10   M    M   7 138    34 360
24  91  67  79  -5   0  14 0.00  0.0    0  6.3 13 130   M    M   3 1      17 150
25  95  74  85   1   0  20 0.00  0.0    0 13.4 23 170   M    M   2        27 170
26 100  78  89   5   0  24 0.00  0.0    0 13.3 21 200   M    M   5        26 190
27  94  72  83  -1   0  18 0.00  0.0    0  9.5 20 360   M    M   7        26  10
28  90  65  78  -6   0  13 0.00  0.0    0  6.5 17 360   M    M   6        21 330
29  92  64  78  -6   0  13 0.00  0.0    0  4.2 13 120   M    M   4        16 360
30  78  67  73 -11   0   8 1.77  0.0    0  6.2 17 230   M    M  10 1      22 230
================================================================================
SM 2665 2039         1 411  4.25     0.0 249.7          M      158
================================================================================
AV 88.8 68.0                               8.3 FASTST   M    M   5    MAX(MPH)
                                 MISC ---->  # 32 290               # 42  290
================================================================================
NOTES:
# LAST OF SEVERAL OCCURRENCES

COLUMN 17 PEAK WIND IN M.P.H.

PRELIMINARY LOCAL CLIMATOLOGICAL DATA (WS FORM: F-6) , PAGE 2

                                          STATION:  TULSA OKLAHOMA
                                          MONTH:    JULY
                                          YEAR:     2014
                                          LATITUDE:   36 12 N
                                          LONGITUDE:  95 54 W

[TEMPERATURE DATA]      [PRECIPITATION DATA]       SYMBOLS USED IN COLUMN 16

AVERAGE MONTHLY: 78.4   TOTAL FOR MONTH:   4.25    1 = FOG OR MIST
DPTR FM NORMAL:  -4.5   DPTR FM NORMAL:    0.99    2 = FOG REDUCING VISIBILITY
HIGHEST:   101 ON 13    GRTST 24HR  1.98 ON 10-10      TO 1/4 MILE OR LESS
LOWEST:     57 ON  3                               3 = THUNDER
                        SNOW, ICE PELLETS, HAIL    4 = ICE PELLETS
                        TOTAL MONTH:   0.0 INCH    5 = HAIL
                        GRTST 24HR     0.0         6 = FREEZING RAIN OR DRIZZLE
                        GRTST DEPTH:   0           7 = DUSTSTORM OR SANDSTORM:
                                                       VSBY 1/2 MILE OR LESS
                                                   8 = SMOKE OR HAZE
[NO. OF DAYS WITH]      [WEATHER - DAYS WITH]      9 = BLOWING SNOW
                                                   X = TORNADO
MAX 32 OR BELOW:   0    0.01 INCH OR MORE:   5
MAX 90 OR ABOVE:  19    0.10 INCH OR MORE:   4
MIN 32 OR BELOW:   0    0.50 INCH OR MORE:   2
MIN  0 OR BELOW:   0    1.00 INCH OR MORE:   2

[HDD (BASE 65) ]
TOTAL THIS MO.     1    CLEAR  (SCALE 0-3)   8
DPTR FM NORMAL     1    PTCLDY (SCALE 4-7)  17
TOTAL FM JUL 1     1    CLOUDY (SCALE 8-10)  5
DPTR FM NORMAL     1

[CDD (BASE 65) ]
TOTAL THIS MO.   411
DPTR FM NORMAL  -126    [PRESSURE DATA]
TOTAL FM JAN 1  1085    HIGHEST SLP M ON M
DPTR FM NORMAL   -65    LOWEST  SLP 29.76 ON  7

[REMARKS]




U.S. Dept. of Commerce
NOAA National Weather Service
1325 East West Highway
Silver Spring, MD 20910
E-mail: w-nws.webmaster@noaa.gov
Page last modified: May 16, 2007
NATIONAL WEATHER SERVICE: for Safety, for Work, for Fun - FOR LIFE