704
CXUS54 KTSA 012102
CF6TUL
PRELIMINARY LOCAL CLIMATOLOGICAL DATA (WS FORM: F-6)

                                          STATION:   TULSA OKLAHOMA
                                          MONTH:     NOVEMBER
                                          YEAR:      2014
                                          LATITUDE:   36 12 N
                                          LONGITUDE:  95 54 W

  TEMPERATURE IN F:       :PCPN:    SNOW:  WIND      :SUNSHINE: SKY     :PK WND
================================================================================
1   2   3   4   5  6A  6B    7    8   9   10  11  12  13   14  15   16   17  18
                                     12Z  AVG MX 2MIN
DY MAX MIN AVG DEP HDD CDD  WTR  SNW DPTH SPD SPD DIR MIN PSBL S-S WX    SPD DR
================================================================================

 1  57  27  42 -15  23   0 0.00  0.0    0  7.7 15 160   M    M   3        20 160
 2  62  44  53  -3  12   0    T  0.0    0 16.5 28 180   M    M   7        35 160
 3  69  51  60   4   5   0 0.09  0.0    0 14.9 26 170   M    M   9        36 190
 4  60  47  54  -2  11   0 1.51  0.0    0  7.1 23 360   M    M  10 13     27 350
 5  60  44  52  -3  13   0 0.00  0.0    0  3.2  9 190   M    M   8        14 180
 6  66  39  53  -2  12   0 0.00  0.0    0  8.1 21 350   M    M   0        26 360
 7  68  34  51  -3  14   0 0.00  0.0    0 10.9 26 180   M    M   3        33 180
 8  60  38  49  -5  16   0 0.00  0.0    0  8.6 23 350   M    M   4        29  10
 9  71  35  53   0  12   0 0.00  0.0    0 11.5 26 180   M    M   4        32 180
10  79  43  61   8   4   0 0.00  0.0    0 19.7 35 180   M    M   4        43 180
11  43  29  36 -16  29   0 0.00  0.0    0 16.9 30 340   M    M   4        39 330
12  33  23  28 -24  37   0 0.00  0.0    0 15.9 24 340   M    M   6        28 350
13  36  20  28 -24  37   0 0.00  0.0    0  9.8 20 350   M    M   8        26 340
14  40  20  30 -21  35   0 0.00  0.0    0  4.8 13 150   M    M   7        16 140
15  40  25  33 -18  32   0    T    T    0 10.0 21 140   M    M   9 4      27 130
16  38  24  31 -19  34   0 0.07  0.4    0 10.2 22 350   M    M  10 1      26 350
17  34  19  27 -23  38   0 0.00  0.0    0 10.4 24 310   M    M   1        30 300
18  50  14  32 -17  33   0 0.00  0.0    0  6.1 14 200   M    M   0        19 200
19  59  35  47  -2  18   0 0.00  0.0    0  6.8 15 190   M    M   4 8      20 200
20  60  25  43  -5  22   0 0.00  0.0    0  5.3 13  40   M    M   5        18  30
21  58  33  46  -2  19   0 0.25  0.0    0  8.6 20 150   M    M   9 1      24 150
22  58  53  56   9   9   0 0.14  0.0    0 13.5 35 170   M    M  10 1      43 170
23  67  44  56   9   9   0 0.04  0.0    0 13.9 29 330   M    M  10 1      40 330
24  57  34  46   0  19   0 0.00  0.0    0 10.4 25 300   M    M   2        34 290
25  51  27  39  -7  26   0 0.00  0.0    0  5.8 14 160   M    M   5        19 170
26  57  33  45   0  20   0 0.00  0.0    0 12.6 25 300   M    M   7        35 310
27  48  25  37  -8  28   0 0.00  0.0    0  6.7 14 170   M    M   5        19 180
28  66  39  53   9  12   0 0.00  0.0    0 15.7 26 180   M    M   3        32 180
29  77  54  66  22   0   1 0.00  0.0    0 19.2 28 190   M    M   2        39 190
30  73  32  53   9  12   0 0.00  0.0    0 18.5 28 190   M    M   3        41 330
================================================================================
SM 1697 1010       591   1  2.10     0.4 329.3          M      162
================================================================================
AV 56.6 33.7                              11.0 FASTST   M    M   5    MAX(MPH)
                                 MISC ---->  # 35 180               # 43  180
================================================================================
NOTES:
# LAST OF SEVERAL OCCURRENCES

COLUMN 17 PEAK WIND IN M.P.H.

PRELIMINARY LOCAL CLIMATOLOGICAL DATA (WS FORM: F-6) , PAGE 2

                                          STATION:  TULSA OKLAHOMA
                                          MONTH:    NOVEMBER
                                          YEAR:     2014
                                          LATITUDE:   36 12 N
                                          LONGITUDE:  95 54 W

[TEMPERATURE DATA]      [PRECIPITATION DATA]       SYMBOLS USED IN COLUMN 16

AVERAGE MONTHLY: 45.1   TOTAL FOR MONTH:   2.10    1 = FOG OR MIST
DPTR FM NORMAL:  -5.2   DPTR FM NORMAL:   -0.71    2 = FOG REDUCING VISIBILITY
HIGHEST:    79 ON 10    GRTST 24HR  1.60 ON  3- 4      TO 1/4 MILE OR LESS
LOWEST:     14 ON 18                               3 = THUNDER
                        SNOW, ICE PELLETS, HAIL    4 = ICE PELLETS
                        TOTAL MONTH:   0.4 INCH    5 = HAIL
                        GRTST 24HR   0.4 ON   M    6 = FREEZING RAIN OR DRIZZLE
                        GRTST DEPTH:   0           7 = DUSTSTORM OR SANDSTORM:
                                                       VSBY 1/2 MILE OR LESS
                                                   8 = SMOKE OR HAZE
[NO. OF DAYS WITH]      [WEATHER - DAYS WITH]      9 = BLOWING SNOW
                                                   X = TORNADO
MAX 32 OR BELOW:   0    0.01 INCH OR MORE:   6
MAX 90 OR ABOVE:   0    0.10 INCH OR MORE:   3
MIN 32 OR BELOW:  13    0.50 INCH OR MORE:   1
MIN  0 OR BELOW:   0    1.00 INCH OR MORE:   1

[HDD (BASE 65) ]
TOTAL THIS MO.   591    CLEAR  (SCALE 0-3)   8
DPTR FM NORMAL   141    PTCLDY (SCALE 4-7)  15
TOTAL FM JUL 1   701    CLOUDY (SCALE 8-10)  7
DPTR FM NORMAL    65

[CDD (BASE 65) ]
TOTAL THIS MO.     1
DPTR FM NORMAL    -7    [PRESSURE DATA]
TOTAL FM JAN 1  2048    HIGHEST SLP 30.66 ON 13
DPTR FM NORMAL    12    LOWEST  SLP 29.25 ON 23

[REMARKS]
#FINAL-11-14#
#FINAL-11-14#




U.S. Dept. of Commerce
NOAA National Weather Service
1325 East West Highway
Silver Spring, MD 20910
E-mail: w-nws.webmaster@noaa.gov
Page last modified: May 16, 2007
NATIONAL WEATHER SERVICE: for Safety, for Work, for Fun - FOR LIFE