178
CXUS56 KPQR 301230
CF6TTD
PRELIMINARY LOCAL CLIMATOLOGICAL DATA (WS FORM: F-6)

                                          STATION:   TROUTDALE OR
                                          MONTH:     SEPTEMBER
                                          YEAR:      2014
                                          LATITUDE:   45 33 N
                                          LONGITUDE: 122 25 W

  TEMPERATURE IN F:       :PCPN:    SNOW:  WIND      :SUNSHINE: SKY     :PK WND
================================================================================
1   2   3   4   5  6A  6B    7    8   9   10  11  12  13   14  15   16   17  18
                                     12Z  AVG MX 2MIN
DY MAX MIN AVG DEP HDD CDD  WTR  SNW DPTH SPD SPD DIR MIN PSBL S-S WX    SPD DR
================================================================================

 1  81  52  67   1   0   2 0.00  0.0    0  3.3  9 250   M    M   2         M  M
 2  77  61  69   3   0   4 0.00  0.0    0  4.4 17 310   M    M   6        26 310
 3  74  52  63  -3   2   0 0.00  0.0    0  4.4 10 260   M    M   4        18 240
 4  86  45  66   1   0   1 0.00  0.0    0  3.7 16  60   M    M   0 1      22  30
 5  90  55  73   8   0   8 0.00  0.0    0 11.5 21  90   M    M   0        28  90
 6  93  59  76  11   0  11 0.00  0.0    0 12.4 22  90   M    M   0        27 110
 7  86  50  68   3   0   3 0.00  0.0    0  1.5  9 250   M    M   0        15 270
 8  77  50  64  -1   1   0 0.00  0.0    0  3.9 13 320   M    M   4        17 320
 9  76  58  67   3   0   2    T  0.0    0  3.6 10 220   M    M   6        14 210
10  79  50  65   1   0   0 0.00  0.0    0  3.6 14  90   M    M   1        18  70
11  76  61  69   5   0   4 0.00  0.0    0 17.7 28  80   M    M   0        40  80
12  82  62  72   8   0   7 0.00  0.0    0 16.1 23  90   M    M   0        31  90
13  86  65  76  12   0  11 0.00  0.0    0 14.7 23 100   M    M   0        28 100
14  88  61  75  12   0  10 0.00  0.0    0 12.3 22 100   M    M   1        27 100
15  90  61  76  13   0  11 0.00  0.0    0  7.2 18  90   M    M   0        24  90
16  77  53  65   2   0   0    T  0.0    0  3.7 13 230   M    M   1        19 220
17  77  57  67   4   0   2    T  0.0    0  2.1  8 170   M    M   1        10 160
18  74  59  67   5   0   2 0.05  0.0    0  1.6  7 250   M    M   9 18     13 260
19  82  60  71   9   0   6 0.00  0.0    0  2.8 10 250   M    M   3        13 260
20  92  52  72  10   0   7 0.00  0.0    0  9.4 24 100   M    M   0        31 100
21  88  63  76  14   0  11 0.00  0.0    0  7.0 21 100   M    M   0        25  90
22  71  61  66   5   0   1    T  0.0    0  4.5 12 200   M    M   5        14 220
23  70  58  64   3   1   0 0.28  0.0    0  4.0 18 100   M    M   6 18     23 100
24  66  60  63   2   2   0 0.45  0.0    0  4.5 12  90   M    M  10 1      14  80
25  73  58  66   6   0   1 0.02  0.0    0  3.2 20 240   M    M   6 1      26 240
26  75  56  66   6   0   1 0.00  0.0    0  4.0 15 200   M    M   7        18 200
27  70  53  62   2   3   0 0.00  0.0    0  3.9 13 150   M    M   7        15 150
28  79  50  65   5   0   0 0.00  0.0    0  2.3  8 260   M    M   4 12     14 280
29  66  51  59   0   6   0 0.10  0.0    0  3.1 13 230   M    M   8 18     16 240
================================================================================
SM 2301 1633        15 105  0.90     0.0 176.4          M       91
================================================================================
AV 79.3 56.3                               6.1 FASTST   M    M   3    MAX(MPH)
                                 MISC ---->  # 28  80               # 40   80
================================================================================
NOTES:
# LAST OF SEVERAL OCCURRENCES

COLUMN 17 PEAK WIND IN M.P.H.

PRELIMINARY LOCAL CLIMATOLOGICAL DATA (WS FORM: F-6) , PAGE 2

                                          STATION:  TROUTDALE OR
                                          MONTH:    SEPTEMBER
                                          YEAR:     2014
                                          LATITUDE:   45 33 N
                                          LONGITUDE: 122 25 W

[TEMPERATURE DATA]      [PRECIPITATION DATA]       SYMBOLS USED IN COLUMN 16

AVERAGE MONTHLY: 67.8   TOTAL FOR MONTH:   0.90    1 = FOG OR MIST
DPTR FM NORMAL:   4.9   DPTR FM NORMAL:   -0.87    2 = FOG REDUCING VISIBILITY
HIGHEST:    93 ON  6    GRTST 24HR  0.68 ON 23-24      TO 1/4 MILE OR LESS
LOWEST:     45 ON  4                               3 = THUNDER
                        SNOW, ICE PELLETS, HAIL    4 = ICE PELLETS
                        TOTAL MONTH:   0.0 INCH    5 = HAIL
                        GRTST 24HR     0.0         6 = FREEZING RAIN OR DRIZZLE
                        GRTST DEPTH:   0           7 = DUSTSTORM OR SANDSTORM:
                                                       VSBY 1/2 MILE OR LESS
                                                   8 = SMOKE OR HAZE
[NO. OF DAYS WITH]      [WEATHER - DAYS WITH]      9 = BLOWING SNOW
                                                   X = TORNADO
MAX 32 OR BELOW:   0    0.01 INCH OR MORE:   5
MAX 90 OR ABOVE:   4    0.10 INCH OR MORE:   3
MIN 32 OR BELOW:   0    0.50 INCH OR MORE:   0
MIN  0 OR BELOW:   0    1.00 INCH OR MORE:   0

[HDD (BASE 65) ]
TOTAL THIS MO.    15    CLEAR  (SCALE 0-3)  16
DPTR FM NORMAL   -88    PTCLDY (SCALE 4-7)  11
TOTAL FM JUL 1    19    CLOUDY (SCALE 8-10)  2
DPTR FM NORMAL  -146

[CDD (BASE 65) ]
TOTAL THIS MO.   105
DPTR FM NORMAL    63    [PRESSURE DATA]
TOTAL FM JAN 1   614    HIGHEST SLP M ON M
DPTR FM NORMAL   276    LOWEST  SLP 29.68 ON 17

[REMARKS]




U.S. Dept. of Commerce
NOAA National Weather Service
1325 East West Highway
Silver Spring, MD 20910
E-mail: w-nws.webmaster@noaa.gov
Page last modified: May 16, 2007
NATIONAL WEATHER SERVICE: for Safety, for Work, for Fun - FOR LIFE