212
CXUS56 KPQR 311230
CF6TTD
PRELIMINARY LOCAL CLIMATOLOGICAL DATA (WS FORM: F-6)

                                          STATION:   TROUTDALE OR
                                          MONTH:     JULY
                                          YEAR:      2014
                                          LATITUDE:   45 33 N
                                          LONGITUDE: 122 25 W

  TEMPERATURE IN F:       :PCPN:    SNOW:  WIND      :SUNSHINE: SKY     :PK WND
================================================================================
1   2   3   4   5  6A  6B    7    8   9   10  11  12  13   14  15   16   17  18
                                     12Z  AVG MX 2MIN
DY MAX MIN AVG DEP HDD CDD  WTR  SNW DPTH SPD SPD DIR MIN PSBL S-S WX    SPD DR
================================================================================

 1  95  64  80  15   0  15 0.00  0.0    0  8.5 23 100   M    M   0        28 100
 2  83  63  73   8   0   8 0.00  0.0    0  4.3 13 310   M    M   0        22 330
 3  75  59  67   1   0   2 0.00  0.0    0  3.8 10 320   M    M   6        16 310
 4  80  56  68   2   0   3 0.00  0.0    0  3.1 12 250   M    M   1 8      16 270
 5  85  59  72   6   0   7 0.00  0.0    0  2.9  9 260   M    M   0 8      12 250
 6  89  58  74   8   0   9 0.00  0.0    0  3.7 10 330   M    M   0        13 330
 7  88  62  75   9   0  10 0.00  0.0    0  3.0 12 260   M    M   2        15 320
 8  89  64  77  11   0  12 0.00  0.0    0  4.1 10 320   M    M   3        15 330
 9  84  60  72   5   0   7 0.00  0.0    0  4.2 10 320   M    M   1        15 340
10  85  56  71   4   0   6 0.00  0.0    0  2.6  9 240   M    M   2        12 260
11  87  57  72   5   0   7 0.00  0.0    0  2.4  9 340   M    M   0        13 340
12  93  62  78  11   0  13 0.00  0.0    0  3.2  9 250   M    M   0        13 260
13  75  63  69   1   0   4 0.03  0.0    0  4.1 15 250   M    M   3 8      20 250
14  86  63  75   7   0  10 0.00  0.0    0  3.5  9 250   M    M   5 8      13 320
15  91  60  76   8   0  11 0.00  0.0    0  3.0  9 260   M    M   3        15 290
16  92  61  77   9   0  12 0.00    M    M  3.7 10 320   M    M   0        17 320
17  84  59  72   4   0   7 0.00    M    M  4.2 13 320   M    M   3        21 320
18  81  56  69   1   0   4 0.00  0.0    0  2.8 12 260   M    M   2        15 250
19  86  63  75   7   0  10 0.00  0.0    0  2.8 10 330   M    M   5        15 340
20  73  61  67  -2   0   2 0.00  0.0    0  5.9  9 320   M    M  10        16 320
21  80  55  68  -1   0   3 0.00  0.0    0  2.7  8 320   M    M   2        14 290
22  74  61  68  -1   0   3 0.66  0.0    0  2.3  9 190   M    M   8 1      13  20
23  67  59  63  -6   2   0 0.38  0.0    0  6.7 18 180   M    M   9 1      21 180
24  70  56  63  -6   2   0    T  0.0    0  6.0 20 210   M    M   8        27 220
25  79  53  66  -3   0   1 0.00  0.0    0  2.3  8 260   M    M   3        12 330
26  85  53  69   0   0   4 0.00  0.0    0  2.7  9 260   M    M   2        13 330
27  88  55  72   3   0   7 0.00  0.0    0  2.0  9 250   M    M   1        13 230
28  92  59  76   7   0  11 0.00  0.0    0  2.3  8 240   M    M   0        12 210
29  90  59  75   6   0  10 0.00  0.0    0  3.5 10 240   M    M   0        17 320
30  89  59  74   5   0   9 0.00  0.0    0  3.3  9 260   M    M   1        13 260
================================================================================
SM 2515 1775         4 207  1.07     0.0 109.6          M       80
================================================================================
AV 83.8 59.2                               3.7 FASTST   M    M   3    MAX(MPH)
                                 MISC ---->  # 23 100               # 28  100
================================================================================
NOTES:
# LAST OF SEVERAL OCCURRENCES

COLUMN 17 PEAK WIND IN M.P.H.

PRELIMINARY LOCAL CLIMATOLOGICAL DATA (WS FORM: F-6) , PAGE 2

                                          STATION:  TROUTDALE OR
                                          MONTH:    JULY
                                          YEAR:     2014
                                          LATITUDE:   45 33 N
                                          LONGITUDE: 122 25 W

[TEMPERATURE DATA]      [PRECIPITATION DATA]       SYMBOLS USED IN COLUMN 16

AVERAGE MONTHLY: 71.5   TOTAL FOR MONTH:   1.07    1 = FOG OR MIST
DPTR FM NORMAL:   3.9   DPTR FM NORMAL:    0.34    2 = FOG REDUCING VISIBILITY
HIGHEST:    95 ON  1    GRTST 24HR  0.66 ON 22-22      TO 1/4 MILE OR LESS
LOWEST:     53 ON 26,25                            3 = THUNDER
                        SNOW, ICE PELLETS, HAIL    4 = ICE PELLETS
                        TOTAL MONTH:   0.0 INCH    5 = HAIL
                        GRTST 24HR     0.0         6 = FREEZING RAIN OR DRIZZLE
                        GRTST DEPTH:   0           7 = DUSTSTORM OR SANDSTORM:
                                                       VSBY 1/2 MILE OR LESS
                                                   8 = SMOKE OR HAZE
[NO. OF DAYS WITH]      [WEATHER - DAYS WITH]      9 = BLOWING SNOW
                                                   X = TORNADO
MAX 32 OR BELOW:   0    0.01 INCH OR MORE:   3
MAX 90 OR ABOVE:   6    0.10 INCH OR MORE:   2
MIN 32 OR BELOW:   0    0.50 INCH OR MORE:   1
MIN  0 OR BELOW:   0    1.00 INCH OR MORE:   0

[HDD (BASE 65) ]
TOTAL THIS MO.     4    CLEAR  (SCALE 0-3)  23
DPTR FM NORMAL   -31    PTCLDY (SCALE 4-7)   4
TOTAL FM JUL 1     4    CLOUDY (SCALE 8-10)  3
DPTR FM NORMAL   -31

[CDD (BASE 65) ]
TOTAL THIS MO.   207
DPTR FM NORMAL    96    [PRESSURE DATA]
TOTAL FM JAN 1   260    HIGHEST SLP M ON M
DPTR FM NORMAL    90    LOWEST  SLP 29.68 ON  1

[REMARKS]




U.S. Dept. of Commerce
NOAA National Weather Service
1325 East West Highway
Silver Spring, MD 20910
E-mail: w-nws.webmaster@noaa.gov
Page last modified: May 16, 2007
NATIONAL WEATHER SERVICE: for Safety, for Work, for Fun - FOR LIFE