650
CXUS56 KPQR 301230
CF6TTD
PRELIMINARY LOCAL CLIMATOLOGICAL DATA (WS FORM: F-6)

                                          STATION:   TROUTDALE OR
                                          MONTH:     AUGUST
                                          YEAR:      2014
                                          LATITUDE:   45 33 N
                                          LONGITUDE: 122 25 W

  TEMPERATURE IN F:       :PCPN:    SNOW:  WIND      :SUNSHINE: SKY     :PK WND
================================================================================
1   2   3   4   5  6A  6B    7    8   9   10  11  12  13   14  15   16   17  18
                                     12Z  AVG MX 2MIN
DY MAX MIN AVG DEP HDD CDD  WTR  SNW DPTH SPD SPD DIR MIN PSBL S-S WX    SPD DR
================================================================================

 1  90  65  78   9   0  13 0.01  0.0    0  3.2 13 220   M    M   1 3      14 220
 2  87  62  75   6   0  10 0.00  0.0    0  3.5 10 240   M    M   0        16 320
 3  90  60  75   6   0  10 0.00  0.0    0  3.5 12 250   M    M   0        16 250
 4  93  63  78   9   0  13 0.00  0.0    0  3.8 13 320   M    M   0        22 320
 5  83  59  71   2   0   6 0.00  0.0    0  4.3 12 250   M    M   1        15 240
 6  84  63  74   5   0   9 0.00  0.0    0  3.6 12 230   M    M   5        14 310
 7  83  56  70   1   0   5 0.00  0.0    0  4.6 13 310   M    M   1        18 320
 8  80  57  69   0   0   4 0.00  0.0    0  3.9 12 260   M    M   1        17 260
 9  87  52  70   1   0   5 0.00  0.0    0  3.3  9 260   M    M   0        24 280
10  96  55  76   7   0  11 0.00  0.0    0  2.8 10 250   M    M   0        12 260
11 100  67  84  15   0  19 0.00  0.0    0  2.8  9 240   M    M   0        11 240
12  81  68  75   6   0  10 0.05  0.0    0  3.3 21 230   M    M   2 3      27 220
13  79  62  71   3   0   6    T  0.0    0  3.2 12 320   M    M   7        31 270
14  81  61  71   3   0   6 0.00  0.0    0  1.7  7 350   M    M   5        11 100
15  82  63  73   5   0   8 0.00  0.0    0  3.3  8 330   M    M   5        13 280
16  86  65  76   8   0  11 0.00  0.0    0  2.5  8 250   M    M   4        13 280
17  89  61  75   7   0  10 0.00  0.0    0  2.8 12 310   M    M   1        21 360
18  92  59  76   8   0  11 0.00  0.0    0  3.4  9 320   M    M   0        14 230
19  87  63  75   7   0  10 0.00  0.0    0  4.6 14 330   M    M   1        19 320
20  78  60  69   1   0   4    T  0.0    0  4.5 14 250   M    M   4        17 250
21  79  50  65  -3   0   0 0.00  0.0    0  2.2  8 260   M    M   1        21 260
22  81  57  69   2   0   4 0.00  0.0    0  3.5 12 310   M    M   3        19 320
23  88  54  71   4   0   6 0.00  0.0    0  3.1  9 320   M    M   0        14 330
24  84  54  69   2   0   4 0.00  0.0    0  3.6 12 250   M    M   0        16 280
25  91  55  73   6   0   8 0.00  0.0    0  3.0 10 320   M    M   0        16 260
26  94  58  76   9   0  11 0.00  0.0    0  2.8  9 260   M    M   0        16 260
27  91  60  76   9   0  11 0.00  0.0    0  3.7 10 250   M    M   0        16 290
28  84  60  72   6   0   7 0.00  0.0    0  3.0 10 250   M    M   2        14 250
29  78  61  70   4   0   5 0.00  0.0    0  2.2  8 320   M    M   6        15 350
================================================================================
SM 2498 1730         0 237  0.06     0.0  95.7          M       50
================================================================================
AV 86.1 59.7                               3.3 FASTST   M    M   2    MAX(MPH)
                                 MISC ---->  # 21 230               # 31  270
================================================================================
NOTES:
# LAST OF SEVERAL OCCURRENCES

COLUMN 17 PEAK WIND IN M.P.H.

PRELIMINARY LOCAL CLIMATOLOGICAL DATA (WS FORM: F-6) , PAGE 2

                                          STATION:  TROUTDALE OR
                                          MONTH:    AUGUST
                                          YEAR:     2014
                                          LATITUDE:   45 33 N
                                          LONGITUDE: 122 25 W

[TEMPERATURE DATA]      [PRECIPITATION DATA]       SYMBOLS USED IN COLUMN 16

AVERAGE MONTHLY: 72.9   TOTAL FOR MONTH:   0.06    1 = FOG OR MIST
DPTR FM NORMAL:   4.8   DPTR FM NORMAL:   -0.71    2 = FOG REDUCING VISIBILITY
HIGHEST:   100 ON 11    GRTST 24HR  0.05 ON 12-12      TO 1/4 MILE OR LESS
LOWEST:     50 ON 21                               3 = THUNDER
                        SNOW, ICE PELLETS, HAIL    4 = ICE PELLETS
                        TOTAL MONTH:   0.0 INCH    5 = HAIL
                        GRTST 24HR     0.0         6 = FREEZING RAIN OR DRIZZLE
                        GRTST DEPTH:   0           7 = DUSTSTORM OR SANDSTORM:
                                                       VSBY 1/2 MILE OR LESS
                                                   8 = SMOKE OR HAZE
[NO. OF DAYS WITH]      [WEATHER - DAYS WITH]      9 = BLOWING SNOW
                                                   X = TORNADO
MAX 32 OR BELOW:   0    0.01 INCH OR MORE:   2
MAX 90 OR ABOVE:   9    0.10 INCH OR MORE:   0
MIN 32 OR BELOW:   0    0.50 INCH OR MORE:   0
MIN  0 OR BELOW:   0    1.00 INCH OR MORE:   0

[HDD (BASE 65) ]
TOTAL THIS MO.     0    CLEAR  (SCALE 0-3)  22
DPTR FM NORMAL   -29    PTCLDY (SCALE 4-7)   7
TOTAL FM JUL 1     4    CLOUDY (SCALE 8-10)  0
DPTR FM NORMAL   -58

[CDD (BASE 65) ]
TOTAL THIS MO.   237
DPTR FM NORMAL   121    [PRESSURE DATA]
TOTAL FM JAN 1   507    HIGHEST SLP M ON M
DPTR FM NORMAL   216    LOWEST  SLP 29.77 ON M

[REMARKS]




U.S. Dept. of Commerce
NOAA National Weather Service
1325 East West Highway
Silver Spring, MD 20910
E-mail: w-nws.webmaster@noaa.gov
Page last modified: May 16, 2007
NATIONAL WEATHER SERVICE: for Safety, for Work, for Fun - FOR LIFE