908
CXUS56 KSGX 291445
CF6TRM

PRELIMINARY LOCAL CLIMATOLOGICAL DATA (WS FORM: F-6)

                                          STATION:   THERMAL AIRPORT CA
                                          MONTH:     JANUARY
                                          YEAR:      2015
                                          LATITUDE:   33 37 N
                                          LONGITUDE: 116 10 W

  TEMPERATURE IN F:       :PCPN:    SNOW:  WIND      :SUNSHINE: SKY     :PK WND
================================================================================
1   2   3   4   5  6A  6B    7    8   9   10  11  12  13   14  15   16   17  18
                                     12Z  AVG MX 2MIN
DY MAX MIN AVG DEP HDD CDD  WTR  SNW DPTH SPD SPD DIR MIN PSBL S-S WX    SPD DR
================================================================================

 1  55  21  38 -15  27   0 0.00  0.0    0  3.5  8 150   M    M   0 8      10 330
 2  63  20  42 -11  23   0 0.00  0.0    0  2.6  9 150   M    M   0        12 150
 3  61  24  43 -11  22   0 0.00  0.0    0  3.1 12 150   M    M   0        14 150
 4  66  28  47  -7  18   0 0.00  0.0    0  3.2  8 340   M    M   0 8       9 350
 5  73  31  52  -2  13   0 0.00  0.0    0  3.6  9 330   M    M   0        11 330
 6  79  34  57   3   8   0 0.00  0.0    0  3.0 10 140   M    M   0        12 130
 7  83  37  60   6   5   0 0.00  0.0    0  3.2 10 150   M    M   0        12 160
 8  78  43  61   7   4   0 0.00  0.0    0  3.1  8 140   M    M   0        11 150
 9  74  42  58   4   7   0 0.00  0.0    0  2.7  8 160   M    M   0        10 160
10  72  41  57   3   8   0 0.00  0.0    0  2.5 10 130   M    M   0 8      14 130
11  68  54  61   7   4   0 0.02  0.0    0  2.3  8 290   M    M   9        10 290
12  72  49  61   7   4   0 0.00  0.0    0  3.1  7 300   M    M   5 18     10 340
13  75  44  60   6   5   0 0.00  0.0    0  8.1 22 360   M    M   1        27 360
14  75  41  58   3   7   0 0.00  0.0    0  6.2 15 300   M    M   0        19 350
15  76  37  57   2   8   0 0.00  0.0    0  3.5  9 130   M    M   0        15 160
16  76  34  55   0  10   0 0.00  0.0    0  3.9  9 140   M    M   0        11 130
17  80  38  59   4   6   0 0.00  0.0    0  3.7  9 150   M    M   0        11 150
18  78  37  58   3   7   0 0.00  0.0    0  2.8  7 360   M    M   0         9 350
19  80  39  60   5   5   0 0.00  0.0    0  3.5  8 150   M    M   0        11 150
20  79  39  59   4   6   0 0.00  0.0    0  3.9  8 110   M    M   0         M  M
21  80  46  63   8   2   0 0.00  0.0    0 10.1 20 330   M    M   0        25 320
22  75  35  55   0  10   0 0.00  0.0    0  4.5 13 200   M    M   0        17 150
23  70  32  51  -4  14   0 0.00  0.0    0  2.9 13 350   M    M   0        14 350
24  79  34  57   2   8   0 0.00  0.0    0  7.8 16 310   M    M   0        20 300
25  83  42  63   8   2   0 0.00  0.0    0  4.7 12 310   M    M   0        13  20
26  69  48  59   4   6   0 0.15    M    0  3.2  9 170   M    M   8 1      13 180
27  71  52  62   6   3   0 0.00  0.0    0  2.5  9 140   M    M   5 18     14 130
28  75  46  61   5   4   0 0.00  0.0    0  3.0  8 140   M    M   0        10 130
================================================================================
SM 2065 1068       246   0  0.17     0.0 110.2          M       28
================================================================================
AV 73.8 38.1                               3.9 FASTST   M    M   1    MAX(MPH)
                                 MISC ---->  # 22 360               # 27  360
================================================================================
NOTES:
# LAST OF SEVERAL OCCURRENCES

COLUMN 17 PEAK WIND IN M.P.H.

PRELIMINARY LOCAL CLIMATOLOGICAL DATA (WS FORM: F-6) , PAGE 2

                                          STATION:  THERMAL AIRPORT CA
                                          MONTH:    JANUARY
                                          YEAR:     2015
                                          LATITUDE:   33 37 N
                                          LONGITUDE: 116 10 W

[TEMPERATURE DATA]      [PRECIPITATION DATA]       SYMBOLS USED IN COLUMN 16

AVERAGE MONTHLY: 55.9   TOTAL FOR MONTH:   0.17    1 = FOG OR MIST
DPTR FM NORMAL:   1.4   DPTR FM NORMAL:   -0.44    2 = FOG REDUCING VISIBILITY
HIGHEST:    83 ON 25, 7 GRTST 24HR  0.15 ON 26-26      TO 1/4 MILE OR LESS
LOWEST:     20 ON  2                               3 = THUNDER
                        SNOW, ICE PELLETS, HAIL    4 = ICE PELLETS
                        TOTAL MONTH:   0.0 INCH    5 = HAIL
                        GRTST 24HR     0.0         6 = FREEZING RAIN OR DRIZZLE
                        GRTST DEPTH:   0           7 = DUSTSTORM OR SANDSTORM:
                                                       VSBY 1/2 MILE OR LESS
                                                   8 = SMOKE OR HAZE
[NO. OF DAYS WITH]      [WEATHER - DAYS WITH]      9 = BLOWING SNOW
                                                   X = TORNADO
MAX 32 OR BELOW:   0    0.01 INCH OR MORE:   2
MAX 90 OR ABOVE:   0    0.10 INCH OR MORE:   1
MIN 32 OR BELOW:   6    0.50 INCH OR MORE:   0
MIN  0 OR BELOW:   0    1.00 INCH OR MORE:   0

[HDD (BASE 65) ]
TOTAL THIS MO.   246    CLEAR  (SCALE 0-3)  24
DPTR FM NORMAL   -48    PTCLDY (SCALE 4-7)   3
TOTAL FM JUL 1   654    CLOUDY (SCALE 8-10)  1
DPTR FM NORMAL  -178

[CDD (BASE 65) ]
TOTAL THIS MO.     0
DPTR FM NORMAL     0    [PRESSURE DATA]
TOTAL FM JAN 1     0    HIGHEST SLP M ON M
DPTR FM NORMAL     0    LOWEST  SLP 29.92 ON 25

[REMARKS]




U.S. Dept. of Commerce
NOAA National Weather Service
1325 East West Highway
Silver Spring, MD 20910
E-mail: w-nws.webmaster@noaa.gov
Page last modified: May 16, 2007
NATIONAL WEATHER SERVICE: for Safety, for Work, for Fun - FOR LIFE