692
CXUS56 KSGX 301445
CF6TRM
PRELIMINARY LOCAL CLIMATOLOGICAL DATA (WS FORM: F-6)

                                          STATION:   THERMAL AIRPORT CA
                                          MONTH:     JULY
                                          YEAR:      2014
                                          LATITUDE:   33 37 N
                                          LONGITUDE: 116 10 W

  TEMPERATURE IN F:       :PCPN:    SNOW:  WIND      :SUNSHINE: SKY     :PK WND
================================================================================
1   2   3   4   5  6A  6B    7    8   9   10  11  12  13   14  15   16   17  18
                                     12Z  AVG MX 2MIN
DY MAX MIN AVG DEP HDD CDD  WTR  SNW DPTH SPD SPD DIR MIN PSBL S-S WX    SPD DR
================================================================================

 1 107  72  90   1   0  25 0.00  0.0    0  4.4 13 140   M    M   0        18 150
 2 106  71  89   0   0  24 0.00  0.0    0  5.3 15 150   M    M   0        20 140
 3 108  74  91   2   0  26 0.00  0.0    0  7.1 20 140   M    M   0 8      28 130
 4 103  84  94   5   0  29 0.00  0.0    0  7.7 18 130   M    M   0        26 140
 5 107  80  94   4   0  29    T  0.0    0  6.0 14 120   M    M   1        20 130
 6 111  79  95   5   0  30 0.00  0.0    0  6.8 20 330   M    M   0        25 320
 7 114  89 102  12   0  37 0.00  0.0    0 10.3 21 330   M    M   0        27 320
 8 109  72  91   1   0  26 0.00  0.0    0  6.8 21 330   M    M   0 8      27 330
 9 105  80  93   3   0  28 0.00  0.0    0  8.1 16 140   M    M   0        22 150
10 108  80  94   4   0  29 0.00  0.0    0  7.4 17 340   M    M   0        24 340
11 108  69  89  -1   0  24 0.00  0.0    0  9.1 22 330   M    M   0 8      29 330
12 110  82  96   6   0  31 0.00  0.0    0  7.6 20 330   M    M   0        26 340
13 113  80  97   7   0  32    T  0.0    0  9.4 18 130   M    M   0        27 120
14 104  84  94   3   0  29 0.00  0.0    0  8.3 18 130   M    M   0        23 130
15 105  75  90  -1   0  25 0.00  0.0    0  7.0 20 320   M    M   0        26 320
16 109  77  93   2   0  28 0.00  0.0    0 11.8 28 340   M    M   0 8      34 320
17 107  80  94   3   0  29 0.00  0.0    0 12.1 23 330   M    M   0 8      31 320
18 104  69  87  -4   0  22 0.00  0.0    0  6.7 17 330   M    M   0        21 330
19 106  77  92   1   0  27 0.00  0.0    0  7.6 17 320   M    M   0        20 120
20 105  76  91   0   0  26 0.00  0.0    0  8.5 22 330   M    M   0        27 330
21 107  79  93   2   0  28 0.00  0.0    0  7.2 16 330   M    M   0        22 330
22 112  82  97   6   0  32 0.00  0.0    0  9.1 20 330   M    M   0        26 330
23 119  87 103  12   0  38 0.00  0.0    0  9.2 22 320   M    M   0        30 310
24 116  84 100   9   0  35 0.00  0.0    0  6.5 15 320   M    M   0        22 320
25 104  85  95   4   0  30    T  0.0    0  6.3 17 300   M    M   0        22 340
26 108  81  95   4   0  30 0.00  0.0    0  6.7 15 310   M    M   0        20 310
27 104  82  93   2   0  28 0.00  0.0    0  7.1 23 150   M    M   2 8      31 150
28 108  82  95   4   0  30 0.00  0.0    0  6.3 20 330   M    M   0        25 330
29 112  90 101  10   0  36 0.00  0.0    0 10.7 24 330   M    M   0        32 330
================================================================================
SM 3139 2302         0 843    T      0.0 227.1          M        3
================================================================================
AV108.2 79.4                               7.8 FASTST   M    M   0    MAX(MPH)
                                 MISC ---->  # 28 340               # 34  320
================================================================================
NOTES:
# LAST OF SEVERAL OCCURRENCES

COLUMN 17 PEAK WIND IN M.P.H.

PRELIMINARY LOCAL CLIMATOLOGICAL DATA (WS FORM: F-6) , PAGE 2

                                          STATION:  THERMAL AIRPORT CA
                                          MONTH:    JULY
                                          YEAR:     2014
                                          LATITUDE:   33 37 N
                                          LONGITUDE: 116 10 W

[TEMPERATURE DATA]      [PRECIPITATION DATA]       SYMBOLS USED IN COLUMN 16

AVERAGE MONTHLY: 93.8   TOTAL FOR MONTH:      T    1 = FOG OR MIST
DPTR FM NORMAL:   3.4   DPTR FM NORMAL:   -0.13    2 = FOG REDUCING VISIBILITY
HIGHEST:   119 ON 23    GRTST 24HR    T  ON 25-25      TO 1/4 MILE OR LESS
LOWEST:     69 ON 18,11                            3 = THUNDER
                        SNOW, ICE PELLETS, HAIL    4 = ICE PELLETS
                        TOTAL MONTH:   0.0 INCH    5 = HAIL
                        GRTST 24HR     0.0         6 = FREEZING RAIN OR DRIZZLE
                        GRTST DEPTH:   0           7 = DUSTSTORM OR SANDSTORM:
                                                       VSBY 1/2 MILE OR LESS
                                                   8 = SMOKE OR HAZE
[NO. OF DAYS WITH]      [WEATHER - DAYS WITH]      9 = BLOWING SNOW
                                                   X = TORNADO
MAX 32 OR BELOW:   0    0.01 INCH OR MORE:   0
MAX 90 OR ABOVE:  29    0.10 INCH OR MORE:   0
MIN 32 OR BELOW:   0    0.50 INCH OR MORE:   0
MIN  0 OR BELOW:   0    1.00 INCH OR MORE:   0

[HDD (BASE 65) ]
TOTAL THIS MO.     0    CLEAR  (SCALE 0-3)  29
DPTR FM NORMAL     0    PTCLDY (SCALE 4-7)   0
TOTAL FM JUL 1     0    CLOUDY (SCALE 8-10)  0
DPTR FM NORMAL     0

[CDD (BASE 65) ]
TOTAL THIS MO.   843
DPTR FM NORMAL   106    [PRESSURE DATA]
TOTAL FM JAN 1  2349    HIGHEST SLP M ON M
DPTR FM NORMAL   331    LOWEST  SLP 29.74 ON 24

[REMARKS]




U.S. Dept. of Commerce
NOAA National Weather Service
1325 East West Highway
Silver Spring, MD 20910
E-mail: w-nws.webmaster@noaa.gov
Page last modified: May 16, 2007
NATIONAL WEATHER SERVICE: for Safety, for Work, for Fun - FOR LIFE