000
CXUS56 KSGX 171445
CF6TRM
PRELIMINARY LOCAL CLIMATOLOGICAL DATA (WS FORM: F-6)

                                          STATION:   THERMAL AIRPORT CA
                                          MONTH:     APRIL
                                          YEAR:      2014
                                          LATITUDE:   33 37 N
                                          LONGITUDE: 116 10 W

  TEMPERATURE IN F:       :PCPN:    SNOW:  WIND      :SUNSHINE: SKY     :PK WND
================================================================================
1   2   3   4   5  6A  6B    7    8   9   10  11  12  13   14  15   16   17  18
                                     12Z  AVG MX 2MIN
DY MAX MIN AVG DEP HDD CDD  WTR  SNW DPTH SPD SPD DIR MIN PSBL S-S WX    SPD DR
================================================================================

 1  75  55  65  -2   0   0 0.00  0.0    0  9.5 29 270   M    M   2 8      37 270
 2  72  46  59  -8   6   0 0.00  0.0    0 10.5 25 260   M    M   1        33 270
 3  79  49  64  -3   1   0 0.00  0.0    0  6.6 14 130   M    M   0        20 120
 4  80  45  63  -5   2   0 0.00  0.0    0  7.3 24 340   M    M   0        31 340
 5  82  55  69   1   0   4 0.00  0.0    0 11.9 23 340   M    M   0        29 340
 6  91  58  75   7   0  10 0.00  0.0    0 10.5 22 340   M    M   0        32  10
 7  96  51  74   6   0   9 0.00  0.0    0  5.0 14 160   M    M   0        18 150
 8  98  51  75   7   0  10 0.00  0.0    0  6.3 15 160   M    M   0        20 150
 9  97  53  75   7   0  10 0.00  0.0    0  4.0 10 130   M    M   0 8      13 130
10  99  50  75   6   0  10 0.00  0.0    0  5.4 13 330   M    M   0        17 340
11  96  64  80  11   0  15 0.00  0.0    0  7.4 21 330   M    M   0        26 320
12  91  65  78   9   0  13 0.00  0.0    0 14.9 29 340   M    M   2 8      39 340
13  90  62  76   6   0  11 0.00  0.0    0 12.1 25 320   M    M   2 8      35 310
14  91  52  72   2   0   7 0.00  0.0    0  4.8 15  70   M    M   0        21  90
15  95  49  72   2   0   7 0.00  0.0    0  6.3 14 350   M    M   0        19 350
16  97  59  78   8   0  13 0.00  0.0    0  6.5 15 310   M    M   0        20 130
================================================================================
SM 1429  864         9 119  0.00     0.0 129.0          M        7
================================================================================
AV 89.3 54.0                               8.1 FASTST   M    M   0    MAX(MPH)
                                 MISC ---->  # 29 270               # 39  340
================================================================================
NOTES:
# LAST OF SEVERAL OCCURRENCES

COLUMN 17 PEAK WIND IN M.P.H.

PRELIMINARY LOCAL CLIMATOLOGICAL DATA (WS FORM: F-6) , PAGE 2

                                          STATION:  THERMAL AIRPORT CA
                                          MONTH:    APRIL
                                          YEAR:     2014
                                          LATITUDE:   33 37 N
                                          LONGITUDE: 116 10 W

[TEMPERATURE DATA]      [PRECIPITATION DATA]       SYMBOLS USED IN COLUMN 16

AVERAGE MONTHLY: 71.7   TOTAL FOR MONTH:   0.00    1 = FOG OR MIST
DPTR FM NORMAL:   3.2   DPTR FM NORMAL:   -0.05    2 = FOG REDUCING VISIBILITY
HIGHEST:    99 ON 10    GRTST 24HR  0.00 ON 16-16      TO 1/4 MILE OR LESS
LOWEST:     45 ON  4                               3 = THUNDER
                        SNOW, ICE PELLETS, HAIL    4 = ICE PELLETS
                        TOTAL MONTH:   0.0 INCH    5 = HAIL
                        GRTST 24HR     0.0         6 = FREEZING RAIN OR DRIZZLE
                        GRTST DEPTH:   0           7 = DUSTSTORM OR SANDSTORM:
                                                       VSBY 1/2 MILE OR LESS
                                                   8 = SMOKE OR HAZE
[NO. OF DAYS WITH]      [WEATHER - DAYS WITH]      9 = BLOWING SNOW
                                                   X = TORNADO
MAX 32 OR BELOW:   0    0.01 INCH OR MORE:   0
MAX 90 OR ABOVE:  11    0.10 INCH OR MORE:   0
MIN 32 OR BELOW:   0    0.50 INCH OR MORE:   0
MIN  0 OR BELOW:   0    1.00 INCH OR MORE:   0

[HDD (BASE 65) ]
TOTAL THIS MO.     9    CLEAR  (SCALE 0-3)  16
DPTR FM NORMAL    -8    PTCLDY (SCALE 4-7)   0
TOTAL FM JUL 1   821    CLOUDY (SCALE 8-10)  0
DPTR FM NORMAL  -353

[CDD (BASE 65) ]
TOTAL THIS MO.   119
DPTR FM NORMAL    44    [PRESSURE DATA]
TOTAL FM JAN 1   233    HIGHEST SLP M ON M
DPTR FM NORMAL    84    LOWEST  SLP 29.77 ON 16

[REMARKS]




U.S. Dept. of Commerce
NOAA National Weather Service
1325 East West Highway
Silver Spring, MD 20910
E-mail: w-nws.webmaster@noaa.gov
Page last modified: May 16, 2007
NATIONAL WEATHER SERVICE: for Safety, for Work, for Fun - FOR LIFE