664
CXUS56 KSGX 301445
CF6TRM
PRELIMINARY LOCAL CLIMATOLOGICAL DATA (WS FORM: F-6)

                                          STATION:   THERMAL AIRPORT CA
                                          MONTH:     SEPTEMBER
                                          YEAR:      2014
                                          LATITUDE:   33 37 N
                                          LONGITUDE: 116 10 W

  TEMPERATURE IN F:       :PCPN:    SNOW:  WIND      :SUNSHINE: SKY     :PK WND
================================================================================
1   2   3   4   5  6A  6B    7    8   9   10  11  12  13   14  15   16   17  18
                                     12Z  AVG MX 2MIN
DY MAX MIN AVG DEP HDD CDD  WTR  SNW DPTH SPD SPD DIR MIN PSBL S-S WX    SPD DR
================================================================================

 1 106  67  87  -1   0  22 0.00  0.0    0  4.9 12 150   M    M   0        16 140
 2 108  66  87  -1   0  22 0.00  0.0    0  6.3 14 330   M    M   0        22 320
 3 106  71  89   1   0  24 0.00  0.0    0  6.5 15 330   M    M   0        21 340
 4 106  76  91   4   0  26 0.00  0.0    0  6.8 16 330   M    M   0        20 320
 5 103  83  93   6   0  28 0.00  0.0    0  7.7 18 150   M    M   2        23 130
 6 103  79  91   4   0  26 0.00  0.0    0  4.8 17 140   M    M   0        22 140
 7  97  80  89   2   0  24 0.09  0.0    0  4.8 16 100   M    M   1 1      21 120
 8  96  78  87   1   0  22 0.04  0.0    0  4.9 14 260   M    M   2 1      18 280
 9 102  75  89   3   0  24 0.00  0.0    0  3.9 13 130   M    M   1        15 120
10 103  71  87   1   0  22 0.00  0.0    0  4.8 12 130   M    M   0        17 140
11 107  69  88   2   0  23 0.00  0.0    0  4.6 12 140   M    M   0        15 140
12 111  70  91   6   0  26 0.00  0.0    0  5.2 12 310   M    M   0        14 220
13 109  75  92   7   0  27 0.00  0.0    0  6.5 15 150   M    M   0        19 130
14 110  73  92   7   0  27 0.00  0.0    0  5.3 14 150   M    M   0        20 130
15 113  74  94  10   0  29 0.00  0.0    0  5.1 15 130   M    M   0        20 130
16 103  82  93   9   0  28 0.00  0.0    0  6.8 21  90   M    M   0 8      28 100
17 103  75  89   5   0  24 0.00  0.0    0  5.2 15 140   M    M   0        18 120
18 108  76  92   9   0  27 0.00  0.0    0  8.7 25 340   M    M   0 8      30 340
19  99  78  89   6   0  24 0.00  0.0    0  8.8 18 320   M    M   0 8      24 320
20 100  78  89   6   0  24 0.00  0.0    0  9.9 24 340   M    M   0        32 340
21 101  76  89   7   0  24 0.00  0.0    0  7.4 21 330   M    M   0        27 320
22 101  65  83   1   0  18 0.00  0.0    0  4.6 15 150   M    M   0 8      19 140
23 103  62  83   1   0  18 0.00  0.0    0  3.7 10 130   M    M   0 8      14 170
24 107  66  87   6   0  22 0.00  0.0    0  5.3 14 140   M    M   0        18 140
25 104  72  88   7   0  23 0.00  0.0    0  5.9 16 150   M    M   1 8      22 160
26 101  76  89   9   0  24 0.00  0.0    0  7.7 22 130   M    M   2 8      30 130
27  93  71  82   2   0  17 0.00  0.0    0 12.9 22 340   M    M   0 8      28 330
28  89  68  79  -1   0  14 0.00  0.0    0 10.2 21 330   M    M   0        27 330
29  93  63  78  -1   0  13 0.00  0.0    0  5.7 17 330   M    M   0        23 330
================================================================================
SM 2985 2115         0 672  0.13     0.0 184.9          M        9
================================================================================
AV102.9 72.9                               6.4 FASTST   M    M   0    MAX(MPH)
                                 MISC ---->  # 25 340               # 32  340
================================================================================
NOTES:
# LAST OF SEVERAL OCCURRENCES

COLUMN 17 PEAK WIND IN M.P.H.

PRELIMINARY LOCAL CLIMATOLOGICAL DATA (WS FORM: F-6) , PAGE 2

                                          STATION:  THERMAL AIRPORT CA
                                          MONTH:    SEPTEMBER
                                          YEAR:     2014
                                          LATITUDE:   33 37 N
                                          LONGITUDE: 116 10 W

[TEMPERATURE DATA]      [PRECIPITATION DATA]       SYMBOLS USED IN COLUMN 16

AVERAGE MONTHLY: 87.9   TOTAL FOR MONTH:   0.13    1 = FOG OR MIST
DPTR FM NORMAL:   3.8   DPTR FM NORMAL:   -0.10    2 = FOG REDUCING VISIBILITY
HIGHEST:   113 ON 15    GRTST 24HR  0.13 ON  7- 8      TO 1/4 MILE OR LESS
LOWEST:     62 ON 23                               3 = THUNDER
                        SNOW, ICE PELLETS, HAIL    4 = ICE PELLETS
                        TOTAL MONTH:   0.0 INCH    5 = HAIL
                        GRTST 24HR     0.0         6 = FREEZING RAIN OR DRIZZLE
                        GRTST DEPTH:   0           7 = DUSTSTORM OR SANDSTORM:
                                                       VSBY 1/2 MILE OR LESS
                                                   8 = SMOKE OR HAZE
[NO. OF DAYS WITH]      [WEATHER - DAYS WITH]      9 = BLOWING SNOW
                                                   X = TORNADO
MAX 32 OR BELOW:   0    0.01 INCH OR MORE:   2
MAX 90 OR ABOVE:  28    0.10 INCH OR MORE:   0
MIN 32 OR BELOW:   0    0.50 INCH OR MORE:   0
MIN  0 OR BELOW:   0    1.00 INCH OR MORE:   0

[HDD (BASE 65) ]
TOTAL THIS MO.     0    CLEAR  (SCALE 0-3)  29
DPTR FM NORMAL     0    PTCLDY (SCALE 4-7)   0
TOTAL FM JUL 1     0    CLOUDY (SCALE 8-10)  0
DPTR FM NORMAL     0

[CDD (BASE 65) ]
TOTAL THIS MO.   672
DPTR FM NORMAL   119    [PRESSURE DATA]
TOTAL FM JAN 1  3869    HIGHEST SLP M ON M
DPTR FM NORMAL   483    LOWEST  SLP 29.69 ON  3

[REMARKS]




U.S. Dept. of Commerce
NOAA National Weather Service
1325 East West Highway
Silver Spring, MD 20910
E-mail: w-nws.webmaster@noaa.gov
Page last modified: May 16, 2007
NATIONAL WEATHER SERVICE: for Safety, for Work, for Fun - FOR LIFE