323
CXUS56 KSGX 261445
CF6TRM
PRELIMINARY LOCAL CLIMATOLOGICAL DATA (WS FORM: F-6)

                                          STATION:   THERMAL AIRPORT CA
                                          MONTH:     NOVEMBER
                                          YEAR:      2014
                                          LATITUDE:   33 37 N
                                          LONGITUDE: 116 10 W

  TEMPERATURE IN F:       :PCPN:    SNOW:  WIND      :SUNSHINE: SKY     :PK WND
================================================================================
1   2   3   4   5  6A  6B    7    8   9   10  11  12  13   14  15   16   17  18
                                     12Z  AVG MX 2MIN
DY MAX MIN AVG DEP HDD CDD  WTR  SNW DPTH SPD SPD DIR MIN PSBL S-S WX    SPD DR
================================================================================

 1  76  58  67   0   0   2 0.00  0.0    0 11.5 31 280   M    M   2 8      41 260
 2  77  48  63  -4   2   0 0.00  0.0    0  6.3 15 340   M    M   0        19 310
 3  78  50  64  -2   1   0 0.00  0.0    0  8.1 18 340   M    M   0        24 320
 4  81  47  64  -2   1   0 0.00  0.0    0  9.0 18 290   M    M   0 8      24 290
 5  90  43  67   2   0   2 0.00  0.0    0  5.6 13 280   M    M   0        21 290
 6  89  47  68   3   0   3 0.00  0.0    0  3.5  9 350   M    M   0        12 150
 7  89  44  67   3   0   2 0.00  0.0    0  4.9 10 110   M    M   0        13 120
 8  90  46  68   4   0   3 0.00  0.0    0  3.8 10 340   M    M   0 8      12  90
 9  88  48  68   4   0   3 0.00  0.0    0  3.6 12 150   M    M   0        14 150
10  81  46  64   1   1   0 0.00  0.0    0  4.8 15 330   M    M   0        20 330
11  80  50  65   2   0   0 0.00  0.0    0  7.9 17 330   M    M   0 8      23 330
12  80  52  66   4   0   1 0.00  0.0    0  7.9 15 330   M    M   0 8      20 310
13  78  54  66   4   0   1 0.00  0.0    0  3.4 12 340   M    M   0        15 340
14  78  55  67   5   0   2 0.00  0.0    0  4.9 12 340   M    M   0        16 320
15  79  47  63   2   2   0 0.00  0.0    0  6.1 24 320   M    M   0 8      33 330
16  72  46  59  -2   6   0 0.00  0.0    0 12.6 24 330   M    M   0 8      38 320
17  75  40  58  -2   7   0 0.00  0.0    0  4.5  9 140   M    M   0        12 140
18  76  35  56  -4   9   0 0.00  0.0    0  4.6 12 140   M    M   0 8      15 140
19  76  35  56  -3   9   0 0.00  0.0    0  4.1  8 150   M    M   0        10 110
20  77  40  59   0   6   0 0.00  0.0    0  3.4  9 150   M    M   0        10 150
21  77  47  62   4   3   0    T  0.0    0  5.6 18 330   M    M   1        25 330
22  77  43  60   2   5   0 0.00  0.0    0  3.3  9 150   M    M   0        13 160
23  78  40  59   1   6   0 0.00  0.0    0  7.7 25 330   M    M   0 8      33 340
24  79  35  57   0   8   0 0.00  0.0    0  5.7 15 300   M    M   0        20 310
25  74  35  55  -2  10   0 0.00  0.0    0  4.4 10 330   M    M   0        13 130
================================================================================
SM 1995 1131        76  19    T      0.0 147.2          M        3
================================================================================
AV 79.8 45.2                               5.9 FASTST   M    M   0    MAX(MPH)
                                 MISC ---->  # 31 280               # 41  260
================================================================================
NOTES:
# LAST OF SEVERAL OCCURRENCES

COLUMN 17 PEAK WIND IN M.P.H.

PRELIMINARY LOCAL CLIMATOLOGICAL DATA (WS FORM: F-6) , PAGE 2

                                          STATION:  THERMAL AIRPORT CA
                                          MONTH:    NOVEMBER
                                          YEAR:     2014
                                          LATITUDE:   33 37 N
                                          LONGITUDE: 116 10 W

[TEMPERATURE DATA]      [PRECIPITATION DATA]       SYMBOLS USED IN COLUMN 16

AVERAGE MONTHLY: 62.5   TOTAL FOR MONTH:      T    1 = FOG OR MIST
DPTR FM NORMAL:   0.6   DPTR FM NORMAL:   -0.18    2 = FOG REDUCING VISIBILITY
HIGHEST:    90 ON  8, 5 GRTST 24HR    T  ON 21-21      TO 1/4 MILE OR LESS
LOWEST:     35 ON 25,24                            3 = THUNDER
                        SNOW, ICE PELLETS, HAIL    4 = ICE PELLETS
                        TOTAL MONTH:   0.0 INCH    5 = HAIL
                        GRTST 24HR     0.0         6 = FREEZING RAIN OR DRIZZLE
                        GRTST DEPTH:   0           7 = DUSTSTORM OR SANDSTORM:
                                                       VSBY 1/2 MILE OR LESS
                                                   8 = SMOKE OR HAZE
[NO. OF DAYS WITH]      [WEATHER - DAYS WITH]      9 = BLOWING SNOW
                                                   X = TORNADO
MAX 32 OR BELOW:   0    0.01 INCH OR MORE:   0
MAX 90 OR ABOVE:   2    0.10 INCH OR MORE:   0
MIN 32 OR BELOW:   0    0.50 INCH OR MORE:   0
MIN  0 OR BELOW:   0    1.00 INCH OR MORE:   0

[HDD (BASE 65) ]
TOTAL THIS MO.    76    CLEAR  (SCALE 0-3)  25
DPTR FM NORMAL   -34    PTCLDY (SCALE 4-7)   0
TOTAL FM JUL 1    76    CLOUDY (SCALE 8-10)  0
DPTR FM NORMAL   -45

[CDD (BASE 65) ]
TOTAL THIS MO.    19
DPTR FM NORMAL   -14    [PRESSURE DATA]
TOTAL FM JAN 1  4258    HIGHEST SLP M ON M
DPTR FM NORMAL   572    LOWEST  SLP 29.81 ON  9

[REMARKS]




U.S. Dept. of Commerce
NOAA National Weather Service
1325 East West Highway
Silver Spring, MD 20910
E-mail: w-nws.webmaster@noaa.gov
Page last modified: May 16, 2007
NATIONAL WEATHER SERVICE: for Safety, for Work, for Fun - FOR LIFE