497
CXUS56 KSGX 011445
CF6TRM
PRELIMINARY LOCAL CLIMATOLOGICAL DATA (WS FORM: F-6)

                                          STATION:   THERMAL AIRPORT CA
                                          MONTH:     AUGUST
                                          YEAR:      2014
                                          LATITUDE:   33 37 N
                                          LONGITUDE: 116 10 W

  TEMPERATURE IN F:       :PCPN:    SNOW:  WIND      :SUNSHINE: SKY     :PK WND
================================================================================
1   2   3   4   5  6A  6B    7    8   9   10  11  12  13   14  15   16   17  18
                                     12Z  AVG MX 2MIN
DY MAX MIN AVG DEP HDD CDD  WTR  SNW DPTH SPD SPD DIR MIN PSBL S-S WX    SPD DR
================================================================================

 1 107  79  93   2   0  28 0.00  0.0    0  4.8 21 130   M    M   0        26 130
 2  94  80  87  -4   0  22 0.03  0.0    0  6.5 18 140   M    M   1 8      26 150
 3  95  76  86  -5   0  21 0.29  0.0    0  4.0 17  50   M    M   4        26  50
 4  98  75  87  -4   0  22 0.00  0.0    0  5.1 16 330   M    M   0 1      22 340
 5 106  80  93   3   0  28 0.00  0.0    0  8.0 17 330   M    M   0        24 330
 6 105  80  93   3   0  28 0.00  0.0    0  9.5 20 330   M    M   0        28 320
 7 104  77  91   1   0  26 0.00  0.0    0  8.3 17 330   M    M   0        23 320
 8 103  70  87  -3   0  22 0.00  0.0    0  6.4 16 150   M    M   0        22 160
 9 104  66  85  -5   0  20 0.00  0.0    0  5.7 15 140   M    M   0        21 120
10 107  73  90   0   0  25 0.00  0.0    0  5.6 15 330   M    M   0        19 150
11 108  76  92   2   0  27    T  0.0    0  5.5 15 330   M    M   1 8      20 320
12 103  87  95   5   0  30    T  0.0    0  7.1 18 130   M    M   2        23 140
13 101  78  90   0   0  25    T  0.0    0  5.7 15 130   M    M   2        20 140
14 106  75  91   1   0  26 0.00  0.0    0  7.0 16 330   M    M   0        22 140
15 106  72  89  -1   0  24 0.00  0.0    0  4.7 12 340   M    M   0        16 150
16 109  76  93   3   0  28 0.00  0.0    0  6.2 15 330   M    M   1        21 310
17 112  83  98   8   0  33 0.00  0.0    0  6.6 13 310   M    M   2        17 320
18  97  84  91   1   0  26    T  0.0    0  9.0 33 140   M    M   3 8      44 140
19 106  82  94   4   0  29 0.00  0.0    0  8.0 18 330   M    M   2        24 290
20 100  77  89  -1   0  24    T  0.0    0  7.4 16 330   M    M   0        21 330
21 101  70  86  -3   0  21 0.00  0.0    0  6.6 33 140   M    M   2 8      46 140
22  96  67  82  -7   0  17 0.00  0.0    0  4.6 14 340   M    M   0        18 340
23 101  65  83  -6   0  18 0.00  0.0    0  5.8 15 330   M    M   0        19 330
24 104  72  88  -1   0  23 0.00  0.0    0  7.3 15 120   M    M   0        20 150
25 101  73  87  -2   0  22 0.00  0.0    0  5.0 22 280   M    M   0 8      30 270
26 102  70  86  -3   0  21 0.00  0.0    0  6.5 20 350   M    M   0        27 350
27 107  73  90   1   0  25 0.00  0.0    0  6.5 20 330   M    M   0        26 320
28 114  80  97   8   0  32 0.00  0.0    0  7.0 16 340   M    M   0        20 330
29 114  78  96   8   0  31 0.00  0.0    0  6.8 14 340   M    M   0        20 330
30 111  69  90   2   0  25 0.00  0.0    0  5.9 13 330   M    M   0        17 140
31 109  72  91   3   0  26 0.00  0.0    0  6.5 17 330   M    M   0        24 330
================================================================================
SM 3231 2335         0 775  0.32     0.0 199.6          M       20
================================================================================
AV104.2 75.3                               6.4 FASTST   M    M   1    MAX(MPH)
                                 MISC ---->  # 33 140               # 46  140
================================================================================
NOTES:
# LAST OF SEVERAL OCCURRENCES

COLUMN 17 PEAK WIND IN M.P.H.

PRELIMINARY LOCAL CLIMATOLOGICAL DATA (WS FORM: F-6) , PAGE 2

                                          STATION:  THERMAL AIRPORT CA
                                          MONTH:    AUGUST
                                          YEAR:     2014
                                          LATITUDE:   33 37 N
                                          LONGITUDE: 116 10 W

[TEMPERATURE DATA]      [PRECIPITATION DATA]       SYMBOLS USED IN COLUMN 16

AVERAGE MONTHLY: 89.8   TOTAL FOR MONTH:   0.32    1 = FOG OR MIST
DPTR FM NORMAL:   0.1   DPTR FM NORMAL:    0.13    2 = FOG REDUCING VISIBILITY
HIGHEST:   114 ON 29,28 GRTST 24HR  0.29 ON  3- 3      TO 1/4 MILE OR LESS
LOWEST:     65 ON 23                               3 = THUNDER
                        SNOW, ICE PELLETS, HAIL    4 = ICE PELLETS
                        TOTAL MONTH:   0.0 INCH    5 = HAIL
                        GRTST 24HR     0.0         6 = FREEZING RAIN OR DRIZZLE
                        GRTST DEPTH:   0           7 = DUSTSTORM OR SANDSTORM:
                                                       VSBY 1/2 MILE OR LESS
                                                   8 = SMOKE OR HAZE
[NO. OF DAYS WITH]      [WEATHER - DAYS WITH]      9 = BLOWING SNOW
                                                   X = TORNADO
MAX 32 OR BELOW:   0    0.01 INCH OR MORE:   2
MAX 90 OR ABOVE:  31    0.10 INCH OR MORE:   1
MIN 32 OR BELOW:   0    0.50 INCH OR MORE:   0
MIN  0 OR BELOW:   0    1.00 INCH OR MORE:   0

[HDD (BASE 65) ]
TOTAL THIS MO.     0    CLEAR  (SCALE 0-3)  29
DPTR FM NORMAL     0    PTCLDY (SCALE 4-7)   2
TOTAL FM JUL 1     0    CLOUDY (SCALE 8-10)  0
DPTR FM NORMAL     0

[CDD (BASE 65) ]
TOTAL THIS MO.   775
DPTR FM NORMAL     9    [PRESSURE DATA]
TOTAL FM JAN 1  3197    HIGHEST SLP 29.96 ON  2
DPTR FM NORMAL   364    LOWEST  SLP 29.57 ON 31

[REMARKS]
#FINAL-08-14#




U.S. Dept. of Commerce
NOAA National Weather Service
1325 East West Highway
Silver Spring, MD 20910
E-mail: w-nws.webmaster@noaa.gov
Page last modified: May 16, 2007
NATIONAL WEATHER SERVICE: for Safety, for Work, for Fun - FOR LIFE