066
CXUS54 KFWD 300730
CF6TRL
PRELIMINARY LOCAL CLIMATOLOGICAL DATA (WS FORM: F-6)

                                          STATION:   TERRELL
                                          MONTH:     SEPTEMBER
                                          YEAR:      2014
                                          LATITUDE:   32 42 N
                                          LONGITUDE:  96 16 W

  TEMPERATURE IN F:       :PCPN:    SNOW:  WIND      :SUNSHINE: SKY     :PK WND
================================================================================
1   2   3   4   5  6A  6B    7    8   9   10  11  12  13   14  15   16   17  18
                                     12Z  AVG MX 2MIN
DY MAX MIN AVG DEP HDD CDD  WTR  SNW DPTH SPD SPD DIR MIN PSBL S-S WX    SPD DR
================================================================================

 1  95  77  86   4   0  21 0.00  0.0    0 12.9 21 180   M    M   3        29 190
 2  97  78  88   6   0  23 0.00  0.0    0 10.2 21 160   M    M   3        27 160
 3  96  76  86   4   0  21 0.00  0.0    0 10.1 20 170   M    M   1        25 160
 4  97  76  87   6   0  22 0.00  0.0    0  8.8 18 160   M    M   2        24 160
 5  96  74  85   4   0  20 0.00  0.0    0  4.6 13 170   M    M   1        19 160
 6  98  74  86   5   0  21 0.44  0.0    0  3.6 15 340   M    M   2 13     20 350
 7  89  73  81   1   0  16 0.00  0.0    0  6.3 12  10   M    M   4        16  30
 8  94  73  84   4   0  19 0.00  0.0    0  5.3 14 160   M    M   2        18 160
 9  97  76  87   7   0  22 0.00  0.0    0  9.5 18 160   M    M   0        24 150
10  99  78  89  10   0  24 0.00  0.0    0 12.6 22 180   M    M   0        30 170
11  93  74  84   5   0  19 0.21  0.0    0  9.3 15 330   M    M   6 13     20 340
12  79  63  71  -7   0   6 0.00  0.0    0 10.9 21  10   M    M  10 1      27 360
13  70  60  65 -13   0   0 0.00  0.0    0 10.6 20  20   M    M  10        24  10
14  85  64  75  -3   0  10 0.00  0.0    0  3.8  9  50   M    M   6        14  20
15  88  70  79   2   0  14 0.01  0.0    0  4.1 10  10   M    M   2        12  50
16  92  74  83   6   0  18 0.00  0.0    0  3.8 10  30   M    M   2        14  10
17  93  72  83   7   0  18 0.00  0.0    0  4.8 14 150   M    M   0 18     17 160
18  91  72  82   6   0  17 0.00  0.0    0  5.4 17 160   M    M   4        22 130
19  90  69  80   4   0  15 0.00  0.0    0  6.4 14  90   M    M   6 12     20 130
20  94  71  83   8   0  18 0.00  0.0    0  5.4 17 120   M    M   1        25 130
21  97  67  82   7   0  17 0.00  0.0    0  3.8 14  20   M    M   2        18  20
22  88  65  77   3   0  12    T  0.0    0  9.4 17  80   M    M   1 8      23  60
23  86  61  74   0   0   9 0.00  0.0    0  5.2 14 110   M    M   0        17 110
24  89  55  72  -2   0   7 0.00  0.0    0  5.3 13  80   M    M   0        17 110
25  88  59  74   1   0   9 0.00  0.0    0  4.7 14  80   M    M   0        18  50
26  89  62  76   3   0  11 0.00  0.0    0  4.8 14  80   M    M   1        19 100
27  90  66  78   5   0  13 0.00  0.0    0  5.7 16  70   M    M   3        22 110
28  91  67  79   7   0  14 0.00  0.0    0  5.8 14  40   M    M   2        20  50
29  90  64  77   5   0  12 0.00  0.0    0  5.9 15  60   M    M   2        19  50
================================================================================
SM 2641 2010         0 448  0.66     0.0 199.0          M       76
================================================================================
AV 91.1 69.3                               6.9 FASTST   M    M   3    MAX(MPH)
                                 MISC ---->  # 22 180               # 30  170
================================================================================
NOTES:
# LAST OF SEVERAL OCCURRENCES

COLUMN 17 PEAK WIND IN M.P.H.

PRELIMINARY LOCAL CLIMATOLOGICAL DATA (WS FORM: F-6) , PAGE 2

                                          STATION:  TERRELL
                                          MONTH:    SEPTEMBER
                                          YEAR:     2014
                                          LATITUDE:   32 42 N
                                          LONGITUDE:  96 16 W

[TEMPERATURE DATA]      [PRECIPITATION DATA]       SYMBOLS USED IN COLUMN 16

AVERAGE MONTHLY: 80.2   TOTAL FOR MONTH:   0.66    1 = FOG OR MIST
DPTR FM NORMAL:   3.0   DPTR FM NORMAL:   -2.14    2 = FOG REDUCING VISIBILITY
HIGHEST:    99 ON 10    GRTST 24HR  0.44 ON  6- 6      TO 1/4 MILE OR LESS
LOWEST:     55 ON 24                               3 = THUNDER
                        SNOW, ICE PELLETS, HAIL    4 = ICE PELLETS
                        TOTAL MONTH:   0.0 INCH    5 = HAIL
                        GRTST 24HR     0.0         6 = FREEZING RAIN OR DRIZZLE
                        GRTST DEPTH:   0           7 = DUSTSTORM OR SANDSTORM:
                                                       VSBY 1/2 MILE OR LESS
                                                   8 = SMOKE OR HAZE
[NO. OF DAYS WITH]      [WEATHER - DAYS WITH]      9 = BLOWING SNOW
                                                   X = TORNADO
MAX 32 OR BELOW:   0    0.01 INCH OR MORE:   3
MAX 90 OR ABOVE:  19    0.10 INCH OR MORE:   2
MIN 32 OR BELOW:   0    0.50 INCH OR MORE:   0
MIN  0 OR BELOW:   0    1.00 INCH OR MORE:   0

[HDD (BASE 65) ]
TOTAL THIS MO.     0    CLEAR  (SCALE 0-3)  21
DPTR FM NORMAL    -3    PTCLDY (SCALE 4-7)   6
TOTAL FM JUL 1     0    CLOUDY (SCALE 8-10)  2
DPTR FM NORMAL    -3

[CDD (BASE 65) ]
TOTAL THIS MO.   448
DPTR FM NORMAL    90    [PRESSURE DATA]
TOTAL FM JAN 1  2614    HIGHEST SLP M ON M
DPTR FM NORMAL   224    LOWEST  SLP 29.69 ON 10

[REMARKS]




U.S. Dept. of Commerce
NOAA National Weather Service
1325 East West Highway
Silver Spring, MD 20910
E-mail: w-nws.webmaster@noaa.gov
Page last modified: May 16, 2007
NATIONAL WEATHER SERVICE: for Safety, for Work, for Fun - FOR LIFE