218
CXUS54 KFWD 230730
CF6TRL
PRELIMINARY LOCAL CLIMATOLOGICAL DATA (WS FORM: F-6)

                                          STATION:   TERRELL
                                          MONTH:     APRIL
                                          YEAR:      2014
                                          LATITUDE:   32 42 N
                                          LONGITUDE:  96 16 W

  TEMPERATURE IN F:       :PCPN:    SNOW:  WIND      :SUNSHINE: SKY     :PK WND
================================================================================
1   2   3   4   5  6A  6B    7    8   9   10  11  12  13   14  15   16   17  18
                                     12Z  AVG MX 2MIN
DY MAX MIN AVG DEP HDD CDD  WTR  SNW DPTH SPD SPD DIR MIN PSBL S-S WX    SPD DR
================================================================================

 1  81  63  72  11   0   7 0.00  0.0    0 11.2 20 150   M    M   6        27  70
 2  82  69  76  15   0  11    T  0.0    0 13.6 23 170   M    M   9 1      31 160
 3  81  62  72  11   0   7    T  0.0    0 15.0 25 180   M    M   8 3      36 180
 4  66  46  56  -6   9   0 0.00  0.0    0 10.3 21  10   M    M   0        29 330
 5  56  44  50 -12  15   0 0.02  0.0    0  7.9 17  80   M    M   4        23  80
 6  52  47  50 -12  15   0 0.64  0.0    0 10.1 17  70   M    M  10 13     24  40
 7  64  48  56  -6   9   0 0.15  0.0    0  5.9 21 310   M    M   8 13     27 310
 8  70  45  58  -5   7   0 0.00  0.0    0 13.1 29 330   M    M   0        39 330
 9  77  39  58  -5   7   0 0.00  0.0    0  7.8 18 180   M    M   0        23 180
10  83  56  70   7   0   5 0.00  0.0    0 16.2 30 180   M    M   0        37 180
11  80  62  71   7   0   6 0.00  0.0    0 12.6 22 170   M    M   4        31 200
12  82  63  73   9   0   8 0.00  0.0    0 15.9 28 170   M    M   5        37 180
13  76  66  71   7   0   6 0.73  0.0    0 13.0 26 180   M    M   6 13     35 170
14  72  44  58  -6   7   0 0.01  0.0    0 14.7 25 330   M    M   7 3      35 310
15  62  32  47 -17  18   0 0.00  0.0    0  5.3 13 310   M    M   0        20 340
16  66  37  52 -13  13   0 0.00  0.0    0 12.1 24 150   M    M   0        30 170
17  68  48  58  -7   7   0    T  0.0    0  6.4 15 150   M    M   7        19 140
18  76  53  65   0   0   0    T  0.0    0  4.4 13  50   M    M   3        22  30
19  77  48  63  -3   2   0    T    M    0  4.4 17 200   M    M   1        28 200
20  78  58  68   2   0   3 0.18  0.0    0  7.6 22 170   M    M   5 1      28 170
21  79  61  70   4   0   5 0.71  0.0    0  8.2 30  60   M    M   7 13     39  60
22  82  56  69   3   0   4 0.00  0.0    0  3.5 13  30   M    M   3 1      17  40
================================================================================
SM 1610 1147       109  62  2.44     0.0 219.2          M       93
================================================================================
AV 73.2 52.1                              10.0 FASTST   M    M   4    MAX(MPH)
                                 MISC ---->  # 30 180               # 39  330
================================================================================
NOTES:
# LAST OF SEVERAL OCCURRENCES

COLUMN 17 PEAK WIND IN M.P.H.

PRELIMINARY LOCAL CLIMATOLOGICAL DATA (WS FORM: F-6) , PAGE 2

                                          STATION:  TERRELL
                                          MONTH:    APRIL
                                          YEAR:     2014
                                          LATITUDE:   32 42 N
                                          LONGITUDE:  96 16 W

[TEMPERATURE DATA]      [PRECIPITATION DATA]       SYMBOLS USED IN COLUMN 16

AVERAGE MONTHLY: 62.7   TOTAL FOR MONTH:   2.44    1 = FOG OR MIST
DPTR FM NORMAL:  -0.9   DPTR FM NORMAL:    0.15    2 = FOG REDUCING VISIBILITY
HIGHEST:    83 ON 10    GRTST 24HR  0.74 ON 20-21      TO 1/4 MILE OR LESS
LOWEST:     32 ON 15                               3 = THUNDER
                        SNOW, ICE PELLETS, HAIL    4 = ICE PELLETS
                        TOTAL MONTH:   0.0 INCH    5 = HAIL
                        GRTST 24HR     0.0         6 = FREEZING RAIN OR DRIZZLE
                        GRTST DEPTH:   0           7 = DUSTSTORM OR SANDSTORM:
                                                       VSBY 1/2 MILE OR LESS
                                                   8 = SMOKE OR HAZE
[NO. OF DAYS WITH]      [WEATHER - DAYS WITH]      9 = BLOWING SNOW
                                                   X = TORNADO
MAX 32 OR BELOW:   0    0.01 INCH OR MORE:   7
MAX 90 OR ABOVE:   0    0.10 INCH OR MORE:   5
MIN 32 OR BELOW:   1    0.50 INCH OR MORE:   3
MIN  0 OR BELOW:   0    1.00 INCH OR MORE:   0

[HDD (BASE 65) ]
TOTAL THIS MO.   109    CLEAR  (SCALE 0-3)   9
DPTR FM NORMAL    24    PTCLDY (SCALE 4-7)  11
TOTAL FM JUL 1  2771    CLOUDY (SCALE 8-10)  2
DPTR FM NORMAL   433

[CDD (BASE 65) ]
TOTAL THIS MO.    62
DPTR FM NORMAL     7    [PRESSURE DATA]
TOTAL FM JAN 1    69    HIGHEST SLP M ON M
DPTR FM NORMAL   -16    LOWEST  SLP 29.51 ON 13

[REMARKS]




U.S. Dept. of Commerce
NOAA National Weather Service
1325 East West Highway
Silver Spring, MD 20910
E-mail: w-nws.webmaster@noaa.gov
Page last modified: May 16, 2007
NATIONAL WEATHER SERVICE: for Safety, for Work, for Fun - FOR LIFE