815
CXUS54 KFWD 250730
CF6TRL
PRELIMINARY LOCAL CLIMATOLOGICAL DATA (WS FORM: F-6)

                                          STATION:   TERRELL
                                          MONTH:     JANUARY
                                          YEAR:      2015
                                          LATITUDE:   32 42 N
                                          LONGITUDE:  96 16 W

  TEMPERATURE IN F:       :PCPN:    SNOW:  WIND      :SUNSHINE: SKY     :PK WND
================================================================================
1   2   3   4   5  6A  6B    7    8   9   10  11  12  13   14  15   16   17  18
                                     12Z  AVG MX 2MIN
DY MAX MIN AVG DEP HDD CDD  WTR  SNW DPTH SPD SPD DIR MIN PSBL S-S WX    SPD DR
================================================================================

 1  40  35  38  -7  27   0 0.43    M    0  6.2 10  30   M    M  10 1      13  30
 2  44  39  42  -3  23   0 0.18    M    0  6.9 13  60   M    M  10 13     15  40
 3  50  39  45   0  20   0 0.53    M    0  6.2 17 300   M    M   6 13     21 300
 4  42  31  37  -8  28   0 0.00  0.0    0 11.2 23 330   M    M   1        29 330
 5  48  24  36  -9  29   0 0.00  0.0    0  6.3 13 180   M    M   0        17 170
 6  61  34  48   3  17   0 0.00  0.0    0  5.3 12  10   M    M   0        16 190
 7  44  24  34 -11  31   0 0.00  0.0    0 16.0 29  20   M    M   0        37  10
 8  40  18  29 -16  36   0 0.00  0.0    0  7.3 18 180   M    M   0        24 190
 9  41  29  35 -10  30   0 0.00  0.0    0  9.2 20  10   M    M   8        23 350
10  42  33  38  -7  27   0 0.03  0.0    0  5.9 12  40   M    M  10        15  40
11  45  35  40  -5  25   0 0.89  0.0    0  5.0 12 110   M    M  10 1      15 120
12  46  38  42  -3  23   0 0.00  0.0    0 10.5 18  10   M    M   9 18     24 360
13  45  36  41  -4  24   0 0.00  0.0    0  8.1 14 350   M    M  10 8      18 350
14  45  37  41  -4  24   0 0.00  0.0    0  5.6 10 330   M    M  10        13 340
15  56  34  45   0  20   0 0.00  0.0    0  5.4 14 300   M    M   3        19 310
16  64  30  47   2  18   0 0.00  0.0    0  4.3 14 220   M    M   0 18     18 220
17  71  41  56  11   9   0 0.00    M    0  9.9 22 210   M    M   0        28 210
18  70  32  51   6  14   0 0.00  0.0    0  5.0 15 240   M    M   0        19 190
19  70  39  55   9  10   0 0.00  0.0    0  6.2 13 160   M    M   0        17 200
20  67  38  53   7  12   0 0.00  0.0    0  4.8 15  30   M    M   3 128    21  40
21  65  43  54   8  11   0 0.23  0.0    0  9.5 16 100   M    M   5 1      20 100
22  49  41  45  -1  20   0 1.23  0.0    0 15.1 28  50   M    M  10 1      35  30
23  53  34  44  -2  21   0 0.01  0.0    0  8.6 20 320   M    M   4        26 230
24  59  30  45  -1  20   0 0.00  0.0    0  5.0 13 270   M    M   0 1      16 300
================================================================================
SM 1257  814       519   0  3.53     0.0 183.5          M      109
================================================================================
AV 52.4 33.9                               7.6 FASTST   M    M   5    MAX(MPH)
                                 MISC ---->  # 29  20               # 37   10
================================================================================
NOTES:
# LAST OF SEVERAL OCCURRENCES

COLUMN 17 PEAK WIND IN M.P.H.

PRELIMINARY LOCAL CLIMATOLOGICAL DATA (WS FORM: F-6) , PAGE 2

                                          STATION:  TERRELL
                                          MONTH:    JANUARY
                                          YEAR:     2015
                                          LATITUDE:   32 42 N
                                          LONGITUDE:  96 16 W

[TEMPERATURE DATA]      [PRECIPITATION DATA]       SYMBOLS USED IN COLUMN 16

AVERAGE MONTHLY: 43.1   TOTAL FOR MONTH:   3.53    1 = FOG OR MIST
DPTR FM NORMAL:  -2.1   DPTR FM NORMAL:    1.50    2 = FOG REDUCING VISIBILITY
HIGHEST:    71 ON 17    GRTST 24HR  1.23 ON 22-22      TO 1/4 MILE OR LESS
LOWEST:     18 ON  8                               3 = THUNDER
                        SNOW, ICE PELLETS, HAIL    4 = ICE PELLETS
                        TOTAL MONTH:   0.0 INCH    5 = HAIL
                        GRTST 24HR     0.0         6 = FREEZING RAIN OR DRIZZLE
                        GRTST DEPTH:   0           7 = DUSTSTORM OR SANDSTORM:
                                                       VSBY 1/2 MILE OR LESS
                                                   8 = SMOKE OR HAZE
[NO. OF DAYS WITH]      [WEATHER - DAYS WITH]      9 = BLOWING SNOW
                                                   X = TORNADO
MAX 32 OR BELOW:   0    0.01 INCH OR MORE:   8
MAX 90 OR ABOVE:   0    0.10 INCH OR MORE:   6
MIN 32 OR BELOW:   8    0.50 INCH OR MORE:   3
MIN  0 OR BELOW:   0    1.00 INCH OR MORE:   1

[HDD (BASE 65) ]
TOTAL THIS MO.   519    CLEAR  (SCALE 0-3)  11
DPTR FM NORMAL    45    PTCLDY (SCALE 4-7)   4
TOTAL FM JUL 1  1312    CLOUDY (SCALE 8-10)  9
DPTR FM NORMAL  -101

[CDD (BASE 65) ]
TOTAL THIS MO.     0
DPTR FM NORMAL     0    [PRESSURE DATA]
TOTAL FM JAN 1     0    HIGHEST SLP M ON M
DPTR FM NORMAL     0    LOWEST  SLP 29.84 ON  3

[REMARKS]




U.S. Dept. of Commerce
NOAA National Weather Service
1325 East West Highway
Silver Spring, MD 20910
E-mail: w-nws.webmaster@noaa.gov
Page last modified: May 16, 2007
NATIONAL WEATHER SERVICE: for Safety, for Work, for Fun - FOR LIFE