778
CXUS54 KMRX 011740
CF6TRI
PRELIMINARY LOCAL CLIMATOLOGICAL DATA (WS FORM: F-6)

                                          STATION:   TRI-CITIES      ASOS
                                          MONTH:     JUNE
                                          YEAR:      2014
                                          LATITUDE:   36 28 N
                                          LONGITUDE:  82 24 W

  TEMPERATURE IN F:       :PCPN:    SNOW:  WIND      :SUNSHINE: SKY     :PK WND
================================================================================
1   2   3   4   5  6A  6B    7    8   9   10  11  12  13   14  15   16   17  18
                                     12Z  AVG MX 2MIN
DY MAX MIN AVG DEP HDD CDD  WTR  SNW DPTH SPD SPD DIR MIN PSBL S-S WX    SPD DR
================================================================================

 1  82  59  71   3   0   6 0.00  0.0    0  4.3 13 110   M    M   M        18 100
 2  84  55  70   2   0   5 0.00  0.0    0  2.8  9 180   M    M   M        12 180
 3  79  62  71   3   0   6 0.07  0.0    0  2.8 10 240   M    M   M 18     13 240
 4  87  60  74   5   0   9    T  0.0    0  6.5 20 260   M    M   M 123    26 270
 5  80  65  73   4   0   8 0.14  0.0    0  7.6 20 240   M    M   M 18     25 220
 6  84  59  72   3   0   7 0.00  0.0    0  2.0 10 330   M    M   M        14  10
 7  88  55  72   2   0   7 0.00  0.0    0  3.0 10 330   M    M   M        16 310
 8  86  67  77   7   0  12 0.00  0.0    0  8.5 24 240   M    M   M        32 210
 9  85  59  72   2   0   7 0.00  0.0    0  4.0 15 280   M    M   M 18     20 280
10  91  62  77   7   0  12 0.34  0.0    0  4.4 22 270   M    M   M 138    31 270
11  83  65  74   3   0   9 0.87  0.0    0  3.6 24 250   M    M   M 138    29 240
12  77  65  71   0   0   6 0.13  0.0    0  2.6 18 280   M    M   M 13     23 260
13  83  64  74   3   0   9    T  0.0    0  4.6 16 260   M    M   M 138    18 270
14  83  59  71   0   0   6 0.00  0.0    0  2.5  9 350   M    M   M        14  10
15  90  56  73   1   0   8    T  0.0    0  2.0 10 210   M    M   M        15 240
16  88  67  78   6   0  13 0.00  0.0    0  2.6  9 160   M    M   M 1      14 200
17  91  63  77   5   0  12 0.00  0.0    0  3.6 15 280   M    M   M 1      20 250
18  93  62  78   6   0  13 0.00  0.0    0  3.4 16 200   M    M   M 1      20 210
19  89  64  77   5   0  12 0.05  0.0    0  2.2 23 340   M    M   M 13     33 330
20  88  63  76   3   0  11 0.07  0.0    0  3.1 30 330   M    M   M 13     41 330
21  86  66  76   3   0  11 0.58  0.0    0  2.9 24 350   M    M   M 138    29 360
22  87  68  78   5   0  13 0.00  0.0    0  2.0  9 240   M    M   M 18     12 280
23  91  64  78   5   0  13 0.42  0.0    0  2.1 16 310   M    M   M 13     20 310
24  88  66  77   4   0  12    T  0.0    0  3.0 21 210   M    M   M 1      28 210
25  84  68  76   2   0  11 0.58  0.0    0  5.8 22 300   M    M   M 18     26 300
26  87  65  76   2   0  11 0.00  0.0    0  2.2  9 350   M    M   M 128    13 290
27  89  68  79   5   0  14 0.00  0.0    0  1.9 10 150   M    M   M 1      15 150
28  85  69  77   3   0  12 0.17  0.0    0  1.9 15 250   M    M   M 1      18 250
29  85  67  76   2   0  11 0.15  0.0    0  2.2 23 250   M    M   M 138    27 260
30  82  67  75   1   0  10 0.01  0.0    0  3.8 13 260   M    M   8 12     16 260
================================================================================
SM 2575 1899         0 296  3.58     0.0 103.9          M        8
================================================================================
AV 85.8 63.3                               3.5 FASTST   M    M   8    MAX(MPH)
                                 MISC ---->  # 30 330               # 41  330
================================================================================
NOTES:
# LAST OF SEVERAL OCCURRENCES

COLUMN 17 PEAK WIND IN M.P.H.

PRELIMINARY LOCAL CLIMATOLOGICAL DATA (WS FORM: F-6) , PAGE 2

                                          STATION:  TRI-CITIES      ASOS
                                          MONTH:    JUNE
                                          YEAR:     2014
                                          LATITUDE:   36 28 N
                                          LONGITUDE:  82 24 W

[TEMPERATURE DATA]      [PRECIPITATION DATA]       SYMBOLS USED IN COLUMN 16

AVERAGE MONTHLY: 74.6   TOTAL FOR MONTH:   3.58    1 = FOG OR MIST
DPTR FM NORMAL:   3.1   DPTR FM NORMAL:   -0.32    2 = FOG REDUCING VISIBILITY
HIGHEST:    93 ON 18    GRTST 24HR  0.95 ON 11-12      TO 1/4 MILE OR LESS
LOWEST:     55 ON  7, 2                            3 = THUNDER
                        SNOW, ICE PELLETS, HAIL    4 = ICE PELLETS
                        TOTAL MONTH:   0.0 INCH    5 = HAIL
                        GRTST 24HR     0.0         6 = FREEZING RAIN OR DRIZZLE
                        GRTST DEPTH:   0           7 = DUSTSTORM OR SANDSTORM:
                                                       VSBY 1/2 MILE OR LESS
                                                   8 = SMOKE OR HAZE
[NO. OF DAYS WITH]      [WEATHER - DAYS WITH]      9 = BLOWING SNOW
                                                   X = TORNADO
MAX 32 OR BELOW:   0    0.01 INCH OR MORE:  13
MAX 90 OR ABOVE:   5    0.10 INCH OR MORE:   9
MIN 32 OR BELOW:   0    0.50 INCH OR MORE:   3
MIN  0 OR BELOW:   0    1.00 INCH OR MORE:   0

[HDD (BASE 65) ]
TOTAL THIS MO.     0    CLEAR  (SCALE 0-3)   0
DPTR FM NORMAL   -11    PTCLDY (SCALE 4-7)   1
TOTAL FM JUL 1  4410    CLOUDY (SCALE 8-10)  0
DPTR FM NORMAL    36

[CDD (BASE 65) ]
TOTAL THIS MO.   296
DPTR FM NORMAL    90    [PRESSURE DATA]
TOTAL FM JAN 1   430    HIGHEST SLP 30.20 ON  2
DPTR FM NORMAL   151    LOWEST  SLP 29.72 ON  5

[REMARKS]
#FINAL-06-14#




U.S. Dept. of Commerce
NOAA National Weather Service
1325 East West Highway
Silver Spring, MD 20910
E-mail: w-nws.webmaster@noaa.gov
Page last modified: May 16, 2007
NATIONAL WEATHER SERVICE: for Safety, for Work, for Fun - FOR LIFE