357
CXUS54 KMRX 011604
CF6TRI
PRELIMINARY LOCAL CLIMATOLOGICAL DATA (WS FORM: F-6)

                                          STATION:   TRI-CITIES      ASOS
                                          MONTH:     MARCH
                                          YEAR:      2014
                                          LATITUDE:   36 28 N
                                          LONGITUDE:  82 24 W

  TEMPERATURE IN F:       :PCPN:    SNOW:  WIND      :SUNSHINE: SKY     :PK WND
================================================================================
1   2   3   4   5  6A  6B    7    8   9   10  11  12  13   14  15   16   17  18
                                     12Z  AVG MX 2MIN
DY MAX MIN AVG DEP HDD CDD  WTR  SNW DPTH SPD SPD DIR MIN PSBL S-S WX    SPD DR
================================================================================

 1  60  30  45   2  20   0 0.00  0.0    0  3.9 22 220   M    M   M        25 210
 2  66  41  54  11  11   0 0.08  0.0    0  4.8 25 240   M    M   M 18     33 240
 3  53  23  38  -5  27   0 0.93  0.2    0  9.2 16 360   M    M   M 14     24  10
 4  43  20  32 -11  33   0 0.00  0.0    0  3.1  9  10   M    M   9        13  20
 5  59  27  43  -1  22   0 0.00  0.0    0  1.4 14  20   M    M   M 1      25 330
 6  52  30  41  -3  24   0    T  0.0    0  5.0 13 100   M    M   M        17 110
 7  57  34  46   2  19   0 0.13  0.0    0  3.8 13  70   M    M   M 1      18  50
 8  65  31  48   4  17   0 0.00  0.0    0  4.7 17 260   M    M   M 1      22 260
 9  62  34  48   3  17   0 0.00  0.0    0  6.6 17 270   M    M   M        23 310
10  62  28  45   0  20   0 0.00  0.0    0  5.1 21 230   M    M   2        28 220
11  71  33  52   7  13   0 0.00  0.0    0  4.1 17 240   M    M   M 18     22 210
12  68  31  50   4  15   0 0.06    T    0 11.4 41 260   M    M   M 1      51 260
13  42  25  34 -12  31   0    T    T    0 11.1 21 290   M    M   M        29 280
14  62  21  42  -4  23   0 0.00  0.0    0  6.0 21 240   M    M   M        30 240
15  68  41  55   9  10   0 0.00  0.0    0  8.4 22 300   M    M   M        29 300
16  50  38  44  -3  21   0 0.29  0.0    0  5.0 14  50   M    M   9 1      21  40
17  43  36  40  -7  25   0 0.07  0.0    0  7.2 13  70   M    M  10 18     18  70
18  64  35  50   3  15   0 0.00  0.0    0  6.4 14 100   M    M   M        19 120
19  67  35  51   3  14   0 0.00  0.0    0  8.0 32 260   M    M   M        41 270
20  59  35  47  -1  18   0 0.00  0.0    0  9.7 21 280   M    M   2        28 300
21  68  27  48   0  17   0 0.00  0.0    0  2.6 17 270   M    M   3        22 280
22  68  35  52   4  13   0 0.00  0.0    0  4.3 16 230   M    M   6        20 220
23  53  32  43  -6  22   0 0.02  0.0    0  7.1 17 350   M    M   7        22 340
24  50  24  37 -12  28   0    T  0.0    0  2.7 13 280   M    M   M        18 290
25  41  27  34 -15  31   0 0.06  0.5    0  8.1 24 280   M    M   8 128    32 270
26  43  23  33 -16  32   0    T    T    0  7.3 18 280   M    M   4        25 280
27  64  22  43  -7  22   0 0.00  0.0    0  7.1 17 180   M    M   5        25 180
28  66  54  60  10   5   0 0.01  0.0    0  5.1 14 190   M    M   9        20 170
29  65  37  51   1  14   0 0.61    T    0  6.3 24 280   M    M  10 18     31 250
30  55  33  44  -6  21   0 0.01    T    0  9.0 24 310   M    M   5 18     34 310
31  70  27  49  -2  16   0 0.00  0.0    0  0.5  6 200   M    M   M        11 210
================================================================================
SM 1816  969       616   0  2.27     0.7 185.0          M       89
================================================================================
AV 58.6 31.3                               6.0 FASTST   M    M   6    MAX(MPH)
                                 MISC ---->  # 41 260               # 51  260
================================================================================
NOTES:
# LAST OF SEVERAL OCCURRENCES

COLUMN 17 PEAK WIND IN M.P.H.

PRELIMINARY LOCAL CLIMATOLOGICAL DATA (WS FORM: F-6) , PAGE 2

                                          STATION:  TRI-CITIES      ASOS
                                          MONTH:    MARCH
                                          YEAR:     2014
                                          LATITUDE:   36 28 N
                                          LONGITUDE:  82 24 W

[TEMPERATURE DATA]      [PRECIPITATION DATA]       SYMBOLS USED IN COLUMN 16

AVERAGE MONTHLY: 44.9   TOTAL FOR MONTH:   2.27    1 = FOG OR MIST
DPTR FM NORMAL:  -1.8   DPTR FM NORMAL:   -1.17    2 = FOG REDUCING VISIBILITY
HIGHEST:    71 ON 11    GRTST 24HR  0.93 ON  3- 3      TO 1/4 MILE OR LESS
LOWEST:     20 ON  4                               3 = THUNDER
                        SNOW, ICE PELLETS, HAIL    4 = ICE PELLETS
                        TOTAL MONTH:   0.7 INCH    5 = HAIL
                        GRTST 24HR   0.5 ON 25-25  6 = FREEZING RAIN OR DRIZZLE
                        GRTST DEPTH:   0           7 = DUSTSTORM OR SANDSTORM:
                                                       VSBY 1/2 MILE OR LESS
                                                   8 = SMOKE OR HAZE
[NO. OF DAYS WITH]      [WEATHER - DAYS WITH]      9 = BLOWING SNOW
                                                   X = TORNADO
MAX 32 OR BELOW:   0    0.01 INCH OR MORE:  11
MAX 90 OR ABOVE:   0    0.10 INCH OR MORE:   4
MIN 32 OR BELOW:  17    0.50 INCH OR MORE:   2
MIN  0 OR BELOW:   0    1.00 INCH OR MORE:   0

[HDD (BASE 65) ]
TOTAL THIS MO.   616    CLEAR  (SCALE 0-3)   3
DPTR FM NORMAL    48    PTCLDY (SCALE 4-7)   5
TOTAL FM JUL 1  4111    CLOUDY (SCALE 8-10)  6
DPTR FM NORMAL   161

[CDD (BASE 65) ]
TOTAL THIS MO.     0
DPTR FM NORMAL    -1    [PRESSURE DATA]
TOTAL FM JAN 1     0    HIGHEST SLP 30.31 ON 26
DPTR FM NORMAL    -1    LOWEST  SLP 29.27 ON 12

[REMARKS]
#FINAL-03-14#




U.S. Dept. of Commerce
NOAA National Weather Service
1325 East West Highway
Silver Spring, MD 20910
E-mail: w-nws.webmaster@noaa.gov
Page last modified: May 16, 2007
NATIONAL WEATHER SERVICE: for Safety, for Work, for Fun - FOR LIFE