410
CXUS54 KMRX 012242
CF6TRI
PRELIMINARY LOCAL CLIMATOLOGICAL DATA (WS FORM: F-6)

                                          STATION:   TRI-CITIES      ASOS
                                          MONTH:     NOVEMBER
                                          YEAR:      2014
                                          LATITUDE:   36 28 N
                                          LONGITUDE:  82 24 W

  TEMPERATURE IN F:       :PCPN:    SNOW:  WIND      :SUNSHINE: SKY     :PK WND
================================================================================
1   2   3   4   5  6A  6B    7    8   9   10  11  12  13   14  15   16   17  18
                                     12Z  AVG MX 2MIN
DY MAX MIN AVG DEP HDD CDD  WTR  SNW DPTH SPD SPD DIR MIN PSBL S-S WX    SPD DR
================================================================================

 1  41  33  37 -14  28   0 0.27  1.1    1  8.1 17 300   M    M   M 1      22 310
 2  49  28  39 -12  26   0 0.00  0.0    0  6.6 17 320   M    M   M        25 300
 3  61  24  43  -8  22   0 0.00  0.0    0  1.5  7 240   M    M   M 1      10 240
 4  63  32  48  -2  17   0 0.00  0.0    0  0.7  7 280   M    M   M        11 260
 5  54  42  48  -2  17   0 0.16  0.0    0  0.6  6 360   M    M   M 1       8 360
 6  65  44  55   5  10   0 0.29  0.0    0 11.3 31 260   M    M   M 1      41 260
 7  46  30  38 -12  27   0 0.03  0.0    0  6.5 16 290   M    M   M 18     20 270
 8  57  28  43  -6  22   0 0.00  0.0    0  2.3 13 230   M    M   M 12     16 230
 9  60  32  46  -3  19   0 0.00  0.0    0  0.6  7 310   M    M   M 12      9 310
10  69  30  50   1  15   0 0.00  0.0    0  0.8  6 240   M    M   M 1       9 280
11  69  31  50   2  15   0 0.00  0.0    0  2.3 12 220   M    M   M 8      13 210
12  53  43  48   0  17   0    T  0.0    0  3.3 12  10   M    M   M        14  10
13  43  30  37 -11  28   0 0.01    T    0  6.1 14 270   M    M   M 18     16 270
14  32  18  25 -22  40   0    T  0.0    0  6.4 16 350   M    M   7 18     21 360
15  44  15  30 -17  35   0 0.00  0.0    0  0.8  9  70   M    M   M        11  70
16  47  30  39  -7  26   0 0.21  0.0    0  1.3  6 310   M    M   M 1       7 100
17  52  24  38  -8  27   0 0.68    T    0  9.6 23 260   M    M   M 1      30 280
18  29  15  22 -24  43   0    T    T    0 10.5 23 250   M    M   M        29 240
19  44  13  29 -17  36   0 0.00  0.0    0  4.0 18 210   M    M   M        24 220
20  49  24  37  -8  28   0 0.00  0.0    0 10.1 25 260   M    M   M        33 250
21  46  23  35 -10  30   0 0.00  0.0    0  1.9  8 190   M    M   M 8      11 260
22  60  21  41  -3  24   0 0.00  0.0    0  1.0  7 310   M    M   M         8 310
23  60  32  46   2  19   0 0.25  0.0    0  4.1 15 100   M    M   M 1      20 120
24  72  44  58  14   7   0 0.00  0.0    0 11.1 30 230   M    M   M        39 240
25  56  37  47   4  18   0 0.00  0.0    0  3.1 12 270   M    M   M        14 280
26  48  36  42  -1  23   0 0.38  0.0    0  2.1  9 260   M    M   M 1      11 270
27  40  30  35  -8  30   0 0.16  0.1    0  7.6 16 280   M    M   M 1      21 280
28  37  25  31 -11  34   0 0.00  0.0    0  4.1 10 210   M    M   M        14 280
29  52  23  38  -4  27   0 0.00  0.0    0  0.6  7 310   M    M   M 1      16 100
30  65  42  54  12  11   0 0.00  0.0    0  3.6 24 240   M    M   M        31 240
================================================================================
SM 1563  879       721   0  2.44     1.2 132.6          M        7
================================================================================
AV 52.1 29.3                               4.4 FASTST   M    M   7    MAX(MPH)
                                 MISC ---->  # 31 260               # 41  260
================================================================================
NOTES:
# LAST OF SEVERAL OCCURRENCES

COLUMN 17 PEAK WIND IN M.P.H.

PRELIMINARY LOCAL CLIMATOLOGICAL DATA (WS FORM: F-6) , PAGE 2

                                          STATION:  TRI-CITIES      ASOS
                                          MONTH:    NOVEMBER
                                          YEAR:     2014
                                          LATITUDE:   36 28 N
                                          LONGITUDE:  82 24 W

[TEMPERATURE DATA]      [PRECIPITATION DATA]       SYMBOLS USED IN COLUMN 16

AVERAGE MONTHLY: 40.7   TOTAL FOR MONTH:   2.44    1 = FOG OR MIST
DPTR FM NORMAL:  -5.9   DPTR FM NORMAL:   -0.66    2 = FOG REDUCING VISIBILITY
HIGHEST:    72 ON 24    GRTST 24HR  0.87 ON 16-17      TO 1/4 MILE OR LESS
LOWEST:     13 ON 19                               3 = THUNDER
                        SNOW, ICE PELLETS, HAIL    4 = ICE PELLETS
                        TOTAL MONTH:   1.2 INCHES  5 = HAIL
                        GRTST 24HR   1.1 ON   M    6 = FREEZING RAIN OR DRIZZLE
                        GRTST DEPTH:   1 ON  1     7 = DUSTSTORM OR SANDSTORM:
                                                       VSBY 1/2 MILE OR LESS
                                                   8 = SMOKE OR HAZE
[NO. OF DAYS WITH]      [WEATHER - DAYS WITH]      9 = BLOWING SNOW
                                                   X = TORNADO
MAX 32 OR BELOW:   2    0.01 INCH OR MORE:  10
MAX 90 OR ABOVE:   0    0.10 INCH OR MORE:   8
MIN 32 OR BELOW:  22    0.50 INCH OR MORE:   1
MIN  0 OR BELOW:   0    1.00 INCH OR MORE:   0

[HDD (BASE 65) ]
TOTAL THIS MO.   721    CLEAR  (SCALE 0-3)   0
DPTR FM NORMAL   170    PTCLDY (SCALE 4-7)   1
TOTAL FM JUL 1   983    CLOUDY (SCALE 8-10)  0
DPTR FM NORMAL    97

[CDD (BASE 65) ]
TOTAL THIS MO.     0
DPTR FM NORMAL    -1    [PRESSURE DATA]
TOTAL FM JAN 1  1141    HIGHEST SLP 30.48 ON  3
DPTR FM NORMAL   160    LOWEST  SLP 29.54 ON 23

[REMARKS]
#FINAL-11-14#




U.S. Dept. of Commerce
NOAA National Weather Service
1325 East West Highway
Silver Spring, MD 20910
E-mail: w-nws.webmaster@noaa.gov
Page last modified: May 16, 2007
NATIONAL WEATHER SERVICE: for Safety, for Work, for Fun - FOR LIFE