599
CXUS54 KMRX 231000
CF6TRI
PRELIMINARY LOCAL CLIMATOLOGICAL DATA (WS FORM: F-6)

                                          STATION:   TRI-CITIES      ASOS
                                          MONTH:     APRIL
                                          YEAR:      2014
                                          LATITUDE:   36 28 N
                                          LONGITUDE:  82 24 W

  TEMPERATURE IN F:       :PCPN:    SNOW:  WIND      :SUNSHINE: SKY     :PK WND
================================================================================
1   2   3   4   5  6A  6B    7    8   9   10  11  12  13   14  15   16   17  18
                                     12Z  AVG MX 2MIN
DY MAX MIN AVG DEP HDD CDD  WTR  SNW DPTH SPD SPD DIR MIN PSBL S-S WX    SPD DR
================================================================================

 1  77  39  58   7   7   0 0.00  0.0    0  5.1 23 230   M    M   M        29 230
 2  80  39  60   9   5   0 0.00  0.0    0  2.3 14 240   M    M   M        19 240
 3  80  53  67  15   0   2 0.33  0.0    0  4.5 20 250   M    M   8 13     23 240
 4  67  52  60   8   5   0 0.22  0.0    0  9.8 29 240   M    M   6 13     38 230
 5  60  42  51  -1  14   0 0.00  0.0    0  5.9 20 300   M    M   4        26 300
 6  68  38  53   1  12   0 0.02  0.0    0  5.5 15 130   M    M   6        22 120
 7  68  46  57   4   8   0 0.74    M    0  9.2 26 240   M    M   9 1      34 250
 8  58  45  52  -1  13   0 0.00  0.0    0  8.0 26 240   M    M  10        36 260
 9  63  39  51  -2  14   0    T  0.0    0  7.6 20 240   M    M   6        23 260
10  73  33  53  -1  12   0 0.00  0.0    0  3.7 18 200   M    M   M        23 210
11  76  42  59   5   6   0 0.00  0.0    0  7.4 24 250   M    M   M        30 240
12  81  45  63   9   2   0 0.00  0.0    0  2.1 13 120   M    M   M        16 130
13  85  50  68  14   0   3 0.00  0.0    0  2.8 15 150   M    M   6        20 170
14  71  60  66  11   0   1 0.01  0.0    0  6.3 20 190   M    M   8        27 190
15  63  33  48  -7  17   0 0.31    T    0  9.2 17 310   M    M   M 18     26 300
16  61  25  43 -12  22   0 0.00  0.0    0  6.1 15 110   M    M   M        21 110
17  70  31  51  -5  14   0 0.00  0.0    0  5.3 14 120   M    M   M        21 130
18  63  40  52  -4  13   0 0.00  0.0    0  1.8  9 140   M    M   M        10 140
19  72  48  60   4   5   0 0.00  0.0    0  4.6 16  40   M    M   M        25  30
20  76  42  59   3   6   0 0.00  0.0    0  1.7  9 110   M    M   M        13  70
21  77  39  58   1   7   0 0.00  0.0    0  3.0 15 220   M    M   4        17 230
22  67  50  59   2   6   0 0.07  0.0    0  6.2 16 240   M    M   M 1      21 230
================================================================================
SM 1556  931       188   6  1.70    T    118.1          M       67
================================================================================
AV 70.7 42.3                               5.4 FASTST   M    M   7    MAX(MPH)
                                 MISC ---->  # 29 240               # 38  230
================================================================================
NOTES:
# LAST OF SEVERAL OCCURRENCES

COLUMN 17 PEAK WIND IN M.P.H.

PRELIMINARY LOCAL CLIMATOLOGICAL DATA (WS FORM: F-6) , PAGE 2

                                          STATION:  TRI-CITIES      ASOS
                                          MONTH:    APRIL
                                          YEAR:     2014
                                          LATITUDE:   36 28 N
                                          LONGITUDE:  82 24 W

[TEMPERATURE DATA]      [PRECIPITATION DATA]       SYMBOLS USED IN COLUMN 16

AVERAGE MONTHLY: 56.5   TOTAL FOR MONTH:   1.70    1 = FOG OR MIST
DPTR FM NORMAL:   2.5   DPTR FM NORMAL:   -0.71    2 = FOG REDUCING VISIBILITY
HIGHEST:    85 ON 13    GRTST 24HR  0.76 ON  6- 7      TO 1/4 MILE OR LESS
LOWEST:     25 ON 16                               3 = THUNDER
                        SNOW, ICE PELLETS, HAIL    4 = ICE PELLETS
                        TOTAL MONTH:    T          5 = HAIL
                        GRTST 24HR    T  ON 15-15  6 = FREEZING RAIN OR DRIZZLE
                        GRTST DEPTH:   0           7 = DUSTSTORM OR SANDSTORM:
                                                       VSBY 1/2 MILE OR LESS
                                                   8 = SMOKE OR HAZE
[NO. OF DAYS WITH]      [WEATHER - DAYS WITH]      9 = BLOWING SNOW
                                                   X = TORNADO
MAX 32 OR BELOW:   0    0.01 INCH OR MORE:   7
MAX 90 OR ABOVE:   0    0.10 INCH OR MORE:   4
MIN 32 OR BELOW:   2    0.50 INCH OR MORE:   1
MIN  0 OR BELOW:   0    1.00 INCH OR MORE:   0

[HDD (BASE 65) ]
TOTAL THIS MO.   188    CLEAR  (SCALE 0-3)   0
DPTR FM NORMAL   -58    PTCLDY (SCALE 4-7)   7
TOTAL FM JUL 1  4299    CLOUDY (SCALE 8-10)  3
DPTR FM NORMAL   103

[CDD (BASE 65) ]
TOTAL THIS MO.     6
DPTR FM NORMAL     5    [PRESSURE DATA]
TOTAL FM JAN 1     6    HIGHEST SLP M ON M
DPTR FM NORMAL     4    LOWEST  SLP 29.59 ON  7

[REMARKS]




U.S. Dept. of Commerce
NOAA National Weather Service
1325 East West Highway
Silver Spring, MD 20910
E-mail: w-nws.webmaster@noaa.gov
Page last modified: May 16, 2007
NATIONAL WEATHER SERVICE: for Safety, for Work, for Fun - FOR LIFE