330
CXUS54 KMRX 311000
CF6TRI
PRELIMINARY LOCAL CLIMATOLOGICAL DATA (WS FORM: F-6)

                                          STATION:   TRI-CITIES      ASOS
                                          MONTH:     AUGUST
                                          YEAR:      2014
                                          LATITUDE:   36 28 N
                                          LONGITUDE:  82 24 W

  TEMPERATURE IN F:       :PCPN:    SNOW:  WIND      :SUNSHINE: SKY     :PK WND
================================================================================
1   2   3   4   5  6A  6B    7    8   9   10  11  12  13   14  15   16   17  18
                                     12Z  AVG MX 2MIN
DY MAX MIN AVG DEP HDD CDD  WTR  SNW DPTH SPD SPD DIR MIN PSBL S-S WX    SPD DR
================================================================================

 1  81  62  72  -2   0   7 0.00  0.0    0  2.9 13 130   M    M   M        17 140
 2  84  60  72  -2   0   7    T  0.0    0  2.9 23 330   M    M   M        30 330
 3  84  58  71  -3   0   6 0.00  0.0    0  1.9 12  20   M    M   M 128    17  60
 4  86  54  70  -4   0   5 0.00  0.0    0  2.5 10 340   M    M   2 18     14 340
 5  87  62  75   1   0  10 0.00  0.0    0  3.7 14 280   M    M   4 1      17 250
 6  86  59  73  -1   0   8 0.27  0.0    0  3.8 29 260   M    M   5 18     33 270
 7  85  62  74   0   0   9 0.00  0.0    0  1.0  8 220   M    M   7 128    12 200
 8  76  64  70  -4   0   5 0.43  0.0    0  0.5  7 100   M    M   9 18      9 100
 9  85  68  77   3   0  12 0.01  0.0    0  1.2  9  80   M    M   9 18     13  90
10  79  65  72  -2   0   7 0.09  0.0    0  2.2  8 300   M    M   9        12  60
11  81  68  75   1   0  10 0.31  0.0    0  2.8 17 170   M    M   M 138    24 180
12  83  68  76   2   0  11 0.35  0.0    0  5.3 20 290   M    M   6 18     24 310
13  76  58  67  -7   0   2 0.00  0.0    0  4.7 13 350   M    M   3 1      17 360
14  81  55  68  -6   0   3 0.00  0.0    0  2.3 13 240   M    M   5 128    15 250
15  81  57  69  -5   0   4 0.00  0.0    0  3.3 15 260   M    M   6 1      19 270
16  83  56  70  -4   0   5 0.00  0.0    0  2.2 13 290   M    M   7 1      16 250
17  80  63  72  -2   0   7 0.01  0.0    0  2.0 12 250   M    M   9 18     14 250
18  80  69  75   1   0  10 0.39  0.0    0  7.1 23 220   M    M   M 138    32 230
19  85  68  77   3   0  12 0.00  0.0    0  5.3 16 260   M    M   M 1      19 260
20  85  65  75   1   0  10 1.12  0.0    0  4.1 22 220   M    M   M 13     26 220
21  86  65  76   2   0  11 0.01  0.0    0  2.7  9 280   M    M   M 1238   12 260
22  89  69  79   5   0  14 0.47  0.0    0  3.4 23 260   M    M   M 123    26 270
23  89  68  79   5   0  14 0.04  0.0    0  1.7 10 290   M    M   M 18     14 350
24  88  65  77   4   0  12 0.00  0.0    0  2.9 12 110   M    M   6 12     16 130
25  84  60  72  -1   0   7 0.00  0.0    0  1.7  8  10   M    M   4 1      13  40
26  85  57  71  -2   0   6 0.00  0.0    0  1.6  8 350   M    M   M        11  20
27  87  56  72  -1   0   7 0.00  0.0    0  1.1  8 310   M    M   1        12 330
28  89  60  75   2   0  10 0.00  0.0    0  1.5  8 340   M    M   M 1      11 130
29  92  65  79   7   0  14 0.10  0.0    0  1.7 13 110   M    M   M 138    17 110
30  92  64  78   6   0  13 0.00  0.0    0  2.1  8 150   M    M   M 1      12 160
================================================================================
SM 2529 1870         0 258  3.60     0.0  82.1          M       92
================================================================================
AV 84.3 62.3                               2.7 FASTST   M    M   6    MAX(MPH)
                                 MISC ---->  # 29 260               # 33  270
================================================================================
NOTES:
# LAST OF SEVERAL OCCURRENCES

COLUMN 17 PEAK WIND IN M.P.H.

PRELIMINARY LOCAL CLIMATOLOGICAL DATA (WS FORM: F-6) , PAGE 2

                                          STATION:  TRI-CITIES      ASOS
                                          MONTH:    AUGUST
                                          YEAR:     2014
                                          LATITUDE:   36 28 N
                                          LONGITUDE:  82 24 W

[TEMPERATURE DATA]      [PRECIPITATION DATA]       SYMBOLS USED IN COLUMN 16

AVERAGE MONTHLY: 73.3   TOTAL FOR MONTH:   3.60    1 = FOG OR MIST
DPTR FM NORMAL:  -0.4   DPTR FM NORMAL:    0.23    2 = FOG REDUCING VISIBILITY
HIGHEST:    92 ON 30,29 GRTST 24HR  1.12 ON 20-20      TO 1/4 MILE OR LESS
LOWEST:     54 ON  4                               3 = THUNDER
                        SNOW, ICE PELLETS, HAIL    4 = ICE PELLETS
                        TOTAL MONTH:   0.0 INCH    5 = HAIL
                        GRTST 24HR     0.0         6 = FREEZING RAIN OR DRIZZLE
                        GRTST DEPTH:   0           7 = DUSTSTORM OR SANDSTORM:
                                                       VSBY 1/2 MILE OR LESS
                                                   8 = SMOKE OR HAZE
[NO. OF DAYS WITH]      [WEATHER - DAYS WITH]      9 = BLOWING SNOW
                                                   X = TORNADO
MAX 32 OR BELOW:   0    0.01 INCH OR MORE:  13
MAX 90 OR ABOVE:   2    0.10 INCH OR MORE:   8
MIN 32 OR BELOW:   0    0.50 INCH OR MORE:   1
MIN  0 OR BELOW:   0    1.00 INCH OR MORE:   1

[HDD (BASE 65) ]
TOTAL THIS MO.     0    CLEAR  (SCALE 0-3)   2
DPTR FM NORMAL     0    PTCLDY (SCALE 4-7)  10
TOTAL FM JUL 1     0    CLOUDY (SCALE 8-10)  4
DPTR FM NORMAL     0

[CDD (BASE 65) ]
TOTAL THIS MO.   258
DPTR FM NORMAL    -6    [PRESSURE DATA]
TOTAL FM JAN 1   946    HIGHEST SLP M ON M
DPTR FM NORMAL   104    LOWEST  SLP 29.83 ON 12

[REMARKS]




U.S. Dept. of Commerce
NOAA National Weather Service
1325 East West Highway
Silver Spring, MD 20910
E-mail: w-nws.webmaster@noaa.gov
Page last modified: May 16, 2007
NATIONAL WEATHER SERVICE: for Safety, for Work, for Fun - FOR LIFE