314
CXUS53 KOAX 231000
CF6TQE
PRELIMINARY LOCAL CLIMATOLOGICAL DATA (WS FORM: F-6)

                                          STATION:   TEKAMAH, NEBRASKA
                                          MONTH:     APRIL
                                          YEAR:      2014
                                          LATITUDE:   41 46 N
                                          LONGITUDE:  96 11 W

  TEMPERATURE IN F:       :PCPN:    SNOW:  WIND      :SUNSHINE: SKY     :PK WND
================================================================================
1   2   3   4   5  6A  6B    7    8   9   10  11  12  13   14  15   16   17  18
                                     12Z  AVG MX 2MIN
DY MAX MIN AVG DEP HDD CDD  WTR  SNW DPTH SPD SPD DIR MIN PSBL S-S WX    SPD DR
================================================================================

 1  43  21  32 -13  33   0 0.00    M    M 12.3 35 300   M    M   3        44 300
 2  48  27  38  -8  27   0    T    M    M 10.5 23 100   M    M   5 18     29 110
 3  42  34  38  -8  27   0 0.19    M    M 16.0 25 350   M    M  10 1      30 350
 4  44  24  34 -13  31   0 0.05    M    M 17.0 33 320   M    M   8 1      41 320
 5  62  20  41  -6  24   0 0.00    M    M 12.5 26 160   M    M   0 128    31 160
 6  67  36  52   5  13   0    T    M    M 10.8 22 170   M    M   6 8      26 190
 7  68  37  53   5  12   0    T    M    M 12.0 29 360   M    M   6        35 310
 8  62  30  46  -2  19   0 0.00    M    M 13.0 25 350   M    M   2        30 360
 9  84  26  55   7  10   0 0.00    M    M 14.2 31 190   M    M   0        38 190
10  70  38  54   5  11   0 0.00    M    M 11.0 44 360   M    M   0        51 360
11  80  31  56   7   9   0 0.00    M    M  9.4 23 260   M    M   0        29 220
12  84  56  70  20   0   5 0.00    M    M 11.5 26 360   M    M   2 8      32  20
13  58  32  45  -5  20   0 0.88    M    M 28.3 43 350   M    M   9 18     52 350
14  43  27  35 -15  30   0 0.00    M    M 16.2 35 340   M    M   5        41 340
15  54  20  37 -14  28   0 0.00    M    M 12.6 25 160   M    M   0        31 160
16  70  35  53   2  12   0    T    M    M 25.5 45 300   M    M   4        52 300
17  56  32  44  -8  21   0 0.00    M    M  7.7 24 340   M    M   5        28 330
18  72  24  48  -4  17   0 0.00    M    M 13.7 30 150   M    M   0 8      35 160
19  82  52  67  15   0   2 0.00    M    M 17.1 30 180   M    M   4        41 180
20  87  57  72  19   0   7    T    M    M 13.0 28 210   M    M   2 3      36 210
21  78  43  61   8   4   0 0.04    M    M 17.3 39 360   M    M   2 13     47 350
22  72  32  52  -1  13   0 0.00    M    M  8.8 17 140   M    M   2        21 190
================================================================================
SM 1426  734       361  14  1.16    M    310.4          M       75
================================================================================
AV 64.8 33.4                              14.1 FASTST   M    M   3    MAX(MPH)
                                 MISC ---->  # 45 300               # 52  350
================================================================================
NOTES:
# LAST OF SEVERAL OCCURRENCES

COLUMN 17 PEAK WIND IN M.P.H.

PRELIMINARY LOCAL CLIMATOLOGICAL DATA (WS FORM: F-6) , PAGE 2

                                          STATION:  TEKAMAH, NEBRASKA
                                          MONTH:    APRIL
                                          YEAR:     2014
                                          LATITUDE:   41 46 N
                                          LONGITUDE:  96 11 W

[TEMPERATURE DATA]      [PRECIPITATION DATA]       SYMBOLS USED IN COLUMN 16

AVERAGE MONTHLY: 49.1   TOTAL FOR MONTH:   1.16    1 = FOG OR MIST
DPTR FM NORMAL:  -0.3   DPTR FM NORMAL:   -0.92    2 = FOG REDUCING VISIBILITY
HIGHEST:    87 ON 20    GRTST 24HR  0.88 ON 13-13      TO 1/4 MILE OR LESS
LOWEST:     20 ON 15, 5                            3 = THUNDER
                        SNOW, ICE PELLETS, HAIL    4 = ICE PELLETS
                        TOTAL MONTH:    M          5 = HAIL
                        GRTST 24HR    M  ON   M    6 = FREEZING RAIN OR DRIZZLE
                        GRTST DEPTH:  M  ON   M    7 = DUSTSTORM OR SANDSTORM:
                                                       VSBY 1/2 MILE OR LESS
                                                   8 = SMOKE OR HAZE
[NO. OF DAYS WITH]      [WEATHER - DAYS WITH]      9 = BLOWING SNOW
                                                   X = TORNADO
MAX 32 OR BELOW:   0    0.01 INCH OR MORE:   4
MAX 90 OR ABOVE:   0    0.10 INCH OR MORE:   2
MIN 32 OR BELOW:  13    0.50 INCH OR MORE:   1
MIN  0 OR BELOW:   0    1.00 INCH OR MORE:   0

[HDD (BASE 65) ]
TOTAL THIS MO.   361    CLEAR  (SCALE 0-3)  11
DPTR FM NORMAL    13    PTCLDY (SCALE 4-7)   9
TOTAL FM JUL 1  6651    CLOUDY (SCALE 8-10)  2
DPTR FM NORMAL   405

[CDD (BASE 65) ]
TOTAL THIS MO.    14
DPTR FM NORMAL    14    [PRESSURE DATA]
TOTAL FM JAN 1    14    HIGHEST SLP  0.00 ON 20
DPTR FM NORMAL    14    LOWEST  SLP  0.00 ON 20

[REMARKS]




U.S. Dept. of Commerce
NOAA National Weather Service
1325 East West Highway
Silver Spring, MD 20910
E-mail: w-nws.webmaster@noaa.gov
Page last modified: May 16, 2007
NATIONAL WEATHER SERVICE: for Safety, for Work, for Fun - FOR LIFE