556
CXUS53 KOAX 011409
CF6TQE
PRELIMINARY LOCAL CLIMATOLOGICAL DATA (WS FORM: F-6)

                                          STATION:   TEKAMAH, NEBRASKA
                                          MONTH:     JULY
                                          YEAR:      2014
                                          LATITUDE:   41 46 N
                                          LONGITUDE:  96 11 W

  TEMPERATURE IN F:       :PCPN:    SNOW:  WIND      :SUNSHINE: SKY     :PK WND
================================================================================
1   2   3   4   5  6A  6B    7    8   9   10  11  12  13   14  15   16   17  18
                                     12Z  AVG MX 2MIN
DY MAX MIN AVG DEP HDD CDD  WTR  SNW DPTH SPD SPD DIR MIN PSBL S-S WX    SPD DR
================================================================================

 1  78  57  68  -7   0   3 0.00    M    M 16.1 35 310   M    M   2        46 290
 2  74  54  64 -11   1   0 0.04    M    M 10.6 24 350   M    M   5 1      30 350
 3  79  50  65 -10   0   0 0.00    M    M  4.9 10 170   M    M   1        14 160
 4  84  60  72  -3   0   7 0.00    M    M 12.4 23 160   M    M   2        29 170
 5  87  66  77   2   0  12 0.82    M    M 11.5 26 350   M    M   3 13     37 340
 6  94  69  82   7   0  17 0.00    M    M  5.4 16 320   M    M   3 12     20 320
 7  87  65  76   0   0  11    T    M    M  5.6 17 230   M    M   1        19 240
 8  83  63  73  -3   0   8 0.00    M    M 11.7 23 320   M    M   0        30 310
 9  84  56  70  -6   0   5 0.00    M    M  4.5 15 250   M    M   1        19 230
10  88  60  74  -2   0   9 0.00    M    M 11.8 23 150   M    M   2 18     30 150
11  81  70  76   0   0  11 0.12    M    M  7.8 17 160   M    M   3 13     24 140
12  80  64  72  -4   0   7 0.00    M    M  7.5 20 360   M    M   3 1      23  10
13  90  61  76   0   0  11    T    M    M  6.3 18 310   M    M   1 1      24 320
14  76  56  66 -10   0   1 0.01    M    M 12.2 26 330   M    M   4        34 310
15  75  53  64 -12   1   0 0.00    M    M  8.3 21 350   M    M   4        24 350
16  79  47  63 -13   2   0 0.00    M    M  2.9  9 210   M    M   3        12 130
17  80  56  68  -8   0   3 0.00    M    M  5.1 14 170   M    M   6        24 180
18  80  57  69  -7   0   4 0.00    M    M 11.4 23 170   M    M   5        31 170
19  84  60  72  -4   0   7 0.00    M    M 10.9 24 180   M    M   3        29 180
20  90  64  77   1   0  12 0.00    M    M 12.9 22 160   M    M   1        27 180
21  98  73  86  10   0  21 0.00    M    M 11.2 22 190   M    M   1        29 180
22  91  67  79   3   0  14 0.00    M    M 10.1 21 360   M    M   1        27 360
23  86  60  73  -3   0   8 0.00    M    M  6.8 14 360   M    M   0 8      17 360
24  84  59  72  -4   0   7 0.01    M    M 11.6 25 140   M    M   1 3      33 130
25  91  72  82   6   0  17    T    M    M 10.8 24 180   M    M   0        33 200
26  89  68  79   3   0  14 0.00    M    M  5.8 15 120   M    M   M 12     20 120
27  82  60  71  -4   0   6 0.00    M    M 13.1 28 330   M    M   M 1      34 320
28  80  57  69  -6   0   4 0.00    M    M  8.4 17 350   M    M   4        21 350
29  80  54  67  -8   0   2 0.00    M    M  4.9 13 350   M    M   1        17 350
30  83  50  67  -8   0   2 0.00    M    M  3.2 14  30   M    M   1 1      18  20
31  84  52  68  -7   0   3 0.00    M    M  4.6 15  80   M    M   2        19  80
================================================================================
SM 2601 1860         4 226  1.00    M    270.3          M       64
================================================================================
AV 83.9 60.0                               8.7 FASTST   M    M   2    MAX(MPH)
                                 MISC ---->  # 35 310               # 46  290
================================================================================
NOTES:
# LAST OF SEVERAL OCCURRENCES

COLUMN 17 PEAK WIND IN M.P.H.

PRELIMINARY LOCAL CLIMATOLOGICAL DATA (WS FORM: F-6) , PAGE 2

                                          STATION:  TEKAMAH, NEBRASKA
                                          MONTH:    JULY
                                          YEAR:     2014
                                          LATITUDE:   41 46 N
                                          LONGITUDE:  96 11 W

[TEMPERATURE DATA]      [PRECIPITATION DATA]       SYMBOLS USED IN COLUMN 16

AVERAGE MONTHLY: 72.0   TOTAL FOR MONTH:   1.00    1 = FOG OR MIST
DPTR FM NORMAL:  -3.6   DPTR FM NORMAL:   -2.69    2 = FOG REDUCING VISIBILITY
HIGHEST:    98 ON 21    GRTST 24HR  0.82 ON  5- 5      TO 1/4 MILE OR LESS
LOWEST:     47 ON 16                               3 = THUNDER
                        SNOW, ICE PELLETS, HAIL    4 = ICE PELLETS
                        TOTAL MONTH:    M          5 = HAIL
                        GRTST 24HR    M  ON   M    6 = FREEZING RAIN OR DRIZZLE
                        GRTST DEPTH:  M  ON   M    7 = DUSTSTORM OR SANDSTORM:
                                                       VSBY 1/2 MILE OR LESS
                                                   8 = SMOKE OR HAZE
[NO. OF DAYS WITH]      [WEATHER - DAYS WITH]      9 = BLOWING SNOW
                                                   X = TORNADO
MAX 32 OR BELOW:   0    0.01 INCH OR MORE:   5
MAX 90 OR ABOVE:   6    0.10 INCH OR MORE:   2
MIN 32 OR BELOW:   0    0.50 INCH OR MORE:   1
MIN  0 OR BELOW:   0    1.00 INCH OR MORE:   0

[HDD (BASE 65) ]
TOTAL THIS MO.     4    CLEAR  (SCALE 0-3)  20
DPTR FM NORMAL     1    PTCLDY (SCALE 4-7)   9
TOTAL FM JUL 1     4    CLOUDY (SCALE 8-10)  0
DPTR FM NORMAL     1

[CDD (BASE 65) ]
TOTAL THIS MO.   226
DPTR FM NORMAL  -104    [PRESSURE DATA]
TOTAL FM JAN 1   607    HIGHEST SLP 30.24 ON 28
DPTR FM NORMAL   -21    LOWEST  SLP 29.65 ON 25

[REMARKS]
#FINAL-07-14#




U.S. Dept. of Commerce
NOAA National Weather Service
1325 East West Highway
Silver Spring, MD 20910
E-mail: w-nws.webmaster@noaa.gov
Page last modified: May 16, 2007
NATIONAL WEATHER SERVICE: for Safety, for Work, for Fun - FOR LIFE