727
CXUS53 KOAX 301000
CF6TQE
PRELIMINARY LOCAL CLIMATOLOGICAL DATA (WS FORM: F-6)

                                          STATION:   TEKAMAH, NEBRASKA
                                          MONTH:     JANUARY
                                          YEAR:      2015
                                          LATITUDE:   41 46 N
                                          LONGITUDE:  96 11 W

  TEMPERATURE IN F:       :PCPN:    SNOW:  WIND      :SUNSHINE: SKY     :PK WND
================================================================================
1   2   3   4   5  6A  6B    7    8   9   10  11  12  13   14  15   16   17  18
                                     12Z  AVG MX 2MIN
DY MAX MIN AVG DEP HDD CDD  WTR  SNW DPTH SPD SPD DIR MIN PSBL S-S WX    SPD DR
================================================================================

 1  32  11  22   1  43   0 0.00    M    M  7.4 15 240   M    M   1        18 260
 2  34  12  23   2  42   0 0.00    M    M  6.1 13 150   M    M   3        15 160
 3  34  10  22   1  43   0 0.13    M    M 13.8 32 330   M    M   3 18     38 330
 4  10  -3   4 -17  61   0 0.03    M    M 16.7 32 330   M    M   4 9      40 330
 5  22   4  13  -8  52   0 0.09    M    M 13.1 28 140   M    M   8 1289   33 140
 6  16   0   8 -13  57   0    T    M    M 13.4 31 340   M    M   5 9      39 330
 7   8  -6   1 -20  64   0 0.00    M    M 16.0 35 340   M    M   0 8      40 330
 8  31   3  17  -4  48   0    T    M    M 25.4 41 320   M    M   5 89     50 330
 9  15  -1   7 -14  58   0 0.00    M    M 11.6 30 340   M    M   1        38 340
10  36  -2  17  -4  48   0 0.00    M    M 12.1 30 210   M    M   0 8      37 210
11  29  10  20  -1  45   0 0.00    M    M 10.2 22 350   M    M   2        24 350
12  18  -5   7 -15  58   0 0.00    M    M 12.6 22 350   M    M   1        26 360
13  24  -9   8 -14  57   0 0.00    M    M  7.5 15 180   M    M   3        20 180
14  36  17  27   5  38   0 0.00    M    M  6.7 16 200   M    M   3        20 200
15  44  22  33  11  32   0 0.00    M    M  7.3 17 310   M    M   1        21 310
16  50  24  37  15  28   0 0.00    M    M  8.2 16 170   M    M   0        18 170
17  50  34  42  20  23   0    T    M    M 17.2 38 310   M    M   2        49 300
18  55  29  42  20  23   0 0.00    M    M  4.5 15 260   M    M   0        17 260
19  53  27  40  18  25   0    T    M    M  5.3 16 280   M    M   3        21 280
20  48  31  40  18  25   0 0.00    M    M 12.4 26 300   M    M   3        35 290
21  40  32  36  14  29   0    T    M    M  8.4 20 300   M    M   9        26 300
22  39  27  33  11  32   0 0.00    M    M  9.1 17 210   M    M   6        22 210
23  46  20  33  11  32   0 0.00    M    M  9.2 16 170   M    M   0        18 170
24  51  28  40  18  25   0    T    M    M 10.1 35 300   M    M   4        41 300
25  42  29  36  13  29   0 0.01    M    M 15.7 32 340   M    M   9 1      37 340
26  57  27  42  19  23   0 0.00    M    M 11.7 24 320   M    M   0        29 320
27  53  25  39  16  26   0 0.00    M    M  7.0 16 140   M    M   0        18 130
28  56  31  44  21  21   0 0.00    M    M 13.2 41 330   M    M   1        49 320
29  39  22  31   8  34   0    T    M    M 19.8 36 340   M    M   9        47 340
================================================================================
SM 1068  449      1121   0  0.26    M    331.7          M       86
================================================================================
AV 36.8 15.5                              11.4 FASTST   M    M   3    MAX(MPH)
                                 MISC ---->  # 41 320               # 50  330
================================================================================
NOTES:
# LAST OF SEVERAL OCCURRENCES

COLUMN 17 PEAK WIND IN M.P.H.

PRELIMINARY LOCAL CLIMATOLOGICAL DATA (WS FORM: F-6) , PAGE 2

                                          STATION:  TEKAMAH, NEBRASKA
                                          MONTH:    JANUARY
                                          YEAR:     2015
                                          LATITUDE:   41 46 N
                                          LONGITUDE:  96 11 W

[TEMPERATURE DATA]      [PRECIPITATION DATA]       SYMBOLS USED IN COLUMN 16

AVERAGE MONTHLY: 26.2   TOTAL FOR MONTH:   0.26    1 = FOG OR MIST
DPTR FM NORMAL:   4.4   DPTR FM NORMAL:   -0.12    2 = FOG REDUCING VISIBILITY
HIGHEST:    57 ON 26    GRTST 24HR  0.13 ON  3- 3      TO 1/4 MILE OR LESS
LOWEST:     -9 ON 13                               3 = THUNDER
                        SNOW, ICE PELLETS, HAIL    4 = ICE PELLETS
                        TOTAL MONTH:    M          5 = HAIL
                        GRTST 24HR    M  ON   M    6 = FREEZING RAIN OR DRIZZLE
                        GRTST DEPTH:  M  ON   M    7 = DUSTSTORM OR SANDSTORM:
                                                       VSBY 1/2 MILE OR LESS
                                                   8 = SMOKE OR HAZE
[NO. OF DAYS WITH]      [WEATHER - DAYS WITH]      9 = BLOWING SNOW
                                                   X = TORNADO
MAX 32 OR BELOW:  10    0.01 INCH OR MORE:   4
MAX 90 OR ABOVE:   0    0.10 INCH OR MORE:   1
MIN 32 OR BELOW:  28    0.50 INCH OR MORE:   0
MIN  0 OR BELOW:   7    1.00 INCH OR MORE:   0

[HDD (BASE 65) ]
TOTAL THIS MO.  1121    CLEAR  (SCALE 0-3)  16
DPTR FM NORMAL  -131    PTCLDY (SCALE 4-7)   9
TOTAL FM JUL 1  3591    CLOUDY (SCALE 8-10)  4
DPTR FM NORMAL  -313

[CDD (BASE 65) ]
TOTAL THIS MO.     0
DPTR FM NORMAL     0    [PRESSURE DATA]
TOTAL FM JAN 1     0    HIGHEST SLP M ON M
DPTR FM NORMAL     0    LOWEST  SLP 29.66 ON 24

[REMARKS]




U.S. Dept. of Commerce
NOAA National Weather Service
1325 East West Highway
Silver Spring, MD 20910
E-mail: w-nws.webmaster@noaa.gov
Page last modified: May 16, 2007
NATIONAL WEATHER SERVICE: for Safety, for Work, for Fun - FOR LIFE