073
CXUS53 KOAX 291000
CF6TQE
PRELIMINARY LOCAL CLIMATOLOGICAL DATA (WS FORM: F-6)

                                          STATION:   TEKAMAH, NEBRASKA
                                          MONTH:     AUGUST
                                          YEAR:      2014
                                          LATITUDE:   41 46 N
                                          LONGITUDE:  96 11 W

  TEMPERATURE IN F:       :PCPN:    SNOW:  WIND      :SUNSHINE: SKY     :PK WND
================================================================================
1   2   3   4   5  6A  6B    7    8   9   10  11  12  13   14  15   16   17  18
                                     12Z  AVG MX 2MIN
DY MAX MIN AVG DEP HDD CDD  WTR  SNW DPTH SPD SPD DIR MIN PSBL S-S WX    SPD DR
================================================================================

 1  86  58  72  -3   0   7 0.00    M    M  3.8 10 100   M    M   3 1      13  70
 2  88  58  73  -2   0   8 0.18    M    M  4.8 16 290   M    M   2 13     21 260
 3  86  64  75   0   0  10 0.01    M    M  5.9 18 200   M    M   1 13     23 210
 4  86  65  76   1   0  11 0.00    M    M  4.9 10  60   M    M   0 1      15  50
 5  86  69  78   3   0  13 0.13    M    M  6.4 13  70   M    M   2 13     18  80
 6  75  67  71  -3   0   6 1.14    M    M  9.7 21  10   M    M  10 13     33  20
 7  78  67  73  -1   0   8 0.13    M    M  4.4 13 110   M    M   9 1      17 110
 8  82  69  76   2   0  11    T    M    M  6.1 13 130   M    M   7 1      17 140
 9  81  69  75   1   0  10 0.04    M    M  6.8 14 110   M    M   6 1      17 100
10  80  68  74   0   0   9 0.08    M    M  3.1  9  80   M    M   5 13     11  80
11  79  57  68  -6   0   3 0.00    M    M 11.3 24 330   M    M   2        31 330
12  79  50  65  -9   0   0 0.00    M    M  4.6 17 360   M    M   0        22 360
13  83  50  67  -7   0   2 0.00    M    M  2.2  9 130   M    M   1 1      12 140
14  83  56  70  -3   0   5 0.00    M    M  6.8 14 150   M    M   1        18 130
15  76  68  72  -1   0   7    T    M    M  7.5 17 140   M    M   7 1      25 140
16  85  67  76   3   0  11 0.00    M    M  3.5  8 140   M    M   5 12     12 110
17  88  66  77   4   0  12    T    M    M  5.6 17 220   M    M   5        25 230
18  91  61  76   3   0  11 0.00    M    M  5.9 14 340   M    M   1        17 350
19  88  63  76   4   0  11 0.00    M    M  3.2  9 330   M    M   1        12 340
20  90  69  80   8   0  15 0.01    M    M 10.3 25 360   M    M   1 3      37 360
21  93  73  83  11   0  18 0.01    M    M  7.9 20 230   M    M   1 3      27 230
22  91  71  81   9   0  16 0.28    M    M  4.4 21 120   M    M   3 13     27 120
23  90  69  80   8   0  15 0.20    M    M  8.2 20  40   M    M   2 13     27 290
24  89  69  79   7   0  14    T    M    M  5.2 13 300   M    M   1 3      17 300
25  74  63  69  -2   0   4 0.01    M    M  8.4 20 340   M    M   2        25 340
26  78  63  71   0   0   6 0.31    M    M  6.3 16 350   M    M   4 13     21 180
27  74  65  70  -1   0   5 1.04    M    M  6.1 15 220   M    M   8 13     21 230
28  80  69  75   4   0  10 2.06    M    M  7.9 16 110   M    M   8 13     20 130
================================================================================
SM 2339 1803         0 258  5.63    M    171.2          M       98
================================================================================
AV 83.5 64.4                               6.1 FASTST   M    M   4    MAX(MPH)
                                 MISC ---->  # 25 360               # 37  360
================================================================================
NOTES:
# LAST OF SEVERAL OCCURRENCES

COLUMN 17 PEAK WIND IN M.P.H.

PRELIMINARY LOCAL CLIMATOLOGICAL DATA (WS FORM: F-6) , PAGE 2

                                          STATION:  TEKAMAH, NEBRASKA
                                          MONTH:    AUGUST
                                          YEAR:     2014
                                          LATITUDE:   41 46 N
                                          LONGITUDE:  96 11 W

[TEMPERATURE DATA]      [PRECIPITATION DATA]       SYMBOLS USED IN COLUMN 16

AVERAGE MONTHLY: 74.0   TOTAL FOR MONTH:   5.63    1 = FOG OR MIST
DPTR FM NORMAL:   0.8   DPTR FM NORMAL:    2.23    2 = FOG REDUCING VISIBILITY
HIGHEST:    93 ON 21    GRTST 24HR  3.10 ON 27-28      TO 1/4 MILE OR LESS
LOWEST:     50 ON 13,12                            3 = THUNDER
                        SNOW, ICE PELLETS, HAIL    4 = ICE PELLETS
                        TOTAL MONTH:    M          5 = HAIL
                        GRTST 24HR    M  ON   M    6 = FREEZING RAIN OR DRIZZLE
                        GRTST DEPTH:  M  ON   M    7 = DUSTSTORM OR SANDSTORM:
                                                       VSBY 1/2 MILE OR LESS
                                                   8 = SMOKE OR HAZE
[NO. OF DAYS WITH]      [WEATHER - DAYS WITH]      9 = BLOWING SNOW
                                                   X = TORNADO
MAX 32 OR BELOW:   0    0.01 INCH OR MORE:  15
MAX 90 OR ABOVE:   5    0.10 INCH OR MORE:   9
MIN 32 OR BELOW:   0    0.50 INCH OR MORE:   3
MIN  0 OR BELOW:   0    1.00 INCH OR MORE:   3

[HDD (BASE 65) ]
TOTAL THIS MO.     0    CLEAR  (SCALE 0-3)  17
DPTR FM NORMAL     0    PTCLDY (SCALE 4-7)   7
TOTAL FM JUL 1     4    CLOUDY (SCALE 8-10)  4
DPTR FM NORMAL     1

[CDD (BASE 65) ]
TOTAL THIS MO.   258
DPTR FM NORMAL    25    [PRESSURE DATA]
TOTAL FM JAN 1   865    HIGHEST SLP M ON M
DPTR FM NORMAL     4    LOWEST  SLP 29.71 ON 20

[REMARKS]




U.S. Dept. of Commerce
NOAA National Weather Service
1325 East West Highway
Silver Spring, MD 20910
E-mail: w-nws.webmaster@noaa.gov
Page last modified: May 16, 2007
NATIONAL WEATHER SERVICE: for Safety, for Work, for Fun - FOR LIFE