557
CXUS56 KLKN 030340
CF6TPH
PRELIMINARY LOCAL CLIMATOLOGICAL DATA (WS FORM: F-6)

                                          STATION:   TONOPAH AIRPORT NV
                                          MONTH:     NOVEMBER
                                          YEAR:      2014
                                          LATITUDE:   38  3 N
                                          LONGITUDE: 117  5 W

  TEMPERATURE IN F:       :PCPN:    SNOW:  WIND      :SUNSHINE: SKY     :PK WND
================================================================================
1   2   3   4   5  6A  6B    7    8   9   10  11  12  13   14  15   16   17  18
                                     12Z  AVG MX 2MIN
DY MAX MIN AVG DEP HDD CDD  WTR  SNW DPTH SPD SPD DIR MIN PSBL S-S WX    SPD DR
================================================================================

 1  51  36  44  -2  21   0 0.13    M    M  9.2 32 220   M    M   7 13     40 180
 2  48  31  40  -6  25   0 0.00    M    M 15.7 26 330   M    M   2        33 330
 3  51  28  40  -6  25   0 0.00    M    M 11.5 20 320   M    M   0        26 320
 4  60  25  43  -2  22   0 0.00    M    M  7.4 17  10   M    M   0        20 360
 5  65  36  51   6  14   0 0.00    M    M  7.9 17  20   M    M   0        19  20
 6  68  36  52   8  13   0 0.00    M    M  7.4 15  10   M    M   0        17 360
 7  71  35  53   9  12   0 0.00    M    M  8.5 16  20   M    M   0        20 320
 8  71  37  54  11  11   0 0.00    M    M  6.3 15  10   M    M   0        18  10
 9  72  37  55  12  10   0 0.00    M    M  6.2 14  20   M    M   0        22 190
10  67  33  50   8  15   0 0.00    M    M 12.5 29 330   M    M   0        37 330
11  64  29  47   5  18   0 0.00    M    M  6.6 14  20   M    M   0        15  20
12  59  31  45   3  20   0 0.00    M    M  8.8 18 320   M    M   0        23 310
13  61  34  48   7  17   0 0.00    M    M  5.8 13 360   M    M   1        15 360
14  60  30  45   4  20   0 0.00    M    M 10.7 26 330   M    M   1        32 320
15  55  30  43   3  22   0    T    M    M 16.2 39 360   M    M   1        45 360
16  45  21  33  -7  32   0 0.00    M    M 11.2 24 350   M    M   0        28 360
17  51  16  34  -5  31   0 0.00    M    M  5.8 13  10   M    M   0        15  10
18  55  18  37  -2  28   0 0.00    M    M  6.5 12 360   M    M   0        14 170
19  53  28  41   3  24   0 0.00    M    M  6.0 12  10   M    M   2        14 170
20  53  21  37  -1  28   0 0.00    M    M  5.3 14  10   M    M   0        16  10
21  54  28  41   3  24   0 0.00    M    M  6.2 14 290   M    M   1        15 290
22  64  27  46   9  19   0 0.00    M    M 14.0 35 350   M    M   1        46 350
23  47  29  38   1  27   0 0.00    M    M 12.7 24 360   M    M   1        28 330
24  52  19  36   0  29   0 0.00    M    M  9.9 21 300   M    M   0        25 300
25  61  19  40   4  25   0 0.00    M    M  9.4 24 320   M    M   0        29 320
26  67  26  47  11  18   0 0.00    M    M  7.4 15  10   M    M   0        17 360
27  57  33  45  10  20   0 0.00    M    M  5.9 14  10   M    M   0        16  10
28  60  28  44   9  21   0 0.00    M    M  7.9 14 360   M    M   0        16  10
29  60  26  43   8  22   0 0.00    M    M  8.4 16 220   M    M   0        21 220
30  54  28  41   7  24   0 0.00    M    M  7.0 17 180   M    M   1        23 170
================================================================================
SM 1756  855       637   0  0.13    M    264.3          M       18
================================================================================
AV 58.5 28.5                               8.8 FASTST   M    M   1    MAX(MPH)
                                 MISC ---->  # 39 360               # 46  350
================================================================================
NOTES:
# LAST OF SEVERAL OCCURRENCES

COLUMN 17 PEAK WIND IN M.P.H.

PRELIMINARY LOCAL CLIMATOLOGICAL DATA (WS FORM: F-6) , PAGE 2

                                          STATION:  TONOPAH AIRPORT NV
                                          MONTH:    NOVEMBER
                                          YEAR:     2014
                                          LATITUDE:   38  3 N
                                          LONGITUDE: 117  5 W

[TEMPERATURE DATA]      [PRECIPITATION DATA]       SYMBOLS USED IN COLUMN 16

AVERAGE MONTHLY: 43.5   TOTAL FOR MONTH:   0.13    1 = FOG OR MIST
DPTR FM NORMAL:   3.4   DPTR FM NORMAL:   -0.31    2 = FOG REDUCING VISIBILITY
HIGHEST:    72 ON  9    GRTST 24HR  0.13 ON  1- 1      TO 1/4 MILE OR LESS
LOWEST:     16 ON 17                               3 = THUNDER
                        SNOW, ICE PELLETS, HAIL    4 = ICE PELLETS
                        TOTAL MONTH:    M          5 = HAIL
                        GRTST 24HR    M  ON   M    6 = FREEZING RAIN OR DRIZZLE
                        GRTST DEPTH:  M  ON   M    7 = DUSTSTORM OR SANDSTORM:
                                                       VSBY 1/2 MILE OR LESS
                                                   8 = SMOKE OR HAZE
[NO. OF DAYS WITH]      [WEATHER - DAYS WITH]      9 = BLOWING SNOW
                                                   X = TORNADO
MAX 32 OR BELOW:   0    0.01 INCH OR MORE:   1
MAX 90 OR ABOVE:   0    0.10 INCH OR MORE:   1
MIN 32 OR BELOW:  21    0.50 INCH OR MORE:   0
MIN  0 OR BELOW:   0    1.00 INCH OR MORE:   0

[HDD (BASE 65) ]
TOTAL THIS MO.   637    CLEAR  (SCALE 0-3)  29
DPTR FM NORMAL  -108    PTCLDY (SCALE 4-7)   1
TOTAL FM JUL 1   913    CLOUDY (SCALE 8-10)  0
DPTR FM NORMAL  -304

[CDD (BASE 65) ]
TOTAL THIS MO.     0
DPTR FM NORMAL     0    [PRESSURE DATA]
TOTAL FM JAN 1  1004    HIGHEST SLP 30.59 ON 25
DPTR FM NORMAL   221    LOWEST  SLP 29.45 ON  1

[REMARKS]
#FINAL-11-14#




U.S. Dept. of Commerce
NOAA National Weather Service
1325 East West Highway
Silver Spring, MD 20910
E-mail: w-nws.webmaster@noaa.gov
Page last modified: May 16, 2007
NATIONAL WEATHER SERVICE: for Safety, for Work, for Fun - FOR LIFE