980
CXUS56 KLKN 011001
CF6TPH
PRELIMINARY LOCAL CLIMATOLOGICAL DATA (WS FORM: F-6)

                                          STATION:   TONOPAH AIRPORT NV
                                          MONTH:     SEPTEMBER
                                          YEAR:      2014
                                          LATITUDE:   38  3 N
                                          LONGITUDE: 117  5 W

  TEMPERATURE IN F:       :PCPN:    SNOW:  WIND      :SUNSHINE: SKY     :PK WND
================================================================================
1   2   3   4   5  6A  6B    7    8   9   10  11  12  13   14  15   16   17  18
                                     12Z  AVG MX 2MIN
DY MAX MIN AVG DEP HDD CDD  WTR  SNW DPTH SPD SPD DIR MIN PSBL S-S WX    SPD DR
================================================================================

 1  91  56  74   5   0   9 0.00    M    M  6.1 15  20   M    M   0        19  10
 2  93  56  75   6   0  10 0.00    M    M 10.8 22 200   M    M   0        29 200
 3  89  55  72   3   0   7 0.00    M    M  7.0 15 350   M    M   0        23 350
 4  86  58  72   4   0   7 0.00    M    M  7.8 18 230   M    M   0        23 230
 5  87  54  71   3   0   6 0.00    M    M  8.2 20 190   M    M   0        27 190
 6  88  55  72   4   0   7 0.00    M    M 10.4 23 190   M    M   0        29 200
 7  89  56  73   5   0   8    T    M    M 10.1 23 200   M    M   2 3      30 210
 8  81  58  70   3   0   5 0.18    M    M  8.6 29 360   M    M   6 13     33 360
 9  79  52  66  -1   0   1 0.00    M    M 10.1 21 320   M    M   1        29 320
10  83  50  67   1   0   2 0.00    M    M  8.4 18  30   M    M   0        22  30
11  87  50  69   3   0   4 0.00    M    M  9.4 17 330   M    M   0        26 300
12  87  54  71   5   0   6 0.00    M    M  8.2 20  20   M    M   0        24  10
13  87  55  71   5   0   6 0.00    M    M  7.8 17 200   M    M   0        23 170
14  88  56  72   7   0   7 0.00    M    M  6.4 18 260   M    M   1        25 260
15  90  58  74   9   0   9 0.00    M    M  8.5 21 210   M    M   1        27 170
16  91  58  75  11   0  10 0.00    M    M  8.4 23 160   M    M   0        30 160
17  89  58  74  10   0   9 0.00    M    M  9.4 24 210   M    M   0        32 180
18  87  60  74  10   0   9 0.00    M    M  9.3 24 170   M    M   0        30 180
19  85  53  69   6   0   4 0.00    M    M  8.0 21 170   M    M   0 8      24 140
20  78  55  67   4   0   2 0.45    M    M  9.9 29  30   M    M   5 3      35  30
21  75  52  64   1   1   0 0.02    M    M  9.7 25  30   M    M   3 3      31  30
22  80  52  66   4   0   1 0.00    M    M  7.0 15 190   M    M   0        18 190
23  83  52  68   6   0   3 0.00    M    M  8.4 20 190   M    M   0        25 190
24  85  48  67   6   0   2 0.00    M    M 10.8 24 190   M    M   0        31 190
25  84  54  69   8   0   4 0.00    M    M 16.7 36 180   M    M   0        46 190
26  81  54  68   7   0   3 0.00    M    M 13.8 37 200   M    M   0 8      47 200
27  61  47  54  -6  11   0    T    M    M 15.5 31 320   M    M   4 8      36 320
28  60  45  53  -7  12   0 0.04    M    M  5.5 18 280   M    M   7        23 280
29  68  40  54  -6  11   0 0.00    M    M  9.6 25 320   M    M   1        34 340
30  72  41  57  -2   8   0    T    M    M  8.7 18 340   M    M   2        23 340
================================================================================
SM 2484 1592        43 141  0.69    M    278.5          M       33
================================================================================
AV 82.8 53.1                               9.3 FASTST   M    M   1    MAX(MPH)
                                 MISC ---->  # 37 200               # 47  200
================================================================================
NOTES:
# LAST OF SEVERAL OCCURRENCES

COLUMN 17 PEAK WIND IN M.P.H.

PRELIMINARY LOCAL CLIMATOLOGICAL DATA (WS FORM: F-6) , PAGE 2

                                          STATION:  TONOPAH AIRPORT NV
                                          MONTH:    SEPTEMBER
                                          YEAR:     2014
                                          LATITUDE:   38  3 N
                                          LONGITUDE: 117  5 W

[TEMPERATURE DATA]      [PRECIPITATION DATA]       SYMBOLS USED IN COLUMN 16

AVERAGE MONTHLY: 67.9   TOTAL FOR MONTH:   0.69    1 = FOG OR MIST
DPTR FM NORMAL:   3.4   DPTR FM NORMAL:    0.31    2 = FOG REDUCING VISIBILITY
HIGHEST:    93 ON  2    GRTST 24HR  0.46 ON 20-21      TO 1/4 MILE OR LESS
LOWEST:     40 ON 29                               3 = THUNDER
                        SNOW, ICE PELLETS, HAIL    4 = ICE PELLETS
                        TOTAL MONTH:    M          5 = HAIL
                        GRTST 24HR    M  ON   M    6 = FREEZING RAIN OR DRIZZLE
                        GRTST DEPTH:  M  ON   M    7 = DUSTSTORM OR SANDSTORM:
                                                       VSBY 1/2 MILE OR LESS
                                                   8 = SMOKE OR HAZE
[NO. OF DAYS WITH]      [WEATHER - DAYS WITH]      9 = BLOWING SNOW
                                                   X = TORNADO
MAX 32 OR BELOW:   0    0.01 INCH OR MORE:   4
MAX 90 OR ABOVE:   4    0.10 INCH OR MORE:   2
MIN 32 OR BELOW:   0    0.50 INCH OR MORE:   0
MIN  0 OR BELOW:   0    1.00 INCH OR MORE:   0

[HDD (BASE 65) ]
TOTAL THIS MO.    43    CLEAR  (SCALE 0-3)  25
DPTR FM NORMAL   -42    PTCLDY (SCALE 4-7)   5
TOTAL FM JUL 1    43    CLOUDY (SCALE 8-10)  0
DPTR FM NORMAL   -48

[CDD (BASE 65) ]
TOTAL THIS MO.   141
DPTR FM NORMAL    73    [PRESSURE DATA]
TOTAL FM JAN 1  1004    HIGHEST SLP M ON M
DPTR FM NORMAL   223    LOWEST  SLP 29.61 ON 27

[REMARKS]
#FINAL-09-14#
#FINAL-09-14#




U.S. Dept. of Commerce
NOAA National Weather Service
1325 East West Highway
Silver Spring, MD 20910
E-mail: w-nws.webmaster@noaa.gov
Page last modified: May 16, 2007
NATIONAL WEATHER SERVICE: for Safety, for Work, for Fun - FOR LIFE