595
CXUS56 KLKN 291001
CF6TPH
PRELIMINARY LOCAL CLIMATOLOGICAL DATA (WS FORM: F-6)

                                          STATION:   TONOPAH AIRPORT NV
                                          MONTH:     JULY
                                          YEAR:      2014
                                          LATITUDE:   38  3 N
                                          LONGITUDE: 117  5 W

  TEMPERATURE IN F:       :PCPN:    SNOW:  WIND      :SUNSHINE: SKY     :PK WND
================================================================================
1   2   3   4   5  6A  6B    7    8   9   10  11  12  13   14  15   16   17  18
                                     12Z  AVG MX 2MIN
DY MAX MIN AVG DEP HDD CDD  WTR  SNW DPTH SPD SPD DIR MIN PSBL S-S WX    SPD DR
================================================================================

 1 101  65  83  10   0  18    T    M    M 12.6 31  40   M    M   0        39  40
 2  99  63  81   8   0  16 0.00    M    M 10.2 28 210   M    M   0        39 170
 3  96  61  79   6   0  14 0.00    M    M  8.5 25 180   M    M   0        33 200
 4  94  57  76   2   0  11 0.00    M    M 10.8 24 200   M    M   0        31 200
 5  95  61  78   4   0  13    T    M    M  8.5 33 170   M    M   1 3      40 170
 6  93  67  80   6   0  15    T    M    M  7.6 36  90   M    M   1        45  70
 7  89  65  77   3   0  12 0.21    M    M 11.0 33 110   M    M   3 3      40 110
 8  85  63  74   0   0   9    T    M    M  6.2 18 260   M    M   2        23  10
 9  88  65  77   3   0  12    T    M    M  6.0 24 240   M    M   3        30 240
10  92  65  79   5   0  14 0.00    M    M  8.6 33  90   M    M   3        39  90
11  90  61  76   1   0  11 0.00    M    M  9.1 24 180   M    M   1        29 190
12  94  60  77   2   0  12 0.00    M    M  6.4 16 200   M    M   0        21 200
13 101  63  82   7   0  17 0.00    M    M  8.0 20 210   M    M   0        28 210
14  99  67  83   8   0  18    T    M    M  8.6 21 210   M    M   0 3      31 210
15  95  64  80   5   0  15 0.85    M    M 11.1 40  90   M    M   3 38     46  90
16  91  65  78   3   0  13    T    M    M  7.7 31 130   M    M   2 3      37 150
17  93  63  78   3   0  13 0.02    M    M  9.1 39 290   M    M   4 3      47 290
18  96  61  79   4   0  14 0.00    M    M  6.8 22 140   M    M   0        25 140
19  94  63  79   4   0  14 0.00    M    M 11.2 29 190   M    M   0        34 190
20  89  66  78   3   0  13    T    M    M 13.1 29 190   M    M   4 3      36 220
21  89  60  75   0   0  10 0.00    M    M 10.9 24 190   M    M   0        33 330
22  93  59  76   1   0  11 0.00    M    M 12.4 29 190   M    M   0        36 170
23  97  58  78   3   0  13 0.00    M    M  9.9 25 210   M    M   0        34 200
24  96  61  79   4   0  14 0.00    M    M  6.9 20 200   M    M   0        25 200
25  98  60  79   4   0  14 0.00    M    M  8.4 25 240   M    M   0        31 240
26  96  62  79   4   0  14    M  0.0    M  7.6 17 200   M    M   0        26 190
27  91  69  80   5   0  15 0.00    M    M 10.4 38 140   M    M   1        45 140
28  80  62  71  -4   0   6 0.04    M    M  8.2 26  10   M    M   6        32  10
================================================================================
SM 2614 1756         0 371  1.12     0.0 255.8          M       34
================================================================================
AV 93.4 62.7                               9.1 FASTST   M    M   1    MAX(MPH)
                                 MISC ---->  # 40  90               # 47  290
================================================================================
NOTES:
# LAST OF SEVERAL OCCURRENCES

COLUMN 17 PEAK WIND IN M.P.H.

PRELIMINARY LOCAL CLIMATOLOGICAL DATA (WS FORM: F-6) , PAGE 2

                                          STATION:  TONOPAH AIRPORT NV
                                          MONTH:    JULY
                                          YEAR:     2014
                                          LATITUDE:   38  3 N
                                          LONGITUDE: 117  5 W

[TEMPERATURE DATA]      [PRECIPITATION DATA]       SYMBOLS USED IN COLUMN 16

AVERAGE MONTHLY: 78.0   TOTAL FOR MONTH:   1.12    1 = FOG OR MIST
DPTR FM NORMAL:   3.5   DPTR FM NORMAL:    0.73    2 = FOG REDUCING VISIBILITY
HIGHEST:   101 ON 13, 1 GRTST 24HR  0.85 ON 15-15      TO 1/4 MILE OR LESS
LOWEST:     57 ON  4                               3 = THUNDER
                        SNOW, ICE PELLETS, HAIL    4 = ICE PELLETS
                        TOTAL MONTH:   0.0 INCH    5 = HAIL
                        GRTST 24HR     0.0         6 = FREEZING RAIN OR DRIZZLE
                        GRTST DEPTH:  M  ON   M    7 = DUSTSTORM OR SANDSTORM:
                                                       VSBY 1/2 MILE OR LESS
                                                   8 = SMOKE OR HAZE
[NO. OF DAYS WITH]      [WEATHER - DAYS WITH]      9 = BLOWING SNOW
                                                   X = TORNADO
MAX 32 OR BELOW:   0    0.01 INCH OR MORE:   4
MAX 90 OR ABOVE:  22    0.10 INCH OR MORE:   2
MIN 32 OR BELOW:   0    0.50 INCH OR MORE:   1
MIN  0 OR BELOW:   0    1.00 INCH OR MORE:   0

[HDD (BASE 65) ]
TOTAL THIS MO.     0    CLEAR  (SCALE 0-3)  22
DPTR FM NORMAL     0    PTCLDY (SCALE 4-7)   6
TOTAL FM JUL 1     0    CLOUDY (SCALE 8-10)  0
DPTR FM NORMAL     0

[CDD (BASE 65) ]
TOTAL THIS MO.   371
DPTR FM NORMAL   103    [PRESSURE DATA]
TOTAL FM JAN 1   621    HIGHEST SLP M ON M
DPTR FM NORMAL   181    LOWEST  SLP 29.73 ON  2

[REMARKS]




U.S. Dept. of Commerce
NOAA National Weather Service
1325 East West Highway
Silver Spring, MD 20910
E-mail: w-nws.webmaster@noaa.gov
Page last modified: May 16, 2007
NATIONAL WEATHER SERVICE: for Safety, for Work, for Fun - FOR LIFE