365
CXUS55 KTBW 201000
CF6TPA
PRELIMINARY LOCAL CLIMATOLOGICAL DATA (WS FORM: F-6)

                                          STATION:   Tampa
                                          MONTH:     SEPTEMBER
                                          YEAR:      2014
                                          LATITUDE:   27 58 N
                                          LONGITUDE:  82 32 W

  TEMPERATURE IN F:       :PCPN:    SNOW:  WIND      :SUNSHINE: SKY     :PK WND
================================================================================
1   2   3   4   5  6A  6B    7    8   9   10  11  12  13   14  15   16   17  18
                                     12Z  AVG MX 2MIN
DY MAX MIN AVG DEP HDD CDD  WTR  SNW DPTH SPD SPD DIR MIN PSBL S-S WX    SPD DR
================================================================================

 1  93  76  85   2   0  20 0.22  0.0    0  5.0 14 160   M    M   4 13     20 150
 2  92  77  85   2   0  20    T  0.0    0  4.9 20 270   M    M   5 3      23 270
 3  93  74  84   1   0  19 1.24  0.0    0  4.8 20 120   M    M   8 13     28 140
 4  87  75  81  -2   0  16 0.05  0.0    0  4.8 17 230   M    M   5 13     23 230
 5  88  77  83   0   0  18    T  0.0    0  5.1 21 290   M    M   8        24 260
 6  90  76  83   0   0  18 0.01  0.0    0  4.1 13 140   M    M   8 3      20 150
 7  88  76  82  -1   0  17    T  0.0    0  4.6 15 140   M    M   8        24 120
 8  87  77  82   0   0  17 0.00  0.0    0  5.7 15 260   M    M   9        19 230
 9  87  77  82   0   0  17    T  0.0    0  4.9 15 270   M    M   8 3      19 260
10  93  75  84   2   0  19    T  0.0    0  5.1 16 130   M    M   6 3      24 130
11  90  76  83   1   0  18 0.00  0.0    0  4.8 15 350   M    M   5        19 350
12  91  75  83   1   0  18 0.16  0.0    0  7.1 16  60   M    M   5 138    24  70
13  92  76  84   2   0  19 0.00  0.0    0  7.1 13 150   M    M   5        18 140
14  90  75  83   1   0  18 0.19  0.0    0  5.6 18 210   M    M   5 138    21 210
15  90  75  83   1   0  18 0.00  0.0    0  4.3 12 270   M    M   4        21 270
16  88  76  82   0   0  17    T  0.0    0  4.3 26 270   M    M   9 38     33 260
17  82  73  78  -4   0  13 1.86  0.0    0  3.9 25 250   M    M   8 18     32 240
18  88  73  81  -1   0  16 0.00  0.0    0  4.4 14 280   M    M   4        24 260
19  81  70  76  -6   0  11 1.16  0.0    0  5.2 12  50   M    M  10 1      19  30
================================================================================
SM 1690 1429         0 329  4.89     0.0  95.7          M      124
================================================================================
AV 88.9 75.2                               5.0 FASTST   M    M   7    MAX(MPH)
                                 MISC ---->  # 26 270               # 33  260
================================================================================
NOTES:
# LAST OF SEVERAL OCCURRENCES

COLUMN 17 PEAK WIND IN M.P.H.

PRELIMINARY LOCAL CLIMATOLOGICAL DATA (WS FORM: F-6) , PAGE 2

                                          STATION:  Tampa
                                          MONTH:    SEPTEMBER
                                          YEAR:     2014
                                          LATITUDE:   27 58 N
                                          LONGITUDE:  82 32 W

[TEMPERATURE DATA]      [PRECIPITATION DATA]       SYMBOLS USED IN COLUMN 16

AVERAGE MONTHLY: 82.1   TOTAL FOR MONTH:   4.89    1 = FOG OR MIST
DPTR FM NORMAL:  -0.3   DPTR FM NORMAL:    0.43    2 = FOG REDUCING VISIBILITY
HIGHEST:    93 ON 10, 3 GRTST 24HR  1.86 ON 17-17      TO 1/4 MILE OR LESS
LOWEST:     70 ON 19                               3 = THUNDER
                        SNOW, ICE PELLETS, HAIL    4 = ICE PELLETS
                        TOTAL MONTH:   0.0 INCH    5 = HAIL
                        GRTST 24HR     0.0         6 = FREEZING RAIN OR DRIZZLE
                        GRTST DEPTH:   0           7 = DUSTSTORM OR SANDSTORM:
                                                       VSBY 1/2 MILE OR LESS
                                                   8 = SMOKE OR HAZE
[NO. OF DAYS WITH]      [WEATHER - DAYS WITH]      9 = BLOWING SNOW
                                                   X = TORNADO
MAX 32 OR BELOW:   0    0.01 INCH OR MORE:   8
MAX 90 OR ABOVE:  10    0.10 INCH OR MORE:   6
MIN 32 OR BELOW:   0    0.50 INCH OR MORE:   3
MIN  0 OR BELOW:   0    1.00 INCH OR MORE:   3

[HDD (BASE 65) ]
TOTAL THIS MO.     0    CLEAR  (SCALE 0-3)   0
DPTR FM NORMAL     0    PTCLDY (SCALE 4-7)  16
TOTAL FM JUL 1     0    CLOUDY (SCALE 8-10)  3
DPTR FM NORMAL     0

[CDD (BASE 65) ]
TOTAL THIS MO.   329
DPTR FM NORMAL    -2    [PRESSURE DATA]
TOTAL FM JAN 1  2846    HIGHEST SLP M ON M
DPTR FM NORMAL     0    LOWEST  SLP 29.85 ON 18

[REMARKS]




U.S. Dept. of Commerce
NOAA National Weather Service
1325 East West Highway
Silver Spring, MD 20910
E-mail: w-nws.webmaster@noaa.gov
Page last modified: May 16, 2007
NATIONAL WEATHER SERVICE: for Safety, for Work, for Fun - FOR LIFE