336
CXUS55 KTBW 171000
CF6TPA
PRELIMINARY LOCAL CLIMATOLOGICAL DATA (WS FORM: F-6)

                                          STATION:   Tampa
                                          MONTH:     APRIL
                                          YEAR:      2014
                                          LATITUDE:   27 58 N
                                          LONGITUDE:  82 32 W

  TEMPERATURE IN F:       :PCPN:    SNOW:  WIND      :SUNSHINE: SKY     :PK WND
================================================================================
1   2   3   4   5  6A  6B    7    8   9   10  11  12  13   14  15   16   17  18
                                     12Z  AVG MX 2MIN
DY MAX MIN AVG DEP HDD CDD  WTR  SNW DPTH SPD SPD DIR MIN PSBL S-S WX    SPD DR
================================================================================

 1  79  54  67  -2   0   2 0.00  0.0    0  4.8 13 260   M    M   1        16 270
 2  81  60  71   1   0   6 0.00  0.0    0  5.7 14 290   M    M   1        22 280
 3  79  65  72   2   0   7 0.00  0.0    0  5.7 13 190   M    M   5        16 180
 4  81  65  73   3   0   8 0.00  0.0    0  5.9 15 180   M    M   6        20 190
 5  82  65  74   4   0   9 0.00  0.0    0  3.7 13 190   M    M   5 128    15 190
 6  82  67  75   5   0  10 0.00  0.0    0  5.8 15 170   M    M   7        19 190
 7  83  70  77   7   0  12 0.00  0.0    0 11.0 21 200   M    M   7        27 200
 8  77  65  71   1   0   6 0.18  0.0    0 13.3 24 290   M    M   9 1      33 290
 9  71  60  66  -5   0   1 0.06  0.0    0 10.4 21 290   M    M   4        29 280
10  79  57  68  -3   0   3 0.00  0.0    0  4.9 16 300   M    M   3        22 280
11  81  61  71   0   0   6 0.00  0.0    0  5.8 12 350   M    M   6        18 280
12  85  67  76   5   0  11 0.00  0.0    0  6.2 12  90   M    M   4        20  90
13  85  65  75   4   0  10 0.00  0.0    0  6.5 14 140   M    M   5        21 130
14  84  71  78   6   0  13 0.00  0.0    0  6.8 14 180   M    M   7        18 150
15  82  61  72   0   0   7 0.04  0.0    0 12.5 26 200   M    M   8 13     34 210
16  79  51  65  -7   0   0 0.00  0.0    0  9.9 17  50   M    M   5        27  50
================================================================================
SM 1290 1004         0 111  0.28     0.0 118.9          M       83
================================================================================
AV 80.6 62.8                               7.4 FASTST   M    M   5    MAX(MPH)
                                 MISC ---->  # 26 200               # 34  210
================================================================================
NOTES:
# LAST OF SEVERAL OCCURRENCES

COLUMN 17 PEAK WIND IN M.P.H.

PRELIMINARY LOCAL CLIMATOLOGICAL DATA (WS FORM: F-6) , PAGE 2

                                          STATION:  Tampa
                                          MONTH:    APRIL
                                          YEAR:     2014
                                          LATITUDE:   27 58 N
                                          LONGITUDE:  82 32 W

[TEMPERATURE DATA]      [PRECIPITATION DATA]       SYMBOLS USED IN COLUMN 16

AVERAGE MONTHLY: 71.7   TOTAL FOR MONTH:   0.28    1 = FOG OR MIST
DPTR FM NORMAL:   1.1   DPTR FM NORMAL:   -0.89    2 = FOG REDUCING VISIBILITY
HIGHEST:    85 ON 13,12 GRTST 24HR  0.24 ON  8- 9      TO 1/4 MILE OR LESS
LOWEST:     51 ON 16                               3 = THUNDER
                        SNOW, ICE PELLETS, HAIL    4 = ICE PELLETS
                        TOTAL MONTH:   0.0 INCH    5 = HAIL
                        GRTST 24HR     0.0         6 = FREEZING RAIN OR DRIZZLE
                        GRTST DEPTH:   0           7 = DUSTSTORM OR SANDSTORM:
                                                       VSBY 1/2 MILE OR LESS
                                                   8 = SMOKE OR HAZE
[NO. OF DAYS WITH]      [WEATHER - DAYS WITH]      9 = BLOWING SNOW
                                                   X = TORNADO
MAX 32 OR BELOW:   0    0.01 INCH OR MORE:   3
MAX 90 OR ABOVE:   0    0.10 INCH OR MORE:   1
MIN 32 OR BELOW:   0    0.50 INCH OR MORE:   0
MIN  0 OR BELOW:   0    1.00 INCH OR MORE:   0

[HDD (BASE 65) ]
TOTAL THIS MO.     0    CLEAR  (SCALE 0-3)   3
DPTR FM NORMAL    -9    PTCLDY (SCALE 4-7)  11
TOTAL FM JUL 1   444    CLOUDY (SCALE 8-10)  2
DPTR FM NORMAL   -92

[CDD (BASE 65) ]
TOTAL THIS MO.   111
DPTR FM NORMAL    12    [PRESSURE DATA]
TOTAL FM JAN 1   293    HIGHEST SLP M ON M
DPTR FM NORMAL   -45    LOWEST  SLP 29.73 ON  8

[REMARKS]




U.S. Dept. of Commerce
NOAA National Weather Service
1325 East West Highway
Silver Spring, MD 20910
E-mail: w-nws.webmaster@noaa.gov
Page last modified: May 16, 2007
NATIONAL WEATHER SERVICE: for Safety, for Work, for Fun - FOR LIFE