767
CXUS55 KTBW 311000
CF6TPA
PRELIMINARY LOCAL CLIMATOLOGICAL DATA (WS FORM: F-6)

                                          STATION:   Tampa
                                          MONTH:     JULY
                                          YEAR:      2014
                                          LATITUDE:   27 58 N
                                          LONGITUDE:  82 32 W

  TEMPERATURE IN F:       :PCPN:    SNOW:  WIND      :SUNSHINE: SKY     :PK WND
================================================================================
1   2   3   4   5  6A  6B    7    8   9   10  11  12  13   14  15   16   17  18
                                     12Z  AVG MX 2MIN
DY MAX MIN AVG DEP HDD CDD  WTR  SNW DPTH SPD SPD DIR MIN PSBL S-S WX    SPD DR
================================================================================

 1  94  76  85   2   0  20 0.74  0.0    0  5.1 25  50   M    M   6 138    36  50
 2  90  76  83   0   0  18    T  0.0    0  6.2 20 270   M    M   7 3      25 270
 3  89  76  83   0   0  18 0.81  0.0    0  9.2 29 260   M    M   7 138    39 290
 4  89  77  83   0   0  18 0.40  0.0    0  7.9 16 220   M    M   6 138    21 220
 5  88  75  82  -1   0  17    T  0.0    0  4.8 13 140   M    M   8 13     18 280
 6  87  74  81  -2   0  16 0.11  0.0    0  4.2 18 140   M    M   6 13     29 140
 7  85  74  80  -3   0  15    T  0.0    0  3.2  8 220   M    M   7        10 330
 8  88  72  80  -3   0  15 4.49  0.0    0  3.9 20 240   M    M   6 3      27 240
 9  87  74  81  -2   0  16 0.03  0.0    0  3.7 16 320   M    M   5 38     20 310
10  89  75  82  -1   0  17    T  0.0    0  4.2 14 260   M    M   7 3      18 260
11  89  75  82  -1   0  17 0.00  0.0    0  4.6 15 240   M    M   7 3      17 250
12  90  77  84   1   0  19 0.00  0.0    0  5.8 17 320   M    M   8        22 110
13  90  76  83   0   0  18 0.17  0.0    0  4.6 13 350   M    M   6 138    18  90
14  91  77  84   1   0  19 0.00  0.0    0  4.6 14 290   M    M   7 3      20 280
15  89  74  82  -1   0  17 2.30  0.0    0  6.9 22 230   M    M   7 13     27 240
16  85  73  79  -4   0  14 1.18  0.0    0  8.1 26 280   M    M   7 138    37 270
17  90  74  82  -1   0  17 1.94  0.0    0  7.5 17 210   M    M   6 13     25 270
18  91  76  84   1   0  19 0.00  0.0    0  4.3 13 250   M    M   4        20 300
19  91  78  85   2   0  20 0.00  0.0    0  5.3 13 290   M    M   6        23 290
20  92  80  86   3   0  21    T  0.0    0  5.3 15 350   M    M   7 3      20 270
21  91  75  83   0   0  18 0.26  0.0    0  4.8 14 300   M    M   6 138    17 330
22  89  74  82  -1   0  17 0.00  0.0    0  4.4 13 250   M    M   5        19 270
23  91  77  84   1   0  19 0.00  0.0    0  5.0 13 270   M    M   5        17 270
24  88  78  83   0   0  18 0.19  0.0    0  4.1 20 230   M    M   6 138    23 230
25  90  80  85   2   0  20    T  0.0    0  4.9 14 260   M    M   7 3      17 250
26  90  79  85   2   0  20 0.00  0.0    0  6.1 13 290   M    M   6 3      18 310
27  91  81  86   3   0  21 0.00  0.0    0  7.0 15 250   M    M   6        23 280
28  91  81  86   3   0  21 0.05  0.0    0 11.6 20 270   M    M   6 8      23 270
29  89  81  85   2   0  20 0.01  0.0    0 10.1 21 270   M    M   7 3      27 260
30  92  79  86   3   0  21 0.00  0.0    0  5.1 13 330   M    M   4 3      18 290
================================================================================
SM 2686 2294         0 546 12.68     0.0 172.5          M      188
================================================================================
AV 89.5 76.5                               5.8 FASTST   M    M   6    MAX(MPH)
                                 MISC ---->  # 29 260               # 39  290
================================================================================
NOTES:
# LAST OF SEVERAL OCCURRENCES

COLUMN 17 PEAK WIND IN M.P.H.

PRELIMINARY LOCAL CLIMATOLOGICAL DATA (WS FORM: F-6) , PAGE 2

                                          STATION:  Tampa
                                          MONTH:    JULY
                                          YEAR:     2014
                                          LATITUDE:   27 58 N
                                          LONGITUDE:  82 32 W

[TEMPERATURE DATA]      [PRECIPITATION DATA]       SYMBOLS USED IN COLUMN 16

AVERAGE MONTHLY: 83.0   TOTAL FOR MONTH:  12.68    1 = FOG OR MIST
DPTR FM NORMAL:   0.0   DPTR FM NORMAL:    5.83    2 = FOG REDUCING VISIBILITY
HIGHEST:    94 ON  1    GRTST 24HR  4.49 ON  8- 8      TO 1/4 MILE OR LESS
LOWEST:     72 ON  8                               3 = THUNDER
                        SNOW, ICE PELLETS, HAIL    4 = ICE PELLETS
                        TOTAL MONTH:   0.0 INCH    5 = HAIL
                        GRTST 24HR     0.0         6 = FREEZING RAIN OR DRIZZLE
                        GRTST DEPTH:   0           7 = DUSTSTORM OR SANDSTORM:
                                                       VSBY 1/2 MILE OR LESS
                                                   8 = SMOKE OR HAZE
[NO. OF DAYS WITH]      [WEATHER - DAYS WITH]      9 = BLOWING SNOW
                                                   X = TORNADO
MAX 32 OR BELOW:   0    0.01 INCH OR MORE:  14
MAX 90 OR ABOVE:  16    0.10 INCH OR MORE:  11
MIN 32 OR BELOW:   0    0.50 INCH OR MORE:   6
MIN  0 OR BELOW:   0    1.00 INCH OR MORE:   4

[HDD (BASE 65) ]
TOTAL THIS MO.     0    CLEAR  (SCALE 0-3)   0
DPTR FM NORMAL     0    PTCLDY (SCALE 4-7)  29
TOTAL FM JUL 1     0    CLOUDY (SCALE 8-10)  1
DPTR FM NORMAL     0

[CDD (BASE 65) ]
TOTAL THIS MO.   546
DPTR FM NORMAL     6    [PRESSURE DATA]
TOTAL FM JAN 1  1895    HIGHEST SLP M ON M
DPTR FM NORMAL   -38    LOWEST  SLP 29.85 ON  1

[REMARKS]




U.S. Dept. of Commerce
NOAA National Weather Service
1325 East West Highway
Silver Spring, MD 20910
E-mail: w-nws.webmaster@noaa.gov
Page last modified: May 16, 2007
NATIONAL WEATHER SERVICE: for Safety, for Work, for Fun - FOR LIFE