859
CXUS55 KCYS 281000
CF6TOR
PRELIMINARY LOCAL CLIMATOLOGICAL DATA (WS FORM: F-6)

                                          STATION:   TORRINGTON WY AIRPORT
                                          MONTH:     JULY
                                          YEAR:      2014
                                          LATITUDE:   42  3 N
                                          LONGITUDE: 104  9 W

  TEMPERATURE IN F:       :PCPN:    SNOW:  WIND      :SUNSHINE: SKY     :PK WND
================================================================================
1   2   3   4   5  6A  6B    7    8   9   10  11  12  13   14  15   16   17  18
                                     12Z  AVG MX 2MIN
DY MAX MIN AVG DEP HDD CDD  WTR  SNW DPTH SPD SPD DIR MIN PSBL S-S WX    SPD DR
================================================================================

 1  76  49  63  -9   2   0 0.00    M    M 12.3 24  10   M    M   2        31  20
 2  82  43  63  -9   2   0 0.00    M    M  6.6 17 110   M    M   0        22 150
 3  89  54  72   0   0   7    T    M    M 11.3 20 150   M    M   0        24 130
 4  96  61  79   7   0  14 0.06    M    M  6.5 31 240   M    M   0 13     45 290
 5 100  53  77   4   0  12 0.00    M    M  5.2 17 270   M    M   0 1      23 290
 6  91  57  74   1   0   9 0.00    M    M  9.3 17 140   M    M   0        22  80
 7  91  58  75   2   0  10 0.00    M    M  9.9 30  40   M    M   1        38  50
 8  84  54  69  -4   0   4 0.00    M    M  4.6 14 170   M    M   2        25 130
 9  94  57  76   2   0  11 0.03    M    M  8.3 21 150   M    M   1 13     24  70
10  98  54  76   2   0  11 0.15    M    M  8.0 33 190   M    M   3 13     44 190
11  92  62  77   3   0  12 0.22    M    M  7.7 25  50   M    M   4 13     32 340
12  86  62  74   0   0   9 0.17    M    M  6.0 18  80   M    M   6 13     25  80
13  86  60  73  -1   0   8 0.00    M    M  4.8 22  50   M    M   1 13     25  50
14  81  54  68  -6   0   3 0.00    M    M  7.7 18  60   M    M   1        23  70
15  79  51  65  -9   0   0 0.15    M    M 13.3 22 120   M    M   2 13     29 110
16  67  56  62 -12   3   0 0.39    M    M  7.5 14 110   M    M   9 13     17 110
17  79  55  67  -7   0   2 0.00    M    M  7.7 18 110   M    M   4 1      23 110
18  92  54  73  -2   0   8 0.00    M    M  7.3 15 360   M    M   0        20 340
19  91  60  76   1   0  11 0.00    M    M 12.6 21  60   M    M   0        25 130
20  99  57  78   3   0  13 0.00    M    M  7.1 23 210   M    M   0 1      30 220
21 100  62  81   6   0  16 0.00    M    M  7.8 30 180   M    M   0        37 190
22  93  63  78   3   0  13 0.00    M    M 10.2 25 120   M    M   0        34 110
23  92  66  79   4   0  14 0.00    M    M 13.6 24 160   M    M   4        31 160
24 103  61  82   7   0  17 0.00    M    M  9.9 32 260   M    M   0        41 260
25  88  61  75   0   0  10 0.02    M    M  9.8 21 130   M    M   0 3      35 140
26  93  62  78   3   0  13 0.00    M    M  9.7 17  60   M    M   1        25 320
27  86  59  73  -2   0   8 0.00    M    M  6.7 16  80   M    M   3        20  80
================================================================================
SM 2408 1545         7 235  1.19    M    231.4          M       44
================================================================================
AV 89.2 57.2                               8.6 FASTST   M    M   2    MAX(MPH)
                                 MISC ---->  # 33 190               # 45  290
================================================================================
NOTES:
# LAST OF SEVERAL OCCURRENCES

COLUMN 17 PEAK WIND IN M.P.H.

PRELIMINARY LOCAL CLIMATOLOGICAL DATA (WS FORM: F-6) , PAGE 2

                                          STATION:  TORRINGTON WY AIRPORT
                                          MONTH:    JULY
                                          YEAR:     2014
                                          LATITUDE:   42  3 N
                                          LONGITUDE: 104  9 W

[TEMPERATURE DATA]      [PRECIPITATION DATA]       SYMBOLS USED IN COLUMN 16

AVERAGE MONTHLY: 73.2   TOTAL FOR MONTH:   1.19    1 = FOG OR MIST
DPTR FM NORMAL:  -0.7   DPTR FM NORMAL:   -0.37    2 = FOG REDUCING VISIBILITY
HIGHEST:   103 ON 24    GRTST 24HR  0.54 ON 15-16      TO 1/4 MILE OR LESS
LOWEST:     43 ON  2                               3 = THUNDER
                        SNOW, ICE PELLETS, HAIL    4 = ICE PELLETS
                        TOTAL MONTH:    M          5 = HAIL
                        GRTST 24HR    M  ON   M    6 = FREEZING RAIN OR DRIZZLE
                        GRTST DEPTH:  M  ON   M    7 = DUSTSTORM OR SANDSTORM:
                                                       VSBY 1/2 MILE OR LESS
                                                   8 = SMOKE OR HAZE
[NO. OF DAYS WITH]      [WEATHER - DAYS WITH]      9 = BLOWING SNOW
                                                   X = TORNADO
MAX 32 OR BELOW:   0    0.01 INCH OR MORE:   8
MAX 90 OR ABOVE:  15    0.10 INCH OR MORE:   5
MIN 32 OR BELOW:   0    0.50 INCH OR MORE:   0
MIN  0 OR BELOW:   0    1.00 INCH OR MORE:   0

[HDD (BASE 65) ]
TOTAL THIS MO.     7    CLEAR  (SCALE 0-3)  22
DPTR FM NORMAL     7    PTCLDY (SCALE 4-7)   4
TOTAL FM JUL 1     7    CLOUDY (SCALE 8-10)  1
DPTR FM NORMAL     7

[CDD (BASE 65) ]
TOTAL THIS MO.   235
DPTR FM NORMAL    -8    [PRESSURE DATA]
TOTAL FM JAN 1   313    HIGHEST SLP M ON M
DPTR FM NORMAL   -64    LOWEST  SLP 29.74 ON M

[REMARKS]




U.S. Dept. of Commerce
NOAA National Weather Service
1325 East West Highway
Silver Spring, MD 20910
E-mail: w-nws.webmaster@noaa.gov
Page last modified: May 16, 2007
NATIONAL WEATHER SERVICE: for Safety, for Work, for Fun - FOR LIFE