037
CXUS55 KCYS 080403
CF6TOR
PRELIMINARY LOCAL CLIMATOLOGICAL DATA (WS FORM: F-6)     ...CORRECTED...

                                          STATION:   TORRINGTON WY AIRPORT
                                          MONTH:     NOVEMBER
                                          YEAR:      2014
                                          LATITUDE:   42  3 N
                                          LONGITUDE: 104  9 W

  TEMPERATURE IN F:       :PCPN:    SNOW:  WIND      :SUNSHINE: SKY     :PK WND
================================================================================
1   2   3   4   5  6A  6B    7    8   9   10  11  12  13   14  15   16   17  18
                                     12Z  AVG MX 2MIN
DY MAX MIN AVG DEP HDD CDD  WTR  SNW DPTH SPD SPD DIR MIN PSBL S-S WX    SPD DR
================================================================================

 1  60  28  44   2  21   0 0.00    M    M  9.8 17 100   M    M   0        24 110
 2  63  32  48   6  17   0 0.01    M    M  4.2 14 290   M    M   2        20 290
 3  48  30  39  -3  26   0 0.65    M    M  7.9 21  20   M    M   6 1      24  20
 4  57  26  42   1  23   0 0.00    M    M  9.4 22 280   M    M   0        29 280
 5  61  33  47   6  18   0 0.00    M    M 10.4 23 290   M    M   0        35 280
 6  64  25  45   5  20   0 0.00    M    M  5.0 14 130   M    M   0        18 120
 7  66  35  51  11  14   0 0.00    M    M 14.0 35 360   M    M   2        43 360
 8  68  28  48   9  17   0 0.00    M    M  7.6 20 290   M    M   0        27 270
 9  65  42  54  15  11   0 0.00    M    M 10.8 23 270   M    M   0        29 280
10  62  10  36  -2  29   0 0.06    M    M 14.3 31 340   M    M   8 12     43 330
11  14   1   8 -30  57   0 0.01    M    M 10.3 21 360   M    M   9 8      27 340
12  10  -7   2 -36  63   0 0.00    M    M  9.0 22 330   M    M   2        27 330
13  20 -14   3 -34  62   0    T    M    M  8.4 16 150   M    M   M 1      21 160
14  29  12  21 -15  44   0    T    M    M 10.1 21  20   M    M   9 1      24  20
15  16  -1   8 -28  57   0 0.01    M    M 13.6 25 310   M    M   4 18     31 320
16  31  -5  13 -23  52   0 0.00    M    M 13.9 38 320   M    M   1        47 310
17  32   1  17 -18  48   0 0.00    M    M 11.1 35 320   M    M   0        44 320
18  45   7  26  -9  39   0 0.00    M    M 10.3 25 270   M    M   1        34 270
19  46  17  32  -2  33   0 0.00    M    M  5.0 13  50   M    M   0        16 300
20  53  10  32  -2  33   0 0.00    M    M  3.4  9 120   M    M   0        10 130
21  57  23  40   7  25   0 0.00    M    M  5.5 23 260   M    M   1        27 270
22  60  20  40   7  25   0    T    M    M 13.8 35 250   M    M   2        44 260
23  43  22  33   1  32   0 0.00    M    M 12.5 33 330   M    M   3        41 330
24  38  18  28  -4  37   0    T    M    M 12.7 35 330   M    M   5        45 320
25  47  17  32   0  33   0 0.06    M    M 15.0 38 290   M    M   4 1      49 290
26  29  20  25  -6  40   0    T    M    M  4.7 21 320   M    M   9 16     26 320
27  60  15  38   7  27   0 0.00    M    M 10.3 30 270   M    M   2 12     39 280
28  68  41  55  25  10   0 0.00    M    M 12.1 32 270   M    M   0        46 260
29  65  14  40  10  25   0 0.00    M    M 13.8 36 260   M    M   1        48 260
30  19   9  14 -16  51   0 0.02    M    M  9.0 22 360   M    M   9        26 360
================================================================================
SM 1396  509       989   0  0.82    M    297.9          M       80
================================================================================
AV 46.5 17.0                               9.9 FASTST   M    M   3    MAX(MPH)
                                 MISC ---->  # 38 290                 49  290
================================================================================
NOTES:
# LAST OF SEVERAL OCCURRENCES

COLUMN 17 PEAK WIND IN M.P.H.

PRELIMINARY LOCAL CLIMATOLOGICAL DATA (WS FORM: F-6) , PAGE 2

                                          STATION:  TORRINGTON WY AIRPORT
                                          MONTH:    NOVEMBER
                                          YEAR:     2014
                                          LATITUDE:   42  3 N
                                          LONGITUDE: 104  9 W

[TEMPERATURE DATA]      [PRECIPITATION DATA]       SYMBOLS USED IN COLUMN 16

AVERAGE MONTHLY: 31.8   TOTAL FOR MONTH:   0.82    1 = FOG OR MIST
DPTR FM NORMAL:  -4.2   DPTR FM NORMAL:    0.38    2 = FOG REDUCING VISIBILITY
HIGHEST:    68 ON 28, 8 GRTST 24HR  0.66 ON  2- 3      TO 1/4 MILE OR LESS
LOWEST:    -14 ON 13                               3 = THUNDER
                        SNOW, ICE PELLETS, HAIL    4 = ICE PELLETS
                        TOTAL MONTH:    M          5 = HAIL
                        GRTST 24HR    M  ON   M    6 = FREEZING RAIN OR DRIZZLE
                        GRTST DEPTH:  M  ON   M    7 = DUSTSTORM OR SANDSTORM:
                                                       VSBY 1/2 MILE OR LESS
                                                   8 = SMOKE OR HAZE
[NO. OF DAYS WITH]      [WEATHER - DAYS WITH]      9 = BLOWING SNOW
                                                   X = TORNADO
MAX 32 OR BELOW:   9    0.01 INCH OR MORE:   7
MAX 90 OR ABOVE:   0    0.10 INCH OR MORE:   1
MIN 32 OR BELOW:  26    0.50 INCH OR MORE:   1
MIN  0 OR BELOW:   4    1.00 INCH OR MORE:   0

[HDD (BASE 65) ]
TOTAL THIS MO.   989    CLEAR  (SCALE 0-3)  20
DPTR FM NORMAL   116    PTCLDY (SCALE 4-7)   4
TOTAL FM JUL 1  1532    CLOUDY (SCALE 8-10)  5
DPTR FM NORMAL   -51

[CDD (BASE 65) ]
TOTAL THIS MO.     0
DPTR FM NORMAL     0    [PRESSURE DATA]
TOTAL FM JAN 1   587    HIGHEST SLP 30.83 ON 12
DPTR FM NORMAL   -91    LOWEST  SLP 29.28 ON 10

[REMARKS]

PRECIPITATION AMOUNTS FOR THE 10TH, 11TH, 15TH AND 30TH DETERMINED USING ASOS 5
MINUTE OBSERVATIONS AND NEARBY CoCoRaHS SITES.
#FINAL-11-14#




U.S. Dept. of Commerce
NOAA National Weather Service
1325 East West Highway
Silver Spring, MD 20910
E-mail: w-nws.webmaster@noaa.gov
Page last modified: May 16, 2007
NATIONAL WEATHER SERVICE: for Safety, for Work, for Fun - FOR LIFE