981
CXUS55 KCYS 011539
CF6TOR
PRELIMINARY LOCAL CLIMATOLOGICAL DATA (WS FORM: F-6)

                                          STATION:   TORRINGTON WY AIRPORT
                                          MONTH:     SEPTEMBER
                                          YEAR:      2014
                                          LATITUDE:   42  3 N
                                          LONGITUDE: 104  9 W

  TEMPERATURE IN F:       :PCPN:    SNOW:  WIND      :SUNSHINE: SKY     :PK WND
================================================================================
1   2   3   4   5  6A  6B    7    8   9   10  11  12  13   14  15   16   17  18
                                     12Z  AVG MX 2MIN
DY MAX MIN AVG DEP HDD CDD  WTR  SNW DPTH SPD SPD DIR MIN PSBL S-S WX    SPD DR
================================================================================

 1  79  44  62  -5   3   0 0.00    M    M  7.7 25  30   M    M   1 1      31  10
 2  88  42  65  -2   0   0 0.00    M    M  7.6 24 250   M    M   0        29 250
 3  96  49  73   7   0   8 0.00    M    M  7.2 26  10   M    M   0        33 360
 4  72  50  61  -5   4   0 0.00    M    M 11.2 23 330   M    M   1        30 340
 5  61  51  56  -9   9   0 0.02    M    M  9.2 16 130   M    M   8        21 120
 6  78  50  64  -1   1   0 0.00    M    M  5.6 15 120   M    M   4 8      19 130
 7  88  49  69   4   0   4    T    M    M  6.1 29 360   M    M   1        39  10
 8  87  49  68   4   0   3 0.00    M    M  6.1 18 310   M    M   1        25 360
 9  72  52  62  -2   3   0 0.12    M    M  6.6 20  30   M    M   6 1      26 330
10  65  41  53 -10  12   0 0.14    M    M 10.0 25  40   M    M   7 13     32  50
11  42  33  38 -25  27   0 0.19    M    M 11.2 21  60   M    M  10 1      24  80
12  56  34  45 -17  20   0 0.00    M    M  8.0 16 160   M    M   5        22 140
13  70  32  51 -11  14   0 0.00    M    M  9.1 22  10   M    M   0        29 360
14  69  39  54  -8  11   0 0.00    M    M  8.5 21  30   M    M   3 12     26  40
15  74  36  55  -6  10   0 0.00    M    M  9.6 22 140   M    M   0        34  60
16  86  46  66   5   0   1 0.00    M    M  6.1 16  70   M    M   0 1      18  70
17  86  50  68   8   0   3 0.00    M    M  5.0 20 300   M    M   1        29 310
18  91  45  68   8   0   3 0.00    M    M  6.8 15 130   M    M   1 12     19 130
19  89  54  72  13   0   7 0.00    M    M  6.6 16 310   M    M   0        20 320
20  83  50  67   8   0   2 0.00    M    M  8.4 20  20   M    M   1        23  20
21  75  47  61   3   4   0 0.00    M    M  9.0 20 120   M    M   3        25 110
22  75  52  64   6   1   0 0.16    M    M  8.8 21 230   M    M   2 13     28 230
23  84  48  66   9   0   1 0.00    M    M  6.0 18 300   M    M   0        25 300
24  85  48  67  10   0   2 0.00    M    M  5.3 12 120   M    M   0        33  90
25  92  51  72  16   0   7 0.00    M    M  9.6 18 170   M    M   0        32  90
26  92  52  72  16   0   7 0.00    M    M  7.7 13 110   M    M   0        18 110
27  84  49  67  11   0   2 0.00    M    M  6.3 14  80   M    M   0        17  90
28  70  49  60   5   5   0 0.39    M    M 11.8 26  40   M    M   6 13     34  30
29  64  50  57   2   8   0 1.31    M    M 12.0 24 290   M    M  10 13     36 300
30  68  49  59   5   6   0 0.26    M    M 13.2 35 270   M    M   6 1      46 270
================================================================================
SM 2321 1391       138  50  2.59    M    246.3          M       77
================================================================================
AV 77.4 46.4                               8.2 FASTST   M    M   3    MAX(MPH)
                                 MISC ---->  # 35 270               # 46  270
================================================================================
NOTES:
# LAST OF SEVERAL OCCURRENCES

COLUMN 17 PEAK WIND IN M.P.H.

PRELIMINARY LOCAL CLIMATOLOGICAL DATA (WS FORM: F-6) , PAGE 2

                                          STATION:  TORRINGTON WY AIRPORT
                                          MONTH:    SEPTEMBER
                                          YEAR:     2014
                                          LATITUDE:   42  3 N
                                          LONGITUDE: 104  9 W

[TEMPERATURE DATA]      [PRECIPITATION DATA]       SYMBOLS USED IN COLUMN 16

AVERAGE MONTHLY: 61.9   TOTAL FOR MONTH:   2.59    1 = FOG OR MIST
DPTR FM NORMAL:   1.2   DPTR FM NORMAL:    1.22    2 = FOG REDUCING VISIBILITY
HIGHEST:    96 ON  3    GRTST 24HR  1.53 ON 29-30      TO 1/4 MILE OR LESS
LOWEST:     32 ON 13                               3 = THUNDER
                        SNOW, ICE PELLETS, HAIL    4 = ICE PELLETS
                        TOTAL MONTH:    M          5 = HAIL
                        GRTST 24HR    M  ON   M    6 = FREEZING RAIN OR DRIZZLE
                        GRTST DEPTH:  M  ON   M    7 = DUSTSTORM OR SANDSTORM:
                                                       VSBY 1/2 MILE OR LESS
                                                   8 = SMOKE OR HAZE
[NO. OF DAYS WITH]      [WEATHER - DAYS WITH]      9 = BLOWING SNOW
                                                   X = TORNADO
MAX 32 OR BELOW:   0    0.01 INCH OR MORE:   8
MAX 90 OR ABOVE:   4    0.10 INCH OR MORE:   7
MIN 32 OR BELOW:   1    0.50 INCH OR MORE:   1
MIN  0 OR BELOW:   0    1.00 INCH OR MORE:   1

[HDD (BASE 65) ]
TOTAL THIS MO.   138    CLEAR  (SCALE 0-3)  20
DPTR FM NORMAL   -34    PTCLDY (SCALE 4-7)   8
TOTAL FM JUL 1   153    CLOUDY (SCALE 8-10)  2
DPTR FM NORMAL   -41

[CDD (BASE 65) ]
TOTAL THIS MO.    50
DPTR FM NORMAL     5    [PRESSURE DATA]
TOTAL FM JAN 1   587    HIGHEST SLP 30.58 ON 12
DPTR FM NORMAL   -91    LOWEST  SLP 29.52 ON  3

[REMARKS]
#FINAL-09-14#




U.S. Dept. of Commerce
NOAA National Weather Service
1325 East West Highway
Silver Spring, MD 20910
E-mail: w-nws.webmaster@noaa.gov
Page last modified: May 16, 2007
NATIONAL WEATHER SERVICE: for Safety, for Work, for Fun - FOR LIFE