733
CXUS53 KTOP 010820
CF6TOP
PRELIMINARY LOCAL CLIMATOLOGICAL DATA (WS FORM: F-6)

                                          STATION:   Topeka KS
                                          MONTH:     SEPTEMBER
                                          YEAR:      2014
                                          LATITUDE:   39  4 N
                                          LONGITUDE:  95 38 W

  TEMPERATURE IN F:       :PCPN:    SNOW:  WIND      :SUNSHINE: SKY     :PK WND
================================================================================
1   2   3   4   5  6A  6B    7    8   9   10  11  12  13   14  15   16   17  18
                                     12Z  AVG MX 2MIN
DY MAX MIN AVG DEP HDD CDD  WTR  SNW DPTH SPD SPD DIR MIN PSBL S-S WX    SPD DR
================================================================================

 1  81  67  74   0   0   9 0.88  0.0    0  6.9 28 150   M    M   8 13     36 140
 2  86  67  77   3   0  12 0.00  0.0    0  3.9 13 160   M    M   2 12     15 140
 3  90  69  80   6   0  15 2.71  0.0    0 13.4 26 170   M    M   3 13     33 160
 4  95  78  87  14   0  22 0.00  0.0    0 13.2 24 190   M    M   0        37 210
 5  83  63  73   0   0   8 0.13  0.0    0  9.1 18 330   M    M   6 1      22 350
 6  76  56  66  -6   0   1 0.00  0.0    0  5.5 13  20   M    M   0 8      18  20
 7  79  52  66  -6   0   1 0.00  0.0    0  3.2 10 100   M    M   1 12     13 130
 8  87  57  72   0   0   7 0.00  0.0    0  8.2 18 180   M    M   1        24 210
 9  94  76  85  14   0  20    T  0.0    0 13.7 29 180   M    M   2 3      39 180
10  81  61  71   0   0   6 0.24  0.0    0  9.5 18 310   M    M   9 1      24  20
11  63  53  58 -12   7   0 0.01  0.0    0   M   M   M   M    M  10 1       M  M
12  56  43  50 -20  15   0    T  0.0    0  9.6 20  10   M    M   8 1      26 350
13  65  38  52 -18  13   0 0.00  0.0    0  4.2 14 150   M    M   4 12     21 120
14  75  50  63  -6   2   0 0.00  0.0    0  6.3 18 150   M    M   5        22 130
15  72  52  62  -7   3   0    T  0.0    0  7.5 21 340   M    M   5 1      26 340
16  74  44  59  -9   6   0 0.00  0.0    0  3.9 12 140   M    M   1 1      14 150
17  77  62  70   2   0   5 0.10  0.0    0  4.6 10  90   M    M   7 128    14  80
18  73  61  67   0   0   2 0.00  0.0    0  7.4 14  70   M    M   8 128    20  60
19  82  62  72   5   0   7 0.00  0.0    0  8.7 16 160   M    M   4 1      21 170
20  90  64  77  11   0  12 0.03  0.0    0  5.5 17 360   M    M   0 12     24 360
21  79  55  67   1   0   2 0.00  0.0    0  7.7 20 350   M    M   0 1      27 320
22  77  46  62  -4   3   0 0.00  0.0    0  2.3  9 100   M    M   0 1      12 230
23  77  54  66   1   0   1 0.04  0.0    0  7.4 20 160   M    M   3 3      25 160
24  76  60  68   3   0   3    T  0.0    0  7.7 16 160   M    M   7        20 150
25  87  60  74  10   0   9 0.00  0.0    0  4.0 14 160   M    M   3        17 160
26  85  59  72   8   0   7 0.00  0.0    0  4.7 17 160   M    M   2        24 160
27  83  55  69   6   0   4 0.00  0.0    0  3.8 15 160   M    M   0 1      20 120
28  85  53  69   6   0   4 0.00  0.0    0  2.1 12 160   M    M   1 12     14 150
29  89  54  72   9   0   7 0.00  0.0    0  2.2 12 160   M    M   1 12     15 170
30  87  60  74  12   0   9 0.00  0.0    0  9.3 22 160   M    M   2 1      29 140
================================================================================
SM 2404 1731        49 173  4.14     0.0 195.5          M      103
================================================================================
AV 80.1 57.7                               6.7 FASTST   M    M   3    MAX(MPH)
                                 MISC ---->  # 29 180               # 39  180
================================================================================
NOTES:
# LAST OF SEVERAL OCCURRENCES

COLUMN 17 PEAK WIND IN M.P.H.

PRELIMINARY LOCAL CLIMATOLOGICAL DATA (WS FORM: F-6) , PAGE 2

                                          STATION:  Topeka KS
                                          MONTH:    SEPTEMBER
                                          YEAR:     2014
                                          LATITUDE:   39  4 N
                                          LONGITUDE:  95 38 W

[TEMPERATURE DATA]      [PRECIPITATION DATA]       SYMBOLS USED IN COLUMN 16

AVERAGE MONTHLY: 68.9   TOTAL FOR MONTH:   4.14    1 = FOG OR MIST
DPTR FM NORMAL:   0.6   DPTR FM NORMAL:    0.48    2 = FOG REDUCING VISIBILITY
HIGHEST:    95 ON  4    GRTST 24HR  2.71 ON  3- 3      TO 1/4 MILE OR LESS
LOWEST:     38 ON 13                               3 = THUNDER
                        SNOW, ICE PELLETS, HAIL    4 = ICE PELLETS
                        TOTAL MONTH:   0.0 INCH    5 = HAIL
                        GRTST 24HR     0.0         6 = FREEZING RAIN OR DRIZZLE
                        GRTST DEPTH:   0           7 = DUSTSTORM OR SANDSTORM:
                                                       VSBY 1/2 MILE OR LESS
                                                   8 = SMOKE OR HAZE
[NO. OF DAYS WITH]      [WEATHER - DAYS WITH]      9 = BLOWING SNOW
                                                   X = TORNADO
MAX 32 OR BELOW:   0    0.01 INCH OR MORE:   8
MAX 90 OR ABOVE:   4    0.10 INCH OR MORE:   5
MIN 32 OR BELOW:   0    0.50 INCH OR MORE:   2
MIN  0 OR BELOW:   0    1.00 INCH OR MORE:   1

[HDD (BASE 65) ]
TOTAL THIS MO.    49    CLEAR  (SCALE 0-3)  18
DPTR FM NORMAL   -16    PTCLDY (SCALE 4-7)   9
TOTAL FM JUL 1    49    CLOUDY (SCALE 8-10)  3
DPTR FM NORMAL   -18

[CDD (BASE 65) ]
TOTAL THIS MO.   173
DPTR FM NORMAL     8    [PRESSURE DATA]
TOTAL FM JAN 1  1583    HIGHEST SLP 30.44 ON 13
DPTR FM NORMAL   190    LOWEST  SLP 29.69 ON 30

[REMARKS]
#FINAL-09-14#




U.S. Dept. of Commerce
NOAA National Weather Service
1325 East West Highway
Silver Spring, MD 20910
E-mail: w-nws.webmaster@noaa.gov
Page last modified: May 16, 2007
NATIONAL WEATHER SERVICE: for Safety, for Work, for Fun - FOR LIFE