308
CXUS53 KTOP 290820
CF6TOP
PRELIMINARY LOCAL CLIMATOLOGICAL DATA (WS FORM: F-6)

                                          STATION:   Topeka KS
                                          MONTH:     AUGUST
                                          YEAR:      2014
                                          LATITUDE:   39  4 N
                                          LONGITUDE:  95 38 W

  TEMPERATURE IN F:       :PCPN:    SNOW:  WIND      :SUNSHINE: SKY     :PK WND
================================================================================
1   2   3   4   5  6A  6B    7    8   9   10  11  12  13   14  15   16   17  18
                                     12Z  AVG MX 2MIN
DY MAX MIN AVG DEP HDD CDD  WTR  SNW DPTH SPD SPD DIR MIN PSBL S-S WX    SPD DR
================================================================================

 1  91  64  78  -1   0  13 0.06  0.0    0  5.9 14 100   M    M   4 1      21 150
 2  92  66  79   0   0  14 0.00  0.0    0  4.5  9 100   M    M   2        17 120
 3  92  67  80   1   0  15 0.00  0.0    0  8.4 24  10   M    M   2 3      30  20
 4  99  73  86   7   0  21 0.00  0.0    0  6.7 17 240   M    M   2        23 210
 5  98  69  84   5   0  19 0.00  0.0    0  4.3 13 170   M    M   0        19 210
 6  97  70  84   5   0  19 1.68    T    0  8.5 33 150   M    M   2 1358   44 140
 7  86  70  78  -1   0  13 0.00  0.0    0  3.7 10  70   M    M   7 1      13  80
 8  86  68  77  -2   0  12    T  0.0    0  5.7 13  50   M    M   4 1      16  50
 9  87  69  78   0   0  13 0.01  0.0    0  5.7 21 320   M    M   3 18     27 320
10  85  68  77  -1   0  12 0.48  0.0    0  5.1 21 350   M    M   4 13     25 360
11  85  64  75  -3   0  10 0.00  0.0    0  8.2 21 340   M    M   1 1      27 340
12  81  58  70  -8   0   5 0.00  0.0    0  6.6 18 350   M    M   0        24 340
13  85  55  70  -8   0   5 0.00  0.0    0  2.1  9  60   M    M   0 1      12  80
14  89  59  74  -4   0   9 0.00  0.0    0  5.8 13 110   M    M   0        17 120
15  86  69  78   0   0  13 0.07  0.0    0  7.8 17 170   M    M   4 1      24 180
16  85  67  76  -2   0  11    T  0.0    0  5.7 15 350   M    M   5 1      21 180
17  87  64  76  -2   0  11 0.00  0.0    0  4.7 14 260   M    M   1 12     18 270
18  94  65  80   2   0  15 0.00  0.0    0  3.4 14 250   M    M   0        19 240
19  96  72  84   7   0  19 1.02  0.0    0  5.8 25 230   M    M   1 138    37 270
20  96  73  85   8   0  20 0.00  0.0    0 10.2 20 180   M    M   1        28 210
21  99  79  89  12   0  24 0.00  0.0    0 13.2 20 180   M    M   1        26 180
22  94  79  87  10   0  22    T  0.0    0  5.0 16 210   M    M   1        22 180
23 100  76  88  11   0  23 0.00  0.0    0  9.1 21 180   M    M   0        29 210
24 100  80  90  14   0  25 0.00  0.0    0 10.9 21 160   M    M   0        25 200
25  97  73  85   9   0  20 0.80    T    0  5.9 22 150   M    M   1 135    30 160
26  93  71  82   6   0  17    T  0.0    0  7.6 18 280   M    M   0 3      24 290
27  89  76  83   7   0  18 0.00  0.0    0  6.9 14  60   M    M   2        22  50
28  95  77  86  11   0  21    T  0.0    0  7.8 21 160   M    M   1        25 180
================================================================================
SM 2564 1941         0 439  4.12    T    185.2          M       49
================================================================================
AV 91.6 69.3                               6.6 FASTST   M    M   2    MAX(MPH)
                                 MISC ---->  # 33 150               # 44  140
================================================================================
NOTES:
# LAST OF SEVERAL OCCURRENCES

COLUMN 17 PEAK WIND IN M.P.H.

PRELIMINARY LOCAL CLIMATOLOGICAL DATA (WS FORM: F-6) , PAGE 2

                                          STATION:  Topeka KS
                                          MONTH:    AUGUST
                                          YEAR:     2014
                                          LATITUDE:   39  4 N
                                          LONGITUDE:  95 38 W

[TEMPERATURE DATA]      [PRECIPITATION DATA]       SYMBOLS USED IN COLUMN 16

AVERAGE MONTHLY: 80.4   TOTAL FOR MONTH:   4.12    1 = FOG OR MIST
DPTR FM NORMAL:   2.7   DPTR FM NORMAL:    0.28    2 = FOG REDUCING VISIBILITY
HIGHEST:   100 ON 24,23 GRTST 24HR  1.68 ON  6- 6      TO 1/4 MILE OR LESS
LOWEST:     55 ON 13                               3 = THUNDER
                        SNOW, ICE PELLETS, HAIL    4 = ICE PELLETS
                        TOTAL MONTH:    T          5 = HAIL
                        GRTST 24HR    T  ON 25-25  6 = FREEZING RAIN OR DRIZZLE
                        GRTST DEPTH:   0           7 = DUSTSTORM OR SANDSTORM:
                                                       VSBY 1/2 MILE OR LESS
                                                   8 = SMOKE OR HAZE
[NO. OF DAYS WITH]      [WEATHER - DAYS WITH]      9 = BLOWING SNOW
                                                   X = TORNADO
MAX 32 OR BELOW:   0    0.01 INCH OR MORE:   7
MAX 90 OR ABOVE:  16    0.10 INCH OR MORE:   4
MIN 32 OR BELOW:   0    0.50 INCH OR MORE:   3
MIN  0 OR BELOW:   0    1.00 INCH OR MORE:   2

[HDD (BASE 65) ]
TOTAL THIS MO.     0    CLEAR  (SCALE 0-3)  22
DPTR FM NORMAL     0    PTCLDY (SCALE 4-7)   6
TOTAL FM JUL 1     0    CLOUDY (SCALE 8-10)  0
DPTR FM NORMAL     0

[CDD (BASE 65) ]
TOTAL THIS MO.   439
DPTR FM NORMAL    83    [PRESSURE DATA]
TOTAL FM JAN 1  1362    HIGHEST SLP M ON M
DPTR FM NORMAL   164    LOWEST  SLP 29.64 ON 19

[REMARKS]




U.S. Dept. of Commerce
NOAA National Weather Service
1325 East West Highway
Silver Spring, MD 20910
E-mail: w-nws.webmaster@noaa.gov
Page last modified: May 16, 2007
NATIONAL WEATHER SERVICE: for Safety, for Work, for Fun - FOR LIFE