050
CXUS53 KTOP 160820
CF6TOP
PRELIMINARY LOCAL CLIMATOLOGICAL DATA (WS FORM: F-6)

                                          STATION:   Topeka KS
                                          MONTH:     APRIL
                                          YEAR:      2014
                                          LATITUDE:   39  4 N
                                          LONGITUDE:  95 38 W

  TEMPERATURE IN F:       :PCPN:    SNOW:  WIND      :SUNSHINE: SKY     :PK WND
================================================================================
1   2   3   4   5  6A  6B    7    8   9   10  11  12  13   14  15   16   17  18
                                     12Z  AVG MX 2MIN
DY MAX MIN AVG DEP HDD CDD  WTR  SNW DPTH SPD SPD DIR MIN PSBL S-S WX    SPD DR
================================================================================

 1  54  28  41  -9  24   0 0.00  0.0    0  6.3 16 310   M    M   5        25 320
 2  52  45  49  -2  16   0 0.26  0.0    0 10.0 18  50   M    M  10 13     23  70
 3  61  39  50  -1  15   0 0.01  0.0    0 10.4 25 300   M    M  10 138    33 310
 4  52  29  41 -10  24   0 0.00  0.0    0 12.0 25 310   M    M   7        33 320
 5  63  27  45  -7  20   0 0.00  0.0    0  6.8 17 130   M    M   0 18     23 120
 6  65  47  56   4   9   0    T  0.0    0  4.6 16  90   M    M   7 8      21  80
 7  64  42  53   1  12   0 0.01  0.0    0  6.0 23 350   M    M   8 138    31 350
 8  63  35  49  -4  16   0 0.00  0.0    0 11.2 28 360   M    M   1        35 340
 9  82  31  57   4   8   0 0.00  0.0    0 10.9 25 200   M    M   0 8      35 190
10  69  42  56   3   9   0 0.00  0.0    0 10.9 25  10   M    M   0 8      33  10
11  78  39  59   5   6   0 0.00  0.0    0  5.8 16 130   M    M   0        20 120
12  84  56  70  16   0   5    T  0.0    0 13.8 28 150   M    M   1 38     36 150
13  77  36  57   3   8   0 0.99  0.0    0 16.6 33 280   M    M   8 138    44 280
14  48  32  40 -15  25   0 0.02  0.1    0 14.4 26 330   M    M   7 1      42 340
15  59  27  43 -12  22   0 0.00  0.0    0  7.4 20 160   M    M   0 18     29 140
================================================================================
SM  971  555       214   5  1.29     0.1 147.1          M       64
================================================================================
AV 64.7 37.0                               9.8 FASTST   M    M   4    MAX(MPH)
                                 MISC ---->  # 33 280               # 44  280
================================================================================
NOTES:
# LAST OF SEVERAL OCCURRENCES

COLUMN 17 PEAK WIND IN M.P.H.

PRELIMINARY LOCAL CLIMATOLOGICAL DATA (WS FORM: F-6) , PAGE 2

                                          STATION:  Topeka KS
                                          MONTH:    APRIL
                                          YEAR:     2014
                                          LATITUDE:   39  4 N
                                          LONGITUDE:  95 38 W

[TEMPERATURE DATA]      [PRECIPITATION DATA]       SYMBOLS USED IN COLUMN 16

AVERAGE MONTHLY: 50.9   TOTAL FOR MONTH:   1.29    1 = FOG OR MIST
DPTR FM NORMAL:  -1.8   DPTR FM NORMAL:   -0.31    2 = FOG REDUCING VISIBILITY
HIGHEST:    84 ON 12    GRTST 24HR  1.00 ON 13-14      TO 1/4 MILE OR LESS
LOWEST:     27 ON 15, 5                            3 = THUNDER
                        SNOW, ICE PELLETS, HAIL    4 = ICE PELLETS
                        TOTAL MONTH:   0.1 INCH    5 = HAIL
                        GRTST 24HR   0.1 ON   M    6 = FREEZING RAIN OR DRIZZLE
                        GRTST DEPTH:   0           7 = DUSTSTORM OR SANDSTORM:
                                                       VSBY 1/2 MILE OR LESS
                                                   8 = SMOKE OR HAZE
[NO. OF DAYS WITH]      [WEATHER - DAYS WITH]      9 = BLOWING SNOW
                                                   X = TORNADO
MAX 32 OR BELOW:   0    0.01 INCH OR MORE:   5
MAX 90 OR ABOVE:   0    0.10 INCH OR MORE:   2
MIN 32 OR BELOW:   6    0.50 INCH OR MORE:   1
MIN  0 OR BELOW:   0    1.00 INCH OR MORE:   0

[HDD (BASE 65) ]
TOTAL THIS MO.   214    CLEAR  (SCALE 0-3)   7
DPTR FM NORMAL    20    PTCLDY (SCALE 4-7)   6
TOTAL FM JUL 1  5246    CLOUDY (SCALE 8-10)  2
DPTR FM NORMAL   457

[CDD (BASE 65) ]
TOTAL THIS MO.     5
DPTR FM NORMAL    -3    [PRESSURE DATA]
TOTAL FM JAN 1     5    HIGHEST SLP M ON M
DPTR FM NORMAL    -6    LOWEST  SLP 29.38 ON 13

[REMARKS]




U.S. Dept. of Commerce
NOAA National Weather Service
1325 East West Highway
Silver Spring, MD 20910
E-mail: w-nws.webmaster@noaa.gov
Page last modified: May 16, 2007
NATIONAL WEATHER SERVICE: for Safety, for Work, for Fun - FOR LIFE