177
CXUS53 KTOP 020200
CF6TOP
PRELIMINARY LOCAL CLIMATOLOGICAL DATA (WS FORM: F-6)

                                          STATION:   Topeka KS
                                          MONTH:     JULY
                                          YEAR:      2014
                                          LATITUDE:   39  4 N
                                          LONGITUDE:  95 38 W

  TEMPERATURE IN F:       :PCPN:    SNOW:  WIND      :SUNSHINE: SKY     :PK WND
================================================================================
1   2   3   4   5  6A  6B    7    8   9   10  11  12  13   14  15   16   17  18
                                     12Z  AVG MX 2MIN
DY MAX MIN AVG DEP HDD CDD  WTR  SNW DPTH SPD SPD DIR MIN PSBL S-S WX    SPD DR
================================================================================

 1  87  64  76  -2   0  11 0.00  0.0    0  7.3 17 320   M    M   0        29 340
 2  75  56  66 -12   0   1 0.00  0.0    0  7.9 23 320   M    M   3 18     31 320
 3  83  51  67 -11   0   2 0.00  0.0    0  3.1  8 100   M    M   0 18     14 350
 4  85  59  72  -6   0   7 0.00  0.0    0  8.0 18 130   M    M   0        25 150
 5  91  71  81   3   0  16 0.00  0.0    0 10.8 22 160   M    M   2        30 140
 6  95  76  86   7   0  21 0.00  0.0    0  8.8 18 160   M    M   0        25 210
 7  96  69  83   4   0  18 0.73  0.0    0  8.7 38  10   M    M   1 13     56  20
 8  86  66  76  -3   0  11 0.07  0.0    0  7.4 17 280   M    M   1 1      22 350
 9  88  61  75  -4   0  10    T  0.0    0  3.2 10 320   M    M   1 1      15 100
10  87  69  78  -1   0  13 0.00  0.0    0 10.2 18 130   M    M   1        24 140
11  94  71  83   4   0  18 0.00  0.0    0  9.2 16 180   M    M   2        22 190
12  97  77  87   8   0  22 0.00  0.0    0  9.3 20 230   M    M   0        26 230
13  89  73  81   2   0  16 0.12  0.0    0  5.3 17 360   M    M   4 13     22 360
14  82  60  71  -8   0   6 0.03  0.0    0  7.5 20 320   M    M   3 12     26 310
15  78  54  66 -13   0   1 0.00  0.0    0  6.9 17 350   M    M   2        23  20
16  80  50  65 -14   0   0 0.00  0.0    0  2.6  9  40   M    M   1 12     13  40
17  79  59  69 -10   0   4 0.00  0.0    0  4.4 14 150   M    M   6        21 160
18  81  61  71  -8   0   6 0.00  0.0    0  4.4 15 140   M    M   5        20 140
19  84  59  72  -7   0   7 0.00  0.0    0  6.0 17 160   M    M   2 1      21 160
20  91  61  76  -3   0  11 0.00  0.0    0 10.7 22 150   M    M   1        29 140
21  98  74  86   7   0  21 0.00  0.0    0 11.0 20 190   M    M   0        27 160
22 103  79  91  12   0  26 0.00  0.0    0  6.8 15 220   M    M   0 18     19  10
23  91  71  81   2   0  16 0.00  0.0    0  8.1 18  30   M    M   2        23  30
24  89  65  77  -2   0  12 0.00  0.0    0  9.1 20 120   M    M   0        24 140
25 102  75  89  10   0  24 0.00  0.0    0 11.2 22 200   M    M   0        29 200
26 100  79  90  11   0  25    T  0.0    0  6.1 15 210   M    M   0        22 170
27  93  68  81   2   0  16 0.00  0.0    0  9.8 22 330   M    M   0 1      30 340
28  86  62  74  -5   0   9 0.00  0.0    0  7.2 14 360   M    M   1        19 360
29  87  58  73  -6   0   8 0.00  0.0    0  2.6 12 240   M    M   6        17 260
30  82  60  71  -8   0   6 0.00  0.0    0  2.7 10  30   M    M   4        13  70
31  87  55  71  -8   0   6 0.00  0.0    0  2.3  8 100   M    M   0 1      12 300
================================================================================
SM 2746 2013         0 370  0.95     0.0 218.6          M       48
================================================================================
AV 88.6 64.9                               7.1 FASTST   M    M   2    MAX(MPH)
                                 MISC ---->  # 38  10               # 56   20
================================================================================
NOTES:
# LAST OF SEVERAL OCCURRENCES

COLUMN 17 PEAK WIND IN M.P.H.

PRELIMINARY LOCAL CLIMATOLOGICAL DATA (WS FORM: F-6) , PAGE 2

                                          STATION:  Topeka KS
                                          MONTH:    JULY
                                          YEAR:     2014
                                          LATITUDE:   39  4 N
                                          LONGITUDE:  95 38 W

[TEMPERATURE DATA]      [PRECIPITATION DATA]       SYMBOLS USED IN COLUMN 16

AVERAGE MONTHLY: 76.8   TOTAL FOR MONTH:   0.95    1 = FOG OR MIST
DPTR FM NORMAL:  -2.2   DPTR FM NORMAL:   -2.87    2 = FOG REDUCING VISIBILITY
HIGHEST:   103 ON 22    GRTST 24HR  0.80 ON  7- 8      TO 1/4 MILE OR LESS
LOWEST:     50 ON 16                               3 = THUNDER
                        SNOW, ICE PELLETS, HAIL    4 = ICE PELLETS
                        TOTAL MONTH:   0.0 INCH    5 = HAIL
                        GRTST 24HR     0.0         6 = FREEZING RAIN OR DRIZZLE
                        GRTST DEPTH:   0           7 = DUSTSTORM OR SANDSTORM:
                                                       VSBY 1/2 MILE OR LESS
                                                   8 = SMOKE OR HAZE
[NO. OF DAYS WITH]      [WEATHER - DAYS WITH]      9 = BLOWING SNOW
                                                   X = TORNADO
MAX 32 OR BELOW:   0    0.01 INCH OR MORE:   4
MAX 90 OR ABOVE:  12    0.10 INCH OR MORE:   2
MIN 32 OR BELOW:   0    0.50 INCH OR MORE:   1
MIN  0 OR BELOW:   0    1.00 INCH OR MORE:   0

[HDD (BASE 65) ]
TOTAL THIS MO.     0    CLEAR  (SCALE 0-3)  26
DPTR FM NORMAL     0    PTCLDY (SCALE 4-7)   5
TOTAL FM JUL 1     0    CLOUDY (SCALE 8-10)  0
DPTR FM NORMAL     0

[CDD (BASE 65) ]
TOTAL THIS MO.   370
DPTR FM NORMAL   -62    [PRESSURE DATA]
TOTAL FM JAN 1   923    HIGHEST SLP 30.25 ON  4
DPTR FM NORMAL    81    LOWEST  SLP 29.60 ON  7

[REMARKS]
#FINAL-07-14#




U.S. Dept. of Commerce
NOAA National Weather Service
1325 East West Highway
Silver Spring, MD 20910
E-mail: w-nws.webmaster@noaa.gov
Page last modified: May 16, 2007
NATIONAL WEATHER SERVICE: for Safety, for Work, for Fun - FOR LIFE