053
CXUS51 KCLE 010804
CF6TOL
PRELIMINARY LOCAL CLIMATOLOGICAL DATA (WS FORM: F-6)

                                          STATION:   TOLEDO OH
                                          MONTH:     AUGUST
                                          YEAR:      2014
                                          LATITUDE:   41 35 N
                                          LONGITUDE:  83 48 W

  TEMPERATURE IN F:       :PCPN:    SNOW:  WIND      :SUNSHINE: SKY     :PK WND
================================================================================
1   2   3   4   5  6A  6B    7    8   9   10  11  12  13   14  15   16   17  18
                                     12Z  AVG MX 2MIN
DY MAX MIN AVG DEP HDD CDD  WTR  SNW DPTH SPD SPD DIR MIN PSBL S-S WX    SPD DR
================================================================================

 1  84  58  71  -2   0   6 0.02  0.0    0  3.1 17 320   M    M   3 138    22 330
 2  77  61  69  -4   0   4 0.02  0.0    0  2.9 14 260   M    M   4 138    16 250
 3  86  56  71  -2   0   6 0.00  0.0    0  2.6 10 310   M    M   2 18     13 310
 4  86  56  71  -2   0   6 0.05  0.0    0  2.4 16 270   M    M   1 13     21 300
 5  77  61  69  -3   0   4    T  0.0    0  2.1 10 350   M    M   6 18     14 300
 6  81  60  71  -1   0   6 0.00  0.0    0  4.3 13  40   M    M   5 12     20  50
 7  84  55  70  -2   0   5 0.00  0.0    0  1.8 10  50   M    M   1        18  30
 8  82  55  69  -3   0   4 0.00  0.0    0  4.1 15  40   M    M   1 1      21  80
 9  82  57  70  -2   0   5 0.00  0.0    0  7.5 20  50   M    M   1 1      25  60
10  86  59  73   1   0   8 0.00  0.0    0  6.2 15  60   M    M   1        18  60
11  76  65  71  -1   0   6 2.04  0.0    0  3.8 14 310   M    M   7 123    35  80
12  77  61  69  -3   0   4 0.01  0.0    0  9.9 22 280   M    M   7 18     29 270
13  79  55  67  -5   0   2 0.00  0.0    0  8.2 17 300   M    M   3        23 290
14  72  53  63  -9   2   0 0.00  0.0    0  7.0 16 310   M    M   0        23 300
15  75  49  62 -10   3   0 0.00  0.0    0  5.6 13 260   M    M   0        20 240
16  81  50  66  -6   0   1 0.00  0.0    0  7.7 18 260   M    M   2 1      22 250
17  76  68  72   0   0   7    T  0.0    0  5.8 14  60   M    M   9 18     16  90
18  81  62  72   0   0   7 0.00  0.0    0  5.2 13  60   M    M   6        16 100
19  87  60  74   2   0   9 0.33  0.0    0  4.9 41 260   M    M   4 13     52 260
20  85  65  75   4   0  10    T  0.0    0  6.0 21 240   M    M   3 1      25 230
21  81  66  74   3   0   9 0.00  0.0    0  4.0 18 250   M    M   3 1      22 250
22  83  68  76   5   0  11 0.06  0.0    0  2.5  8  60   M    M   7 1      12 360
23  83  66  75   4   0  10 0.00  0.0    0  5.9 14  60   M    M   4 1      17  60
24  83  62  73   2   0   8 0.00  0.0    0  5.0 14  70   M    M   5 1      17  70
25  88  67  78   7   0  13 0.00  0.0    0  2.9  8 180   M    M   4 1      23 100
26  90  69  80   9   0  15 0.00  0.0    0  5.5 24 280   M    M   1 1      30 280
27  83  63  73   3   0   8 0.00  0.0    0  4.4 13 360   M    M   4 18     17 360
28  77  58  68  -2   0   3 0.00  0.0    0  4.3 10  10   M    M   4        13  20
29  84  55  70   0   0   5 0.00  0.0    0  3.7  9 100   M    M   0        13 110
30  86  69  78   8   0  13    T  0.0    0 10.8 22 230   M    M   2        31 220
31  85  71  78   8   0  13 0.00  0.0    0  7.3 15 220   M    M   5        20 220
================================================================================
SM 2537 1880         5 208  2.53     0.0 157.4          M      105
================================================================================
AV 81.8 60.6                               5.1 FASTST   M    M   3    MAX(MPH)
                                 MISC ---->  # 41 260               # 52  260
================================================================================
NOTES:
# LAST OF SEVERAL OCCURRENCES

COLUMN 17 PEAK WIND IN M.P.H.

PRELIMINARY LOCAL CLIMATOLOGICAL DATA (WS FORM: F-6) , PAGE 2

                                          STATION:  TOLEDO OH
                                          MONTH:    AUGUST
                                          YEAR:     2014
                                          LATITUDE:   41 35 N
                                          LONGITUDE:  83 48 W

[TEMPERATURE DATA]      [PRECIPITATION DATA]       SYMBOLS USED IN COLUMN 16

AVERAGE MONTHLY: 71.2   TOTAL FOR MONTH:   2.53    1 = FOG OR MIST
DPTR FM NORMAL:  -0.3   DPTR FM NORMAL:   -0.62    2 = FOG REDUCING VISIBILITY
HIGHEST:    90 ON 26    GRTST 24HR  2.04 ON 11-11      TO 1/4 MILE OR LESS
LOWEST:     49 ON 15                               3 = THUNDER
                        SNOW, ICE PELLETS, HAIL    4 = ICE PELLETS
                        TOTAL MONTH:   0.0 INCH    5 = HAIL
                        GRTST 24HR     0.0         6 = FREEZING RAIN OR DRIZZLE
                        GRTST DEPTH:   0           7 = DUSTSTORM OR SANDSTORM:
                                                       VSBY 1/2 MILE OR LESS
                                                   8 = SMOKE OR HAZE
[NO. OF DAYS WITH]      [WEATHER - DAYS WITH]      9 = BLOWING SNOW
                                                   X = TORNADO
MAX 32 OR BELOW:   0    0.01 INCH OR MORE:   7
MAX 90 OR ABOVE:   1    0.10 INCH OR MORE:   2
MIN 32 OR BELOW:   0    0.50 INCH OR MORE:   1
MIN  0 OR BELOW:   0    1.00 INCH OR MORE:   1

[HDD (BASE 65) ]
TOTAL THIS MO.     5    CLEAR  (SCALE 0-3)  16
DPTR FM NORMAL    -6    PTCLDY (SCALE 4-7)  14
TOTAL FM JUL 1    14    CLOUDY (SCALE 8-10)  1
DPTR FM NORMAL     0

[CDD (BASE 65) ]
TOTAL THIS MO.   208
DPTR FM NORMAL    -6    [PRESSURE DATA]
TOTAL FM JAN 1   598    HIGHEST SLP M ON M
DPTR FM NORMAL  -104    LOWEST  SLP 29.69 ON 12

[REMARKS]
#FINAL-08-14#




U.S. Dept. of Commerce
NOAA National Weather Service
1325 East West Highway
Silver Spring, MD 20910
E-mail: w-nws.webmaster@noaa.gov
Page last modified: May 16, 2007
NATIONAL WEATHER SERVICE: for Safety, for Work, for Fun - FOR LIFE