755
CXUS51 KCLE 210804
CF6TOL
PRELIMINARY LOCAL CLIMATOLOGICAL DATA (WS FORM: F-6)

                                          STATION:   TOLEDO OH
                                          MONTH:     SEPTEMBER
                                          YEAR:      2014
                                          LATITUDE:   41 35 N
                                          LONGITUDE:  83 48 W

  TEMPERATURE IN F:       :PCPN:    SNOW:  WIND      :SUNSHINE: SKY     :PK WND
================================================================================
1   2   3   4   5  6A  6B    7    8   9   10  11  12  13   14  15   16   17  18
                                     12Z  AVG MX 2MIN
DY MAX MIN AVG DEP HDD CDD  WTR  SNW DPTH SPD SPD DIR MIN PSBL S-S WX    SPD DR
================================================================================

 1  87  69  78   9   0  13 0.06  0.0    0  9.3 22 210   M    M   4 18     31 200
 2  80  63  72   3   0   7 0.63  0.0    0  5.8 16 250   M    M   3 123    20 250
 3  84  58  71   2   0   6 0.00  0.0    0  3.2 13 210   M    M   1 18     16 230
 4  88  60  74   6   0   9 0.00  0.0    0  5.5 18 230   M    M   1        24 260
 5  93  68  81  13   0  16 0.44  0.0    0  8.2 24 310   M    M   1 138    31 290
 6  74  56  65  -3   0   0 0.15  0.0    0  5.8 13 350   M    M   5 1      18  20
 7  76  52  64  -4   1   0 0.00  0.0    0  1.7  8 100   M    M   0        12 110
 8  78  49  64  -3   1   0 0.00  0.0    0  3.8 14  70   M    M   1        17  70
 9  76  55  66  -1   0   1    T  0.0    0  1.7  9 270   M    M   3 1      10 280
10  74  61  68   2   0   3 3.39  0.0    0  7.4 24 220   M    M   6 123    32 210
11  73  54  64  -2   1   0 0.00  0.0    0  9.9 23 270   M    M  10        29 270
12  60  53  57  -9   8   0    T  0.0    0  5.2 12  30   M    M  10 1      14  30
13  62  43  53 -12  12   0 0.07  0.0    0  7.2 17 340   M    M   5 1      28 280
14  65  42  54 -11  11   0 0.00  0.0    0  1.4 10 250   M    M   5        16 230
15  60  43  52 -13  13   0 0.25  0.0    0  2.9 13 320   M    M   5 1      17 320
16  66  48  57  -7   8   0 0.00  0.0    0  3.8 10 260   M    M   4 1      29 330
17  69  41  55  -9  10   0 0.00  0.0    0  3.6 15 260   M    M   2 1      18 270
18  71  43  57  -6   8   0 0.00  0.0    0  3.6 13  50   M    M   1 1      16  40
19  69  45  57  -6   8   0 0.00  0.0    0  2.4 10  90   M    M   1 1      15 100
20  81  49  65   3   0   0 0.23  0.0    0  9.0 31 240   M    M   1 13     43 230
================================================================================
SM 1486 1052        81  55  5.22     0.0 101.4          M       69
================================================================================
AV 74.3 52.6                               5.1 FASTST   M    M   3    MAX(MPH)
                                 MISC ---->  # 31 240               # 43  230
================================================================================
NOTES:
# LAST OF SEVERAL OCCURRENCES

COLUMN 17 PEAK WIND IN M.P.H.

PRELIMINARY LOCAL CLIMATOLOGICAL DATA (WS FORM: F-6) , PAGE 2

                                          STATION:  TOLEDO OH
                                          MONTH:    SEPTEMBER
                                          YEAR:     2014
                                          LATITUDE:   41 35 N
                                          LONGITUDE:  83 48 W

[TEMPERATURE DATA]      [PRECIPITATION DATA]       SYMBOLS USED IN COLUMN 16

AVERAGE MONTHLY: 63.5   TOTAL FOR MONTH:   5.22    1 = FOG OR MIST
DPTR FM NORMAL:  -2.6   DPTR FM NORMAL:    3.34    2 = FOG REDUCING VISIBILITY
HIGHEST:    93 ON  5    GRTST 24HR  3.39 ON 10-10      TO 1/4 MILE OR LESS
LOWEST:     41 ON 17                               3 = THUNDER
                        SNOW, ICE PELLETS, HAIL    4 = ICE PELLETS
                        TOTAL MONTH:   0.0 INCH    5 = HAIL
                        GRTST 24HR     0.0         6 = FREEZING RAIN OR DRIZZLE
                        GRTST DEPTH:   0           7 = DUSTSTORM OR SANDSTORM:
                                                       VSBY 1/2 MILE OR LESS
                                                   8 = SMOKE OR HAZE
[NO. OF DAYS WITH]      [WEATHER - DAYS WITH]      9 = BLOWING SNOW
                                                   X = TORNADO
MAX 32 OR BELOW:   0    0.01 INCH OR MORE:   8
MAX 90 OR ABOVE:   1    0.10 INCH OR MORE:   6
MIN 32 OR BELOW:   0    0.50 INCH OR MORE:   2
MIN  0 OR BELOW:   0    1.00 INCH OR MORE:   1

[HDD (BASE 65) ]
TOTAL THIS MO.    81    CLEAR  (SCALE 0-3)  10
DPTR FM NORMAL    34    PTCLDY (SCALE 4-7)   8
TOTAL FM JUL 1    95    CLOUDY (SCALE 8-10)  2
DPTR FM NORMAL    34

[CDD (BASE 65) ]
TOTAL THIS MO.    55
DPTR FM NORMAL   -14    [PRESSURE DATA]
TOTAL FM JAN 1   653    HIGHEST SLP M ON M
DPTR FM NORMAL  -118    LOWEST  SLP 29.62 ON 11

[REMARKS]




U.S. Dept. of Commerce
NOAA National Weather Service
1325 East West Highway
Silver Spring, MD 20910
E-mail: w-nws.webmaster@noaa.gov
Page last modified: May 16, 2007
NATIONAL WEATHER SERVICE: for Safety, for Work, for Fun - FOR LIFE