058
CXUS54 KBMX 241216
CF6TOI
PRELIMINARY LOCAL CLIMATOLOGICAL DATA (WS FORM: F-6)

                                          STATION:   TROY
                                          MONTH:     NOVEMBER
                                          YEAR:      2014
                                          LATITUDE:   31 51 N
                                          LONGITUDE:  86  1 W

  TEMPERATURE IN F:       :PCPN:    SNOW:  WIND      :SUNSHINE: SKY     :PK WND
================================================================================
1   2   3   4   5  6A  6B    7    8   9   10  11  12  13   14  15   16   17  18
                                     12Z  AVG MX 2MIN
DY MAX MIN AVG DEP HDD CDD  WTR  SNW DPTH SPD SPD DIR MIN PSBL S-S WX    SPD DR
================================================================================

 1  57  33  45 -15  20   0 0.00  0.0    0 11.3 25 320   M    M   1 8      33 330
 2  66  29  48 -12  17   0 0.00  0.0    0  4.6 15 350   M    M   0        20 360
 3  70  30  50 -10  15   0 0.00  0.0    0  1.4  9 150   M    M   0        13 130
 4  74  33  54  -5  11   0 0.00  0.0    0  2.4 12 200   M    M   0        19 170
 5  76  45  61   2   4   0 0.00  0.0    0  1.8 15 150   M    M   0 1      19 190
 6  77  52  65   6   0   0 0.01  0.0    0  5.4 17 320   M    M   4 1      24 300
 7  64  36  50  -8  15   0 0.00  0.0    0  5.3 15 360   M    M   0        19 360
 8  63  34  49  -9  16   0 0.00  0.0    0  1.0  7 350   M    M   0 1       9 320
 9  72  37  55  -3  10   0 0.00  0.0    0  2.4 13  10   M    M   0        15  10
10  75  32  54  -4  11   0 0.00  0.0    0  1.1  8 140   M    M   0 8      10 260
11  74  33  54  -3  11   0 0.00  0.0    0  1.5 12 300   M    M   1 128    16 310
12  67  49  58   1   7   0 0.00  0.0    0  5.6 13 320   M    M   8 12     18 320
13  49  36  43 -14  22   0 0.07  0.0    0 10.0 18 330   M    M   9 18     22 340
14  49  27  38 -18  27   0 0.00  0.0    0  8.7 18 330   M    M   1        23 320
15  59  24  42 -14  23   0 0.00  0.0    0  3.0 10 110   M    M   0        14 100
16  65  36  51  -5  14   0 0.00  0.0    0  6.2 15 140   M    M   5        20 130
17  69  33  51  -4  14   0 2.09  0.0    0 11.7 25 330   M    M   7 13     37 320
18  43  22  33 -22  32   0 0.00  0.0    0  7.4 21 300   M    M   0        26 330
19  54  18  36 -19  29   0 0.00  0.0    0  1.3  8 200   M    M   0        13 290
20  67  27  47  -7  18   0 0.00  0.0    0  1.6 12 330   M    M   1 18     14 340
21  69  33  51  -3  14   0 0.00  0.0    0  3.5 13  60   M    M   0 18     17  70
22  70  35  53  -1  12   0 0.12  0.0    0  7.5 18 120   M    M   6 1      23 120
23  71  58  65  11   0   0 0.94  0.0    0 10.8 32 210   M    M  10 13     48 220
================================================================================
SM 1500  792       342   0  3.23     0.0 115.5          M       53
================================================================================
AV 65.2 34.4                               5.0 FASTST   M    M   2    MAX(MPH)
                                 MISC ---->  # 32 210               # 48  220
================================================================================
NOTES:
# LAST OF SEVERAL OCCURRENCES

COLUMN 17 PEAK WIND IN M.P.H.

PRELIMINARY LOCAL CLIMATOLOGICAL DATA (WS FORM: F-6) , PAGE 2

                                          STATION:  TROY
                                          MONTH:    NOVEMBER
                                          YEAR:     2014
                                          LATITUDE:   31 51 N
                                          LONGITUDE:  86  1 W

[TEMPERATURE DATA]      [PRECIPITATION DATA]       SYMBOLS USED IN COLUMN 16

AVERAGE MONTHLY: 49.8   TOTAL FOR MONTH:   3.23    1 = FOG OR MIST
DPTR FM NORMAL:  -7.1   DPTR FM NORMAL:   -0.09    2 = FOG REDUCING VISIBILITY
HIGHEST:    77 ON  6    GRTST 24HR  2.09 ON 17-17      TO 1/4 MILE OR LESS
LOWEST:     18 ON 19                               3 = THUNDER
                        SNOW, ICE PELLETS, HAIL    4 = ICE PELLETS
                        TOTAL MONTH:   0.0 INCH    5 = HAIL
                        GRTST 24HR     0.0         6 = FREEZING RAIN OR DRIZZLE
                        GRTST DEPTH:   0           7 = DUSTSTORM OR SANDSTORM:
                                                       VSBY 1/2 MILE OR LESS
                                                   8 = SMOKE OR HAZE
[NO. OF DAYS WITH]      [WEATHER - DAYS WITH]      9 = BLOWING SNOW
                                                   X = TORNADO
MAX 32 OR BELOW:   0    0.01 INCH OR MORE:   5
MAX 90 OR ABOVE:   0    0.10 INCH OR MORE:   3
MIN 32 OR BELOW:   8    0.50 INCH OR MORE:   2
MIN  0 OR BELOW:   0    1.00 INCH OR MORE:   1

[HDD (BASE 65) ]
TOTAL THIS MO.   342    CLEAR  (SCALE 0-3)  16
DPTR FM NORMAL   138    PTCLDY (SCALE 4-7)   5
TOTAL FM JUL 1   422    CLOUDY (SCALE 8-10)  2
DPTR FM NORMAL   120

[CDD (BASE 65) ]
TOTAL THIS MO.     0
DPTR FM NORMAL   -17    [PRESSURE DATA]
TOTAL FM JAN 1  2213    HIGHEST SLP M ON M
DPTR FM NORMAL   149    LOWEST  SLP 29.53 ON 23

[REMARKS]




U.S. Dept. of Commerce
NOAA National Weather Service
1325 East West Highway
Silver Spring, MD 20910
E-mail: w-nws.webmaster@noaa.gov
Page last modified: May 16, 2007
NATIONAL WEATHER SERVICE: for Safety, for Work, for Fun - FOR LIFE