209
CXUS52 KTAE 010800
CF6TLH
PRELIMINARY LOCAL CLIMATOLOGICAL DATA (WS FORM: F-6)

                                          STATION:   TALLAHASSEE
                                          MONTH:     JULY
                                          YEAR:      2014
                                          LATITUDE:   30 22 N
                                          LONGITUDE:  84 22 W

  TEMPERATURE IN F:       :PCPN:    SNOW:  WIND      :SUNSHINE: SKY     :PK WND
================================================================================
1   2   3   4   5  6A  6B    7    8   9   10  11  12  13   14  15   16   17  18
                                     12Z  AVG MX 2MIN
DY MAX MIN AVG DEP HDD CDD  WTR  SNW DPTH SPD SPD DIR MIN PSBL S-S WX    SPD DR
================================================================================

 1  97  76  87   5   0  22    T  0.0    0  4.6 15  20   M    M   6 1      22  30
 2  97  78  88   6   0  23    T  0.0    0  4.3  8 310   M    M   8 3       8 310
 3  99  73  86   4   0  21    T  0.0    0  6.9 20 210   M    M   6 3      28 220
 4  93  68  81  -1   0  16 0.00  0.0    0  3.5 18 300   M    M   4         M  M
 5  95  64  80  -2   0  15 0.00  0.0    0  2.4 23 320   M    M   3 1       M  90
 6  92  67  80  -2   0  15 0.00  0.0    0  2.8 12 170   M    M   4 1      15 130
 7  93  67  80  -2   0  15 0.00  0.0    0  4.9 17 150   M    M   3 18      M  M
 8  97  70  84   2   0  19 0.00  0.0    0  5.2 15 190   M    M   5 18     22 200
 9  96  73  85   3   0  20 0.04  0.0    0  4.2 22 260   M    M   6 38     29 260
10  89  72  81  -1   0  16 0.12  0.0    0  3.4 16 200   M    M   4 13     21 200
11  90  74  82   0   0  17 0.07  0.0    0  2.6 17 240   M    M   6 13     21 240
12  90  74  82   0   0  17    T  0.0    0  4.9 15  80   M    M   6 3      17 220
13  93  72  83   1   0  18 0.23  0.0    0  2.9 12 230   M    M   5        15 250
14  96  71  84   2   0  19 0.00  0.0    0  3.8 21 210   M    M   5 1238   25 210
15  91  73  82   0   0  17 0.41  0.0    0  3.4 29 210   M    M   5 3      38 220
16  89  74  82   0   0  17    T  0.0    0  3.2 13 360   M    M   6 13     18 230
17  93  72  83   1   0  18 0.00  0.0    0  4.1 15 300   M    M   4        20 300
18  94  68  81  -1   0  16 0.00  0.0    0  2.9 12 140   M    M   4 1      15 160
19  86  75  81  -1   0  16 0.39  0.0    0  3.0  8 250   M    M   6 123    12 240
20  85  71  78  -4   0  13    T  0.0    0  4.2 16 210   M    M   7 123    21 200
21  82  74  78  -4   0  13 0.02  0.0    0  3.1 10 270   M    M   8        13 260
22  92  72  82   0   0  17 0.04  0.0    0  2.4 13 250   M    M   4 1      16 130
23  93  70  82   0   0  17 0.23  0.0    0  2.5  M   M   M    M   4 13      M  M
24  93  71  82   0   0  17 0.01  0.0    0  2.8  M 110   M    M   4 123     M  M
25  92  74  83   1   0  18 0.02  0.0    0  3.3 21 250   M    M   3 13     25 250
26  94  76  85   3   0  20 0.15  0.0    0  6.0 15 210   M    M   4 13     20 210
27  98  77  88   6   0  23 0.00  0.0    0  6.5 14 240   M    M   5 12      M  M
28 100  74  87   5   0  22 0.60  0.0    0  7.3 32 300   M    M   5 3      16 240
29  92  74  83   1   0  18 0.00  0.0    0  6.7 13 260   M    M   5 1      20 290
30  94  66  80  -2   0  15 0.00  0.0    0  4.7 13 280   M    M   4         M  M
31   M   M   M   M   M   M    M    M    M   M   M   M   M    M   M         M  M
================================================================================
SM 2785 2160         0 530  2.33     0.0 122.5          M      149
================================================================================
AV 92.8 72.0                               4.1 FASTST   M    M   5    MAX(MPH)
                                 MISC ---->    32   M               # 38  220
================================================================================
NOTES:
# LAST OF SEVERAL OCCURRENCES

COLUMN 17 PEAK WIND IN M.P.H.

PRELIMINARY LOCAL CLIMATOLOGICAL DATA (WS FORM: F-6) , PAGE 2

                                          STATION:  TALLAHASSEE
                                          MONTH:    JULY
                                          YEAR:     2014
                                          LATITUDE:   30 22 N
                                          LONGITUDE:  84 22 W

[TEMPERATURE DATA]      [PRECIPITATION DATA]       SYMBOLS USED IN COLUMN 16

AVERAGE MONTHLY: 82.4   TOTAL FOR MONTH:   2.33    1 = FOG OR MIST
DPTR FM NORMAL:   0.4   DPTR FM NORMAL:   -4.84    2 = FOG REDUCING VISIBILITY
HIGHEST:   100 ON 28    GRTST 24HR  0.72 ON 22-23      TO 1/4 MILE OR LESS
LOWEST:     64 ON  5                               3 = THUNDER
                        SNOW, ICE PELLETS, HAIL    4 = ICE PELLETS
                        TOTAL MONTH:   0.0 INCH    5 = HAIL
                        GRTST 24HR     0.0         6 = FREEZING RAIN OR DRIZZLE
                        GRTST DEPTH:   0           7 = DUSTSTORM OR SANDSTORM:
                                                       VSBY 1/2 MILE OR LESS
                                                   8 = SMOKE OR HAZE
[NO. OF DAYS WITH]      [WEATHER - DAYS WITH]      9 = BLOWING SNOW
                                                   X = TORNADO
MAX 32 OR BELOW:   0    0.01 INCH OR MORE:  13
MAX 90 OR ABOVE:  25    0.10 INCH OR MORE:   7
MIN 32 OR BELOW:   0    0.50 INCH OR MORE:   1
MIN  0 OR BELOW:   0    1.00 INCH OR MORE:   0

[HDD (BASE 65) ]
TOTAL THIS MO.     0    CLEAR  (SCALE 0-3)   2
DPTR FM NORMAL     0    PTCLDY (SCALE 4-7)  28
TOTAL FM JUL 1     0    CLOUDY (SCALE 8-10)  0
DPTR FM NORMAL     0

[CDD (BASE 65) ]
TOTAL THIS MO.   530
DPTR FM NORMAL     1    [PRESSURE DATA]
TOTAL FM JAN 1  1540    HIGHEST SLP M ON M
DPTR FM NORMAL   108    LOWEST  SLP 29.89 ON M

[REMARKS]
#FINAL-07-14#




U.S. Dept. of Commerce
NOAA National Weather Service
1325 East West Highway
Silver Spring, MD 20910
E-mail: w-nws.webmaster@noaa.gov
Page last modified: May 16, 2007
NATIONAL WEATHER SERVICE: for Safety, for Work, for Fun - FOR LIFE