980
CXUS52 KTAE 260800
CF6TLH
PRELIMINARY LOCAL CLIMATOLOGICAL DATA (WS FORM: F-6)

                                          STATION:   TALLAHASSEE
                                          MONTH:     JANUARY
                                          YEAR:      2015
                                          LATITUDE:   30 22 N
                                          LONGITUDE:  84 22 W

  TEMPERATURE IN F:       :PCPN:    SNOW:  WIND      :SUNSHINE: SKY     :PK WND
================================================================================
1   2   3   4   5  6A  6B    7    8   9   10  11  12  13   14  15   16   17  18
                                     12Z  AVG MX 2MIN
DY MAX MIN AVG DEP HDD CDD  WTR  SNW DPTH SPD SPD DIR MIN PSBL S-S WX    SPD DR
================================================================================

 1  65  42  54   3  11   0 0.00  0.0    0  4.3 13 100   M    M   6        14 110
 2  68  54  61  10   4   0 0.00  0.0    0  5.5 12 100   M    M   9        14 120
 3  74  65  70  19   0   5 0.05  0.0    0  8.3 17 170   M    M  10 1      24 170
 4  73  51  62  11   3   0 1.62  0.0    0  9.3 15 170   M    M  10 138    20 200
 5  61  41  51   0  14   0 0.00  0.0    0  8.5 16 360   M    M   M        20 350
 6  66  33  50  -1  15   0 0.00  0.0    0  3.2 15 300   M    M   3        23  30
 7  64  34  49  -2  16   0 0.00  0.0    0  8.1 28 330   M    M   1        37 340
 8  43  24  34 -17  31   0 0.00  0.0    0  8.0 23 310   M    M   2 8      29  10
 9  49  27  38 -13  27   0 0.00  0.0    0  4.9 13 360   M    M   5        17 350
10  58  37  48  -3  17   0 0.00  0.0    0  6.7 13  30   M    M   5        17  40
11  68  48  58   7   7   0    T  0.0    0  7.4 13  80   M    M   9        16  80
12  70  55  63  12   2   0    T  0.0    0  2.4  8 110   M    M  10 18     11 110
13  65  58  62  11   3   0 0.00  0.0    0  5.9 13 350   M    M  10 18     15 350
14  58  48  53   2  12   0 0.00  0.0    0  6.2 12  30   M    M   9 1      14 350
15  50  47  49  -2  16   0 0.32  0.0    0  3.9  9 350   M    M   9 18     12  80
16  61  37  49  -2  16   0    T    M    0  5.5 14 350   M    M   4 18     18 350
17  64  31  48  -3  17   0 0.00  0.0    0  1.7 12 100   M    M   4 18     14 150
18  69  35  52   1  13   0 0.00  0.0    0  5.2 21 310   M    M   4        25 320
19  71  29  50  -1  15   0 0.00  0.0    0  1.8  9 190   M    M   1        12 220
20  72  33  53   2  12   0 0.00  0.0    0  2.0 12 190   M    M   5        13 200
21  76  45  61  10   4   0 0.00  0.0    0  1.0 10 280   M    M   5 1      14 260
22  75  47  61  10   4   0 0.00  0.0    0  6.5 16 110   M    M   6        19 120
23  69  64  67  16   0   2 2.77  0.0    0  9.5 25 120   M    M  10 13     36 120
24  68  35  52   0  13   0    T    M    0 11.5 23 280   M    M   6        29 280
25  66  30  48  -4  17   0    T    M    0  3.9 20 240   M    M   2        27 220
================================================================================
SM 1623 1050       289   7  4.76     0.0 141.2          M      145
================================================================================
AV 64.9 42.0                               5.6 FASTST   M    M   6    MAX(MPH)
                                 MISC ---->  # 28 330               # 37  340
================================================================================
NOTES:
# LAST OF SEVERAL OCCURRENCES

COLUMN 17 PEAK WIND IN M.P.H.

PRELIMINARY LOCAL CLIMATOLOGICAL DATA (WS FORM: F-6) , PAGE 2

                                          STATION:  TALLAHASSEE
                                          MONTH:    JANUARY
                                          YEAR:     2015
                                          LATITUDE:   30 22 N
                                          LONGITUDE:  84 22 W

[TEMPERATURE DATA]      [PRECIPITATION DATA]       SYMBOLS USED IN COLUMN 16

AVERAGE MONTHLY: 53.5   TOTAL FOR MONTH:   4.76    1 = FOG OR MIST
DPTR FM NORMAL:   2.4   DPTR FM NORMAL:    1.36    2 = FOG REDUCING VISIBILITY
HIGHEST:    76 ON 21    GRTST 24HR  2.77 ON 23-23      TO 1/4 MILE OR LESS
LOWEST:     24 ON  8                               3 = THUNDER
                        SNOW, ICE PELLETS, HAIL    4 = ICE PELLETS
                        TOTAL MONTH:   0.0 INCH    5 = HAIL
                        GRTST 24HR     0.0         6 = FREEZING RAIN OR DRIZZLE
                        GRTST DEPTH:   0           7 = DUSTSTORM OR SANDSTORM:
                                                       VSBY 1/2 MILE OR LESS
                                                   8 = SMOKE OR HAZE
[NO. OF DAYS WITH]      [WEATHER - DAYS WITH]      9 = BLOWING SNOW
                                                   X = TORNADO
MAX 32 OR BELOW:   0    0.01 INCH OR MORE:   4
MAX 90 OR ABOVE:   0    0.10 INCH OR MORE:   3
MIN 32 OR BELOW:   5    0.50 INCH OR MORE:   2
MIN  0 OR BELOW:   0    1.00 INCH OR MORE:   2

[HDD (BASE 65) ]
TOTAL THIS MO.   289    CLEAR  (SCALE 0-3)   4
DPTR FM NORMAL   -61    PTCLDY (SCALE 4-7)  11
TOTAL FM JUL 1   890    CLOUDY (SCALE 8-10)  9
DPTR FM NORMAL   -75

[CDD (BASE 65) ]
TOTAL THIS MO.     7
DPTR FM NORMAL     7    [PRESSURE DATA]
TOTAL FM JAN 1     7    HIGHEST SLP 30.43 ON  5
DPTR FM NORMAL     7    LOWEST  SLP 29.78 ON 23

[REMARKS]




U.S. Dept. of Commerce
NOAA National Weather Service
1325 East West Highway
Silver Spring, MD 20910
E-mail: w-nws.webmaster@noaa.gov
Page last modified: May 16, 2007
NATIONAL WEATHER SERVICE: for Safety, for Work, for Fun - FOR LIFE