548
CXUS54 KFWD 260730
CF6TKI
PRELIMINARY LOCAL CLIMATOLOGICAL DATA (WS FORM: F-6)

                                          STATION:   MCKINNEY
                                          MONTH:     NOVEMBER
                                          YEAR:      2014
                                          LATITUDE:   33 10 N
                                          LONGITUDE:  96 35 W

  TEMPERATURE IN F:       :PCPN:    SNOW:  WIND      :SUNSHINE: SKY     :PK WND
================================================================================
1   2   3   4   5  6A  6B    7    8   9   10  11  12  13   14  15   16   17  18
                                     12Z  AVG MX 2MIN
DY MAX MIN AVG DEP HDD CDD  WTR  SNW DPTH SPD SPD DIR MIN PSBL S-S WX    SPD DR
================================================================================

 1  60  35  48 -12  17   0 0.00  0.0    0  7.2 16 130   M    M   0        20 130
 2  66  43  55  -5  10   0 0.00  0.0    0 12.8 21 160   M    M   1        26 140
 3  75  52  64   5   1   0 0.00  0.0    0 14.6 25 170   M    M   6        32 180
 4  68  52  60   1   5   0 0.84  0.0    0 10.5 25  10   M    M  10 1      31  10
 5  58  50  54  -5  11   0 0.19  0.0    0  5.1 13 340   M    M   7 1      14 360
 6  72  42  57  -1   8   0 0.00  0.0    0  7.2 17  50   M    M   0 18     22  30
 7  66  37  52  -6  13   0 0.00  0.0    0  6.1 16 150   M    M   0        19 160
 8  70  42  56  -2   9   0 0.00  0.0    0  9.1 29 350   M    M   0        36 350
 9  71  34  53  -4  12   0 0.00  0.0    0  7.4 20 170   M    M   0        22 180
10  79  49  64   7   1   0 0.00  0.0    0 17.4 33 190   M    M   0        41 190
11  66  37  52  -4  13   0    T  0.0    0 15.5 32 320   M    M   3        37 320
12  41  30  36 -20  29   0    T    M    0 16.1 23  20   M    M   3 4      29 360
13  38  24  31 -25  34   0    T    M    0 11.5 21 360   M    M   6 4      27  10
14  39  21  30 -25  35   0 0.00  0.0    0  3.5 16 190   M    M   7        28 210
15  45  38  42 -13  23   0 0.01  0.0    0 11.4 23 160   M    M  10 18     28 150
16  40  27  34 -21  31   0 0.02    M    0 13.0 24 320   M    M   9 1      29 310
17  44  22  33 -21  32   0 0.00  0.0    M 10.0 24 330   M    M   0        29 340
18  55  19  37 -17  28   0 0.00  0.0    0  8.2 17 230   M    M   0        23 220
19  61  30  46  -7  19   0 0.00  0.0    0  6.7 17 210   M    M   0        22 220
20  71  33  52  -1  13   0 0.00  0.0    0  6.9 21 200   M    M   2 1      28 190
21  67  58  63  10   2   0    T  0.0    0 12.1 20 160   M    M  10 1      25 150
22  65  57  61   9   4   0 0.33  0.0    0 12.9 23 160   M    M   9 13     29 160
23  76  48  62  10   3   0 0.00  0.0    0 15.5 35 320   M    M   4 12     43 320
24  61  36  49  -3  16   0 0.00  0.0    0  8.4 18 280   M    M   0 8      24 280
25  61  30  46  -5  19   0 0.00  0.0    0  4.5 15 260   M    M   0 8      19 260
================================================================================
SM 1515  946       388   0  1.39     0.0 253.6          M       87
================================================================================
AV 60.6 37.8                              10.1 FASTST   M    M   3    MAX(MPH)
                                 MISC ---->  # 35 320               # 43  320
================================================================================
NOTES:
# LAST OF SEVERAL OCCURRENCES

COLUMN 17 PEAK WIND IN M.P.H.

PRELIMINARY LOCAL CLIMATOLOGICAL DATA (WS FORM: F-6) , PAGE 2

                                          STATION:  MCKINNEY
                                          MONTH:    NOVEMBER
                                          YEAR:     2014
                                          LATITUDE:   33 10 N
                                          LONGITUDE:  96 35 W

[TEMPERATURE DATA]      [PRECIPITATION DATA]       SYMBOLS USED IN COLUMN 16

AVERAGE MONTHLY: 49.2   TOTAL FOR MONTH:   1.39    1 = FOG OR MIST
DPTR FM NORMAL:  -6.5   DPTR FM NORMAL:   -1.28    2 = FOG REDUCING VISIBILITY
HIGHEST:    79 ON 10    GRTST 24HR  0.95 ON  4- 5      TO 1/4 MILE OR LESS
LOWEST:     19 ON 18                               3 = THUNDER
                        SNOW, ICE PELLETS, HAIL    4 = ICE PELLETS
                        TOTAL MONTH:   0.0 INCH    5 = HAIL
                        GRTST 24HR     0.0         6 = FREEZING RAIN OR DRIZZLE
                        GRTST DEPTH:   0           7 = DUSTSTORM OR SANDSTORM:
                                                       VSBY 1/2 MILE OR LESS
                                                   8 = SMOKE OR HAZE
[NO. OF DAYS WITH]      [WEATHER - DAYS WITH]      9 = BLOWING SNOW
                                                   X = TORNADO
MAX 32 OR BELOW:   0    0.01 INCH OR MORE:   5
MAX 90 OR ABOVE:   0    0.10 INCH OR MORE:   3
MIN 32 OR BELOW:   8    0.50 INCH OR MORE:   1
MIN  0 OR BELOW:   0    1.00 INCH OR MORE:   0

[HDD (BASE 65) ]
TOTAL THIS MO.   388    CLEAR  (SCALE 0-3)  13
DPTR FM NORMAL   140    PTCLDY (SCALE 4-7)   7
TOTAL FM JUL 1   425    CLOUDY (SCALE 8-10)  5
DPTR FM NORMAL    68

[CDD (BASE 65) ]
TOTAL THIS MO.     0
DPTR FM NORMAL   -11    [PRESSURE DATA]
TOTAL FM JAN 1  2455    HIGHEST SLP M ON M
DPTR FM NORMAL   110    LOWEST  SLP 29.35 ON 23

[REMARKS]




U.S. Dept. of Commerce
NOAA National Weather Service
1325 East West Highway
Silver Spring, MD 20910
E-mail: w-nws.webmaster@noaa.gov
Page last modified: May 16, 2007
NATIONAL WEATHER SERVICE: for Safety, for Work, for Fun - FOR LIFE