585
CXUS54 KFWD 310730
CF6TKI
PRELIMINARY LOCAL CLIMATOLOGICAL DATA (WS FORM: F-6)

                                          STATION:   MCKINNEY
                                          MONTH:     JULY
                                          YEAR:      2014
                                          LATITUDE:   33 10 N
                                          LONGITUDE:  96 35 W

  TEMPERATURE IN F:       :PCPN:    SNOW:  WIND      :SUNSHINE: SKY     :PK WND
================================================================================
1   2   3   4   5  6A  6B    7    8   9   10  11  12  13   14  15   16   17  18
                                     12Z  AVG MX 2MIN
DY MAX MIN AVG DEP HDD CDD  WTR  SNW DPTH SPD SPD DIR MIN PSBL S-S WX    SPD DR
================================================================================

 1  96  73  85   3   0  20 0.00  0.0    0 12.3 22 190   M    M   0        39 160
 2  93  75  84   2   0  19 0.00  0.0    0  5.8 20 360   M    M   1        26 350
 3  86  68  77  -5   0  12 1.20  0.0    0  5.6 22 290   M    M   4 13     30 270
 4  90  69  80  -2   0  15 0.00  0.0    0  5.3 15 150   M    M   1        20 150
 5  91  73  82   0   0  17 0.00  0.0    0  8.2 15 150   M    M   2        21 150
 6  94  71  83   1   0  18 0.00  0.0    0  7.7 17 150   M    M   0        23 180
 7  98  73  86   4   0  21 0.00  0.0    0  9.8 20 180   M    M   2        24 180
 8  98  75  87   5   0  22 0.00  0.0    0  7.8 15 180   M    M   1        20 190
 9  95  74  85   2   0  20 0.00  0.0    0  6.2 15 180   M    M   3        18 170
10  97  75  86   3   0  21 0.00  0.0    0  9.4 20 180   M    M   0        25 170
11  96  71  84   1   0  19 0.00  0.0    0  9.0 20 180   M    M   0        28 210
12  98  71  85   2   0  20 0.00  0.0    0  6.6 18 150   M    M   0        23 150
13 100  71  86   3   0  21 0.00  0.0    0  4.7 14 140   M    M   0        18 240
14 101  73  87   4   0  22 0.39  0.0    0  5.4 21 350   M    M   3 3      26 210
15  91  68  80  -3   0  15 0.00  0.0    0  9.6 17  20   M    M   1        22  50
16  89  64  77  -6   0  12 0.01  0.0    0  6.8 13 140   M    M   2        17 140
17  77  65  71 -13   0   6 1.29  0.0    0  7.9 17  80   M    M  10 13     24  70
18  73  63  68 -16   0   3 0.01  0.0    0  7.2 15  40   M    M  10 1      29  30
19  75  66  71 -13   0   6 0.00  0.0    0  1.5  M   M   M    M  10         M  M
20  88  63  76  -8   0  11 0.00  0.0    0  4.7 13 140   M    M   2 1      16 150
21  93  70  82  -2   0  17 0.00  0.0    0  5.4 12 110   M    M   2 18     15 140
22  94  73  84   0   0  19 0.00  0.0    0  3.7 13 110   M    M   1 18     15 150
23  94  71  83  -1   0  18 0.08  0.0    0  2.3 24  80   M    M   3 13     34   7
24  92  69  81  -3   0  16 0.00  0.0    0  4.3 13 120   M    M   2 1      17 110
25  96  71  84   0   0  19 0.00  0.0    0  7.9 18 140   M    M   0 1      22 140
26  98  73  86   2   0  21 0.00  0.0    0 10.3 20 140   M    M   0        26 140
27 101  77  89   5   0  24 0.00  0.0    0  8.9 15 210   M    M   0        23 190
28  92  71  82  -3   0  17 0.02  0.0    0  7.8 18 340   M    M   2        26  60
29  89  66  78  -7   0  13 0.00  0.0    0  3.7 10 280   M    M   1        15 220
30  86  71  79  -6   0  14 0.36  0.0    0  6.8 18 330   M    M   4 13     23 340
================================================================================
SM 2761 2113         0 498  3.36     0.0 202.6          M       67
================================================================================
AV 92.0 70.4                               6.8 FASTST   M    M   2    MAX(MPH)
                                 MISC ---->  # 24  80               # 39  160
================================================================================
NOTES:
# LAST OF SEVERAL OCCURRENCES

COLUMN 17 PEAK WIND IN M.P.H.

PRELIMINARY LOCAL CLIMATOLOGICAL DATA (WS FORM: F-6) , PAGE 2

                                          STATION:  MCKINNEY
                                          MONTH:    JULY
                                          YEAR:     2014
                                          LATITUDE:   33 10 N
                                          LONGITUDE:  96 35 W

[TEMPERATURE DATA]      [PRECIPITATION DATA]       SYMBOLS USED IN COLUMN 16

AVERAGE MONTHLY: 81.2   TOTAL FOR MONTH:   3.36    1 = FOG OR MIST
DPTR FM NORMAL:  -2.1   DPTR FM NORMAL:    1.24    2 = FOG REDUCING VISIBILITY
HIGHEST:   101 ON 27,14 GRTST 24HR  1.30 ON 16-17      TO 1/4 MILE OR LESS
LOWEST:     63 ON 20,18                            3 = THUNDER
                        SNOW, ICE PELLETS, HAIL    4 = ICE PELLETS
                        TOTAL MONTH:   0.0 INCH    5 = HAIL
                        GRTST 24HR     0.0         6 = FREEZING RAIN OR DRIZZLE
                        GRTST DEPTH:   0           7 = DUSTSTORM OR SANDSTORM:
                                                       VSBY 1/2 MILE OR LESS
                                                   8 = SMOKE OR HAZE
[NO. OF DAYS WITH]      [WEATHER - DAYS WITH]      9 = BLOWING SNOW
                                                   X = TORNADO
MAX 32 OR BELOW:   0    0.01 INCH OR MORE:   8
MAX 90 OR ABOVE:  22    0.10 INCH OR MORE:   4
MIN 32 OR BELOW:   0    0.50 INCH OR MORE:   2
MIN  0 OR BELOW:   0    1.00 INCH OR MORE:   2

[HDD (BASE 65) ]
TOTAL THIS MO.     0    CLEAR  (SCALE 0-3)  25
DPTR FM NORMAL     0    PTCLDY (SCALE 4-7)   2
TOTAL FM JUL 1     0    CLOUDY (SCALE 8-10)  3
DPTR FM NORMAL     0

[CDD (BASE 65) ]
TOTAL THIS MO.   498
DPTR FM NORMAL   -51    [PRESSURE DATA]
TOTAL FM JAN 1  1324    HIGHEST SLP M ON M
DPTR FM NORMAL    24    LOWEST  SLP 29.80 ON  1

[REMARKS]




U.S. Dept. of Commerce
NOAA National Weather Service
1325 East West Highway
Silver Spring, MD 20910
E-mail: w-nws.webmaster@noaa.gov
Page last modified: May 16, 2007
NATIONAL WEATHER SERVICE: for Safety, for Work, for Fun - FOR LIFE