846
CXUS54 KEPZ 271200
CF6TCS
PRELIMINARY LOCAL CLIMATOLOGICAL DATA (WS FORM: F-6)

                                          STATION:   TRUTH OR CONSEQUENCES
                                          MONTH:     AUGUST
                                          YEAR:      2014
                                          LATITUDE:   33 13 N
                                          LONGITUDE: 107 16 W

  TEMPERATURE IN F:       :PCPN:    SNOW:  WIND      :SUNSHINE: SKY     :PK WND
================================================================================
1   2   3   4   5  6A  6B    7    8   9   10  11  12  13   14  15   16   17  18
                                     12Z  AVG MX 2MIN
DY MAX MIN AVG DEP HDD CDD  WTR  SNW DPTH SPD SPD DIR MIN PSBL S-S WX    SPD DR
================================================================================

 1  82  63  73  -6   0   8 0.00  0.0    0  5.2 15 150   M    M   3        20 150
 2  78  68  73  -6   0   8    T  0.0    0  6.3 17 150   M    M   8        22 130
 3  82  63  73  -6   0   8 0.02  0.0    0  5.3 13 150   M    M   5        16 130
 4  85  69  77  -1   0  12    T  0.0    0  7.1 20 210   M    M   8        25 270
 5  89  63  76  -2   0  11 0.00  0.0    0  6.2 16 200   M    M   2        20 170
 6  94  66  80   2   0  15 0.00  0.0    0  5.0 13 210   M    M   0        19 240
 7  84  68  76  -2   0  11 0.01  0.0    0  8.3 20  20   M    M   5        36  30
 8  88  62  75  -3   0  10    T  0.0    0  5.3 13 160   M    M   2        18 160
 9  90  62  76  -2   0  11 0.41  0.0    0 10.1 41  30   M    M   2        59  50
10  85  63  74  -4   0   9 0.00  0.0    0  5.2 15 310   M    M   1        19 310
11  86  67  77  -1   0  12    T  0.0    0  9.6 18  20   M    M   4        23  90
12  86  68  77  -1   0  12 0.00  0.0    0  5.1 17 190   M    M   3        22 220
13  86  65  76  -2   0  11 0.08  0.0    0  6.0 23 130   M    M   5        31 110
14  87  63  75  -2   0  10 0.78  0.0    0  7.2 25 260   M    M   3        35 270
15  86  63  75  -2   0  10 0.00  0.0    0  6.7 18 320   M    M   1        24 320
16  94  66  80   3   0  15 0.00  0.0    0  6.7 25 110   M    M   0        32 110
17  91  67  79   2   0  14 0.00  0.0    0  4.0 20 160   M    M   1        27 160
18  91  67  79   2   0  14 0.00  0.0    0  5.4 14 160   M    M   0        19 170
19  88  67  78   1   0  13    T  0.0    0  9.3 28 260   M    M   1        37 250
20  89  67  78   1   0  13 0.00  0.0    0  5.7 13 300   M    M   3        16 310
21  90  63  77   0   0  12 0.00  0.0    0  7.8 16 310   M    M   0        22 310
22  81  63  72  -4   0   7 0.12  0.0    0  8.3 21 150   M    M   6        26 150
23  88  60  74  -2   0   9 0.00  0.0    0  7.3 16 170   M    M   3        22 190
24  92  62  77   1   0  12 0.00  0.0    0  5.9 17 190   M    M   0        23 200
25  86  65  76   0   0  11    T  0.0    0  7.7 22 250   M    M   2        26 260
26  82  65  74  -2   0   9    T  0.0    0  6.0 20 140   M    M   5        23 130
================================================================================
SM 2260 1685         0 287  1.42     0.0 172.7          M       73
================================================================================
AV 86.9 64.8                               6.6 FASTST   M    M   3    MAX(MPH)
                                 MISC ---->  # 41  30               # 59   50
================================================================================
NOTES:
# LAST OF SEVERAL OCCURRENCES

COLUMN 17 PEAK WIND IN M.P.H.

PRELIMINARY LOCAL CLIMATOLOGICAL DATA (WS FORM: F-6) , PAGE 2

                                          STATION:  TRUTH OR CONSEQUENCES
                                          MONTH:    AUGUST
                                          YEAR:     2014
                                          LATITUDE:   33 13 N
                                          LONGITUDE: 107 16 W

[TEMPERATURE DATA]      [PRECIPITATION DATA]       SYMBOLS USED IN COLUMN 16

AVERAGE MONTHLY: 75.9   TOTAL FOR MONTH:   1.42    1 = FOG OR MIST
DPTR FM NORMAL:  -1.6   DPTR FM NORMAL:   -0.48    2 = FOG REDUCING VISIBILITY
HIGHEST:    94 ON 16, 6 GRTST 24HR  0.80 ON 13-14      TO 1/4 MILE OR LESS
LOWEST:     60 ON 23                               3 = THUNDER
                        SNOW, ICE PELLETS, HAIL    4 = ICE PELLETS
                        TOTAL MONTH:   0.0 INCH    5 = HAIL
                        GRTST 24HR     0.0         6 = FREEZING RAIN OR DRIZZLE
                        GRTST DEPTH:   0           7 = DUSTSTORM OR SANDSTORM:
                                                       VSBY 1/2 MILE OR LESS
                                                   8 = SMOKE OR HAZE
[NO. OF DAYS WITH]      [WEATHER - DAYS WITH]      9 = BLOWING SNOW
                                                   X = TORNADO
MAX 32 OR BELOW:   0    0.01 INCH OR MORE:   6
MAX 90 OR ABOVE:   7    0.10 INCH OR MORE:   3
MIN 32 OR BELOW:   0    0.50 INCH OR MORE:   1
MIN  0 OR BELOW:   0    1.00 INCH OR MORE:   0

[HDD (BASE 65) ]
TOTAL THIS MO.     0    CLEAR  (SCALE 0-3)  16
DPTR FM NORMAL     0    PTCLDY (SCALE 4-7)   9
TOTAL FM JUL 1     0    CLOUDY (SCALE 8-10)  1
DPTR FM NORMAL     0

[CDD (BASE 65) ]
TOTAL THIS MO.   287
DPTR FM NORMAL   -36    [PRESSURE DATA]
TOTAL FM JAN 1  1523    HIGHEST SLP M ON M
DPTR FM NORMAL   176    LOWEST  SLP 29.64 ON 19

[REMARKS]




U.S. Dept. of Commerce
NOAA National Weather Service
1325 East West Highway
Silver Spring, MD 20910
E-mail: w-nws.webmaster@noaa.gov
Page last modified: May 16, 2007
NATIONAL WEATHER SERVICE: for Safety, for Work, for Fun - FOR LIFE