192
CXUS54 KEPZ 011202
CF6TCS
PRELIMINARY LOCAL CLIMATOLOGICAL DATA (WS FORM: F-6)

                                          STATION:   TRUTH OR CONSEQUENCES
                                          MONTH:     NOVEMBER
                                          YEAR:      2014
                                          LATITUDE:   33 13 N
                                          LONGITUDE: 107 16 W

  TEMPERATURE IN F:       :PCPN:    SNOW:  WIND      :SUNSHINE: SKY     :PK WND
================================================================================
1   2   3   4   5  6A  6B    7    8   9   10  11  12  13   14  15   16   17  18
                                     12Z  AVG MX 2MIN
DY MAX MIN AVG DEP HDD CDD  WTR  SNW DPTH SPD SPD DIR MIN PSBL S-S WX    SPD DR
================================================================================

 1  75  49  62   7   3   0 0.00  0.0    0  8.6 25 180   M    M   0        35 170
 2  76  54  65  10   0   0 0.23  0.0    0 13.3 35 250   M    M   2 18     48 250
 3  62  46  54   0  11   0 0.00  0.0    0  7.9 15 200   M    M   4        20 190
 4  56  44  50  -4  15   0 0.00  0.0    0 16.4 30  30   M    M   4        40  20
 5  65  37  51  -3  14   0 0.00  0.0    0  6.2 17  30   M    M   0        22  20
 6  67  38  53   0  12   0 0.00  0.0    0  7.1 23  30   M    M   0        29  30
 7  68  36  52  -1  13   0 0.00  0.0    0  7.3 13 190   M    M   0        17 160
 8  67  45  56   4   9   0 0.00  0.0    0  8.8 22  20   M    M   0        27  30
 9  67  38  53   1  12   0 0.00  0.0    0  8.0 16 190   M    M   0        19 190
10  76  40  58   6   7   0 0.00  0.0    0  7.4 22 230   M    M   0        29 230
11  73  43  58   7   7   0 0.00  0.0    0  6.7 20 170   M    M   0        24 170
12  59  34  47  -4  18   0 0.00  0.0    0  6.7 20 140   M    M   0        23 130
13  49  28  39 -11  26   0 0.00  0.0    0  6.6 16 190   M    M   1        20 200
14  58  30  44  -6  21   0 0.00  0.0    0  5.9 14 180   M    M   0        17 170
15  68  43  56   7   9   0 0.00  0.0    0  6.5 18 190   M    M   0        27 190
16  52  30  41  -8  24   0 0.04  0.0    0 10.8 29 320   M    M   1 1      42 310
17  48  24  36 -13  29   0 0.00  0.0    0  4.3  9 300   M    M   0        12 120
18  55  23  39  -9  26   0 0.00  0.0    0  4.1 10 280   M    M   0        12 280
19  55  26  41  -7  24   0 0.00  0.0    0  3.7 12 300   M    M   0        13 280
20  64  30  47   0  18   0 0.00  0.0    0  6.1 12 310   M    M   0        17 310
21  59  32  46  -1  19   0 0.00  0.0    0  4.9 14 300   M    M   0        18 310
22  64  35  50   3  15   0 0.00  0.0    0  5.5 17 270   M    M   0        20 280
23  60  36  48   2  17   0 0.00  0.0    0 13.6 35 300   M    M   0        50 290
24  56  30  43  -3  22   0 0.00  0.0    0 11.6 24 310   M    M   0        33 310
25  54  26  40  -5  25   0 0.00  0.0    0  6.6 15 250   M    M   0        19 250
26  65  30  48   3  17   0 0.00  0.0    0  3.0 12 310   M    M   0        13 320
27  65  34  50   5  15   0 0.00  0.0    0  5.2 12 280   M    M   0        13 280
28  67  33  50   6  15   0 0.00  0.0    0  6.2 14 190   M    M   0        17 200
29  69  33  51   7  14   0 0.00  0.0    0  7.1 15 290   M    M   0        17 290
30  68  38  53   9  12   0 0.00  0.0    0  4.8 12 230   M    M   0        14 230
================================================================================
SM 1887 1065       469   0  0.27     0.0 220.9          M       12
================================================================================
AV 62.9 35.5                               7.4 FASTST   M    M   0    MAX(MPH)
                                 MISC ---->  # 35 250               # 50  290
================================================================================
NOTES:
# LAST OF SEVERAL OCCURRENCES

COLUMN 17 PEAK WIND IN M.P.H.

PRELIMINARY LOCAL CLIMATOLOGICAL DATA (WS FORM: F-6) , PAGE 2

                                          STATION:  TRUTH OR CONSEQUENCES
                                          MONTH:    NOVEMBER
                                          YEAR:     2014
                                          LATITUDE:   33 13 N
                                          LONGITUDE: 107 16 W

[TEMPERATURE DATA]      [PRECIPITATION DATA]       SYMBOLS USED IN COLUMN 16

AVERAGE MONTHLY: 49.2   TOTAL FOR MONTH:   0.27    1 = FOG OR MIST
DPTR FM NORMAL:  -0.1   DPTR FM NORMAL:   -0.41    2 = FOG REDUCING VISIBILITY
HIGHEST:    76 ON 10, 2 GRTST 24HR  0.23 ON  2- 2      TO 1/4 MILE OR LESS
LOWEST:     23 ON 18                               3 = THUNDER
                        SNOW, ICE PELLETS, HAIL    4 = ICE PELLETS
                        TOTAL MONTH:   0.0 INCH    5 = HAIL
                        GRTST 24HR     0.0         6 = FREEZING RAIN OR DRIZZLE
                        GRTST DEPTH:   0           7 = DUSTSTORM OR SANDSTORM:
                                                       VSBY 1/2 MILE OR LESS
                                                   8 = SMOKE OR HAZE
[NO. OF DAYS WITH]      [WEATHER - DAYS WITH]      9 = BLOWING SNOW
                                                   X = TORNADO
MAX 32 OR BELOW:   0    0.01 INCH OR MORE:   2
MAX 90 OR ABOVE:   0    0.10 INCH OR MORE:   1
MIN 32 OR BELOW:  11    0.50 INCH OR MORE:   0
MIN  0 OR BELOW:   0    1.00 INCH OR MORE:   0

[HDD (BASE 65) ]
TOTAL THIS MO.   469    CLEAR  (SCALE 0-3)  28
DPTR FM NORMAL    -4    PTCLDY (SCALE 4-7)   2
TOTAL FM JUL 1   523    CLOUDY (SCALE 8-10)  0
DPTR FM NORMAL  -116

[CDD (BASE 65) ]
TOTAL THIS MO.     0
DPTR FM NORMAL     0    [PRESSURE DATA]
TOTAL FM JAN 1  1865    HIGHEST SLP 30.45 ON 25
DPTR FM NORMAL   243    LOWEST  SLP 29.58 ON 10

[REMARKS]
#FINAL-11-14#




U.S. Dept. of Commerce
NOAA National Weather Service
1325 East West Highway
Silver Spring, MD 20910
E-mail: w-nws.webmaster@noaa.gov
Page last modified: May 16, 2007
NATIONAL WEATHER SERVICE: for Safety, for Work, for Fun - FOR LIFE