886
CXUS54 KEPZ 291200
CF6TCS
PRELIMINARY LOCAL CLIMATOLOGICAL DATA (WS FORM: F-6)

                                          STATION:   TRUTH OR CONSEQUENCES
                                          MONTH:     JULY
                                          YEAR:      2014
                                          LATITUDE:   33 13 N
                                          LONGITUDE: 107 16 W

  TEMPERATURE IN F:       :PCPN:    SNOW:  WIND      :SUNSHINE: SKY     :PK WND
================================================================================
1   2   3   4   5  6A  6B    7    8   9   10  11  12  13   14  15   16   17  18
                                     12Z  AVG MX 2MIN
DY MAX MIN AVG DEP HDD CDD  WTR  SNW DPTH SPD SPD DIR MIN PSBL S-S WX    SPD DR
================================================================================

 1  97  70  84   4   0  19    T  0.0    0 12.0 26  10   M    M   0        35 290
 2  92  65  79  -1   0  14 0.00  0.0    0  9.5 35 290   M    M   0        44 310
 3  91  66  79  -1   0  14 0.00  0.0    0  7.1 26  20   M    M   2        36  30
 4  92  63  78  -2   0  13 0.03  0.0    0  6.6 28  30   M    M   2        39  30
 5  91  71  81   1   0  16    T  0.0    0  9.9 23 260   M    M   4        28 260
 6  88  73  81   1   0  16 0.00  0.0    0  7.8 21 250   M    M   3        26 260
 7  93  64  79  -1   0  14 0.00  0.0    0  5.2 16 130   M    M   0        24 130
 8  95  68  82   2   0  17 0.10  0.0    0  7.2 22 110   M    M   3        31  60
 9  94  64  79  -1   0  14 0.00  0.0    0  7.7 25 150   M    M   1        31 150
10  95  72  84   4   0  19 0.01  0.0    0  6.4 24 310   M    M   3 8      42 300
11  96  69  83   3   0  18 0.25  0.0    0 10.6 26 300   M    M   3        34 310
12  92  65  79  -1   0  14    T  0.0    0  6.6 28 150   M    M   1        33 130
13  91  68  80   0   0  15    T  0.0    0  7.0 26 110   M    M   3        33 110
14  92  69  81   1   0  16 0.00  0.0    0  8.8 26 330   M    M   2        37 310
15  88  66  77  -3   0  12 0.06  0.0    0  8.6 23 290   M    M   5        29 340
16  90  67  79  -1   0  14 0.24  0.0    0  8.8 33 300   M    M   3        44 320
17  92  66  79  -1   0  14 0.00  0.0    0  8.2 21 250   M    M   0        26 260
18  95  70  83   3   0  18 0.00  0.0    0  6.0 15 230   M    M   0        18 230
19  99  71  85   5   0  20 0.00  0.0    0  7.0 15 160   M    M   0        21 140
20 100  73  87   7   0  22 0.00  0.0    0  9.0 29 280   M    M   1        37 290
21  98  71  85   5   0  20 0.00  0.0    0  7.3 25 290   M    M   2        31 290
22 100  73  87   7   0  22 0.00  0.0    0  9.4 32  80   M    M   1        43  80
23  92  69  81   2   0  16 0.03  0.0    0  5.4 18 130   M    M   2        24 130
24  95  67  81   2   0  16 0.00  0.0    0  7.2 17 170   M    M   0        23 170
25  98  68  83   4   0  18 0.00  0.0    0  5.9 15 150   M    M   0        23  80
26 102  72  87   8   0  22 0.11  0.0    0  7.4 22  40   M    M   0        29  40
27 100  71  86   7   0  21    T  0.0    0 11.8 23 150   M    M   1        28 140
28  88  69  79   0   0  14 0.03  0.0    0  6.8 21 280   M    M   6        24 280
================================================================================
SM 2636 1920         0 468  0.86     0.0 221.2          M       48
================================================================================
AV 94.1 68.6                               7.9 FASTST   M    M   2    MAX(MPH)
                                 MISC ---->  # 35 290               # 44  310
================================================================================
NOTES:
# LAST OF SEVERAL OCCURRENCES

COLUMN 17 PEAK WIND IN M.P.H.

PRELIMINARY LOCAL CLIMATOLOGICAL DATA (WS FORM: F-6) , PAGE 2

                                          STATION:  TRUTH OR CONSEQUENCES
                                          MONTH:    JULY
                                          YEAR:     2014
                                          LATITUDE:   33 13 N
                                          LONGITUDE: 107 16 W

[TEMPERATURE DATA]      [PRECIPITATION DATA]       SYMBOLS USED IN COLUMN 16

AVERAGE MONTHLY: 81.4   TOTAL FOR MONTH:   0.86    1 = FOG OR MIST
DPTR FM NORMAL:   1.6   DPTR FM NORMAL:   -1.01    2 = FOG REDUCING VISIBILITY
HIGHEST:   102 ON 26    GRTST 24HR  0.29 ON 15-16      TO 1/4 MILE OR LESS
LOWEST:     63 ON  4                               3 = THUNDER
                        SNOW, ICE PELLETS, HAIL    4 = ICE PELLETS
                        TOTAL MONTH:   0.0 INCH    5 = HAIL
                        GRTST 24HR     0.0         6 = FREEZING RAIN OR DRIZZLE
                        GRTST DEPTH:   0           7 = DUSTSTORM OR SANDSTORM:
                                                       VSBY 1/2 MILE OR LESS
                                                   8 = SMOKE OR HAZE
[NO. OF DAYS WITH]      [WEATHER - DAYS WITH]      9 = BLOWING SNOW
                                                   X = TORNADO
MAX 32 OR BELOW:   0    0.01 INCH OR MORE:   9
MAX 90 OR ABOVE:  25    0.10 INCH OR MORE:   4
MIN 32 OR BELOW:   0    0.50 INCH OR MORE:   0
MIN  0 OR BELOW:   0    1.00 INCH OR MORE:   0

[HDD (BASE 65) ]
TOTAL THIS MO.     0    CLEAR  (SCALE 0-3)  24
DPTR FM NORMAL     0    PTCLDY (SCALE 4-7)   4
TOTAL FM JUL 1     0    CLOUDY (SCALE 8-10)  0
DPTR FM NORMAL     0

[CDD (BASE 65) ]
TOTAL THIS MO.   468
DPTR FM NORMAL    55    [PRESSURE DATA]
TOTAL FM JAN 1  1199    HIGHEST SLP M ON M
DPTR FM NORMAL   215    LOWEST  SLP 29.56 ON  1

[REMARKS]




U.S. Dept. of Commerce
NOAA National Weather Service
1325 East West Highway
Silver Spring, MD 20910
E-mail: w-nws.webmaster@noaa.gov
Page last modified: May 16, 2007
NATIONAL WEATHER SERVICE: for Safety, for Work, for Fun - FOR LIFE