330
CXUS54 KBMX 181216
CF6TCL
PRELIMINARY LOCAL CLIMATOLOGICAL DATA (WS FORM: F-6)

                                          STATION:   TUSCALOOSA
                                          MONTH:     SEPTEMBER
                                          YEAR:      2014
                                          LATITUDE:   33 13 N
                                          LONGITUDE:  87 37 W

  TEMPERATURE IN F:       :PCPN:    SNOW:  WIND      :SUNSHINE: SKY     :PK WND
================================================================================
1   2   3   4   5  6A  6B    7    8   9   10  11  12  13   14  15   16   17  18
                                     12Z  AVG MX 2MIN
DY MAX MIN AVG DEP HDD CDD  WTR  SNW DPTH SPD SPD DIR MIN PSBL S-S WX    SPD DR
================================================================================

 1  97  74  86   6   0  21 0.00  0.0    0  4.0 13 220   M    M   0        17 230
 2  96  73  85   5   0  20    T  0.0    0  3.9 15 230   M    M   0 3      21 230
 3  93  72  83   4   0  18    T  0.0    0  3.4 14 250   M    M   2 1      18 120
 4  94  74  84   5   0  19 0.01  0.0    0  2.2 20  30   M    M   2 3      24  30
 5  94  71  83   4   0  18 0.00  0.0    0  2.3 14  60   M    M   1 13     17  60
 6  95  71  83   4   0  18 0.30  0.0    0  2.1 21 170   M    M   3 13     24 180
 7  95  73  84   6   0  19 0.11  0.0    0  3.4 20 360   M    M   3 13     25 140
 8  93  71  82   4   0  17 0.00  0.0    0  3.7 13 170   M    M   2 1      15 170
 9  91  72  82   4   0  17 0.00  0.0    0  5.5 13 190   M    M   1        16 180
10  94  74  84   6   0  19 0.00  0.0    0  7.6 14 130   M    M   3        19 160
11  94  75  85   8   0  20 0.00  0.0    0  4.3 13 180   M    M   2        17 200
12  95  73  84   7   0  19 0.47  0.0    0  4.2 20 250   M    M   4 138    26 250
13  81  66  74  -3   0   9 0.00  0.0    0  9.6 16  10   M    M   7 1      20  10
14  90  63  77   1   0  12 0.00  0.0    0  3.5  9 310   M    M   0 1      13 340
15  91  69  80   4   0  15    T  0.0    0  3.3 16 310   M    M   2 3      20 310
16  91  71  81   5   0  16    T  0.0    0  2.9 12  20   M    M   2 1      14 360
17  89  67  78   3   0  13 0.00  0.0    0  4.5 12  10   M    M   2        16  30
================================================================================
SM 1573 1209         0 290  0.89     0.0  70.4          M       36
================================================================================
AV 92.5 71.1                               4.1 FASTST   M    M   2    MAX(MPH)
                                 MISC ---->  # 21 170               # 26  250
================================================================================
NOTES:
# LAST OF SEVERAL OCCURRENCES

COLUMN 17 PEAK WIND IN M.P.H.

PRELIMINARY LOCAL CLIMATOLOGICAL DATA (WS FORM: F-6) , PAGE 2

                                          STATION:  TUSCALOOSA
                                          MONTH:    SEPTEMBER
                                          YEAR:     2014
                                          LATITUDE:   33 13 N
                                          LONGITUDE:  87 37 W

[TEMPERATURE DATA]      [PRECIPITATION DATA]       SYMBOLS USED IN COLUMN 16

AVERAGE MONTHLY: 81.8   TOTAL FOR MONTH:   0.89    1 = FOG OR MIST
DPTR FM NORMAL:   4.1   DPTR FM NORMAL:   -1.13    2 = FOG REDUCING VISIBILITY
HIGHEST:    97 ON  1    GRTST 24HR  0.47 ON 12-12      TO 1/4 MILE OR LESS
LOWEST:     63 ON 14                               3 = THUNDER
                        SNOW, ICE PELLETS, HAIL    4 = ICE PELLETS
                        TOTAL MONTH:   0.0 INCH    5 = HAIL
                        GRTST 24HR     0.0         6 = FREEZING RAIN OR DRIZZLE
                        GRTST DEPTH:   0           7 = DUSTSTORM OR SANDSTORM:
                                                       VSBY 1/2 MILE OR LESS
                                                   8 = SMOKE OR HAZE
[NO. OF DAYS WITH]      [WEATHER - DAYS WITH]      9 = BLOWING SNOW
                                                   X = TORNADO
MAX 32 OR BELOW:   0    0.01 INCH OR MORE:   4
MAX 90 OR ABOVE:  15    0.10 INCH OR MORE:   3
MIN 32 OR BELOW:   0    0.50 INCH OR MORE:   0
MIN  0 OR BELOW:   0    1.00 INCH OR MORE:   0

[HDD (BASE 65) ]
TOTAL THIS MO.     0    CLEAR  (SCALE 0-3)  14
DPTR FM NORMAL     0    PTCLDY (SCALE 4-7)   3
TOTAL FM JUL 1     0    CLOUDY (SCALE 8-10)  0
DPTR FM NORMAL     0

[CDD (BASE 65) ]
TOTAL THIS MO.   290
DPTR FM NORMAL    73    [PRESSURE DATA]
TOTAL FM JAN 1  1980    HIGHEST SLP M ON M
DPTR FM NORMAL    26    LOWEST  SLP 29.92 ON M

[REMARKS]




U.S. Dept. of Commerce
NOAA National Weather Service
1325 East West Highway
Silver Spring, MD 20910
E-mail: w-nws.webmaster@noaa.gov
Page last modified: May 16, 2007
NATIONAL WEATHER SERVICE: for Safety, for Work, for Fun - FOR LIFE