628
CXUS55 KPUB 231059
CF6TAD
PRELIMINARY LOCAL CLIMATOLOGICAL DATA (WS FORM: F-6)

                                          STATION:   TRINIDAD CO
                                          MONTH:     APRIL
                                          YEAR:      2014
                                          LATITUDE:   37 16 N
                                          LONGITUDE: 104 20 W

  TEMPERATURE IN F:       :PCPN:    SNOW:  WIND      :SUNSHINE: SKY     :PK WND
================================================================================
1   2   3   4   5  6A  6B    7    8   9   10  11  12  13   14  15   16   17  18
                                     12Z  AVG MX 2MIN
DY MAX MIN AVG DEP HDD CDD  WTR  SNW DPTH SPD SPD DIR MIN PSBL S-S WX    SPD DR
================================================================================

 1  73  24  49   3  16   0 0.00  0.0    0 14.4 36 240   M    M   0        46 230
 2  72  39  56  10   9   0 0.00  0.0    0 13.7 30 250   M    M   0        46 200
 3  40  27  34 -12  31   0 0.08    M    M 10.0 25  20   M    M   6 18     32 360
 4  58  23  41  -5  24   0 0.00  0.0    0  8.4 20 220   M    M   1        27 220
 5  53  35  44  -3  21   0 0.06    M    0  7.2 17  90   M    M   6        25  80
 6  54  34  44  -3  21   0 0.08  0.0    0 11.0 29 340   M    M   9        37 330
 7  53  31  42  -5  23   0    T    M    0 11.1 25 360   M    M   5        31 360
 8  67  27  47   0  18   0 0.00  0.0    0  9.5 22 260   M    M   0        26 260
 9  79  35  57   9   8   0 0.00  0.0    0 13.3 28 320   M    M   0        36 310
10  73  42  58  10   7   0 0.00  0.0    0 10.5 24 150   M    M   0        30 140
11  80  37  59  11   6   0 0.00  0.0    0 10.0 20 250   M    M   0        26 130
12  80  44  62  14   3   0 0.00  0.0    0 13.3 28 260   M    M   1        41 260
13  54  20  37 -12  28   0    T    M    0 14.0 30 340   M    M   8 128    37 330
14  36  19  28 -21  37   0 0.03    M    M  6.2 15  10   M    M   6 1      18 130
15  68  25  47  -2  18   0 0.00  0.0    0  8.1 15 250   M    M   0        18 240
16  59  34  47  -3  18   0 0.28  0.0    0 11.0 24  60   M    M   4 1      31  40
17  57  33  45  -5  20   0 0.09    M    0  6.9 24 240   M    M   5 1      28 260
18  77  41  59   9   6   0 0.00  0.0    0 14.4 30 200   M    M   0        36 200
19  74  51  63  12   2   0    T  0.0    0 11.7 29 170   M    M   3        33 170
20  64  47  56   5   9   0 0.04  0.0    0  9.4 18 300   M    M   5        24 290
21  67  44  56   5   9   0    T    M    0 11.1 22  30   M    M   2        28  20
22  78  51  65  13   0   0    T  0.0    0 19.5 45 230   M    M   1        58 230
================================================================================
SM 1416  763       334   0  0.66     0.0 244.7          M       62
================================================================================
AV 64.4 34.7                              11.1 FASTST   M    M   3    MAX(MPH)
                                 MISC ---->  # 45 230               # 58  230
================================================================================
NOTES:
# LAST OF SEVERAL OCCURRENCES

COLUMN 17 PEAK WIND IN M.P.H.

PRELIMINARY LOCAL CLIMATOLOGICAL DATA (WS FORM: F-6) , PAGE 2

                                          STATION:  TRINIDAD CO
                                          MONTH:    APRIL
                                          YEAR:     2014
                                          LATITUDE:   37 16 N
                                          LONGITUDE: 104 20 W

[TEMPERATURE DATA]      [PRECIPITATION DATA]       SYMBOLS USED IN COLUMN 16

AVERAGE MONTHLY: 49.5   TOTAL FOR MONTH:   0.66    1 = FOG OR MIST
DPTR FM NORMAL:   1.1   DPTR FM NORMAL:   -0.14    2 = FOG REDUCING VISIBILITY
HIGHEST:    80 ON 12,11 GRTST 24HR  0.37 ON 16-17      TO 1/4 MILE OR LESS
LOWEST:     19 ON 14                               3 = THUNDER
                        SNOW, ICE PELLETS, HAIL    4 = ICE PELLETS
                        TOTAL MONTH:   0.0 INCH    5 = HAIL
                        GRTST 24HR     0.0         6 = FREEZING RAIN OR DRIZZLE
                        GRTST DEPTH:   0           7 = DUSTSTORM OR SANDSTORM:
                                                       VSBY 1/2 MILE OR LESS
                                                   8 = SMOKE OR HAZE
[NO. OF DAYS WITH]      [WEATHER - DAYS WITH]      9 = BLOWING SNOW
                                                   X = TORNADO
MAX 32 OR BELOW:   0    0.01 INCH OR MORE:   7
MAX 90 OR ABOVE:   0    0.10 INCH OR MORE:   1
MIN 32 OR BELOW:   8    0.50 INCH OR MORE:   0
MIN  0 OR BELOW:   0    1.00 INCH OR MORE:   0

[HDD (BASE 65) ]
TOTAL THIS MO.   334    CLEAR  (SCALE 0-3)  13
DPTR FM NORMAL   -30    PTCLDY (SCALE 4-7)   8
TOTAL FM JUL 1  5011    CLOUDY (SCALE 8-10)  1
DPTR FM NORMAL  -182

[CDD (BASE 65) ]
TOTAL THIS MO.     0
DPTR FM NORMAL     0    [PRESSURE DATA]
TOTAL FM JAN 1     0    HIGHEST SLP M ON M
DPTR FM NORMAL     0    LOWEST  SLP 29.50 ON 13

[REMARKS]




U.S. Dept. of Commerce
NOAA National Weather Service
1325 East West Highway
Silver Spring, MD 20910
E-mail: w-nws.webmaster@noaa.gov
Page last modified: May 16, 2007
NATIONAL WEATHER SERVICE: for Safety, for Work, for Fun - FOR LIFE