314
CXUS55 KPUB 291159
CF6TAD
PRELIMINARY LOCAL CLIMATOLOGICAL DATA (WS FORM: F-6)

                                          STATION:   TRINIDAD CO
                                          MONTH:     JANUARY
                                          YEAR:      2015
                                          LATITUDE:   37 16 N
                                          LONGITUDE: 104 20 W

  TEMPERATURE IN F:       :PCPN:    SNOW:  WIND      :SUNSHINE: SKY     :PK WND
================================================================================
1   2   3   4   5  6A  6B    7    8   9   10  11  12  13   14  15   16   17  18
                                     12Z  AVG MX 2MIN
DY MAX MIN AVG DEP HDD CDD  WTR  SNW DPTH SPD SPD DIR MIN PSBL S-S WX    SPD DR
================================================================================

 1  25   0  13 -19  52   0 0.00  0.0    M  7.9 14 260   M    M   1        16 250
 2  28   7  18 -14  47   0 0.00  0.0    M  9.6 18 250   M    M   0        20 240
 3  39  11  25  -7  40   0    M    M    M  9.8 22  40   M    M   4 1      27  30
 4  30  -5  13 -19  52   0 0.00  0.0    M  6.0 22 250   M    M   0 1      23 250
 5  53  17  35   3  30   0 0.00  0.0    0 11.5 23 290   M    M   0        26 290
 6  48  30  39   7  26   0 0.00  0.0    0  6.8 16 240   M    M   0        19 240
 7  34  16  25  -7  40   0    M    M    M  8.9 24 250   M    M   7 126    29 240
 8  56  23  40   8  25   0 0.00  0.0    M 10.8 31 250   M    M   1        37 240
 9   M   M   M   M   M   M    M    M    M  8.4 22 240   M    M   8 68     27 240
10  54  25  40   8  25   0 0.00  0.0    M 12.6 26 240   M    M   0        31 240
11  51  30  41   9  24   0 0.00  0.0    0  8.7 21 240   M    M   4        25 240
12  31  24  28  -4  37   0    M    M    0  7.2 10  60   M    M  10 12     13  50
13  27  21  24  -8  41   0    M    M    M  3.0  9  60   M    M   9 1      10  60
14  30  18  24  -8  41   0    M    M    M  4.8 13 260   M    M   7 1      14 260
15  44  21  33   1  32   0 0.00  0.0    0  9.9 18 240   M    M   0        22 240
16  61  27  44  12  21   0 0.00  0.0    0 10.6 21 240   M    M   0        23 250
17  53  34  44  12  21   0 0.00  0.0    0 15.6 35 310   M    M   0        43 310
18  62  37  50  18  15   0 0.00  0.0    0 11.3 26 320   M    M   0        33 310
19  57  31  44  12  21   0 0.00  0.0    0  9.3 22 110   M    M   2        24 110
20  39  26  33   1  32   0 0.00  0.0    0  6.4 12  30   M    M   6        14 290
21  34  22  28  -4  37   0    T    M    M  9.9 23  20   M    M  10 1      28  30
22  27   5  16 -16  49   0    T    M    M  8.1 22 250   M    M   3 1      25 240
23  42  11  27  -5  38   0 0.00  0.0    M 10.8 22 240   M    M   1        25 240
24  53  24  39   6  26   0 0.00  0.0    M 10.5 22 240   M    M   0        25 240
25  53  25  39   6  26   0 0.00  0.0    M  8.8 17 250   M    M   0        20 250
26  62  35  49  16  16   0 0.00  0.0    M 12.5 21 240   M    M   0        23 240
27  69  34  52  19  13   0 0.00  0.0    0  9.9 22 240   M    M   0        26 240
28  66  34  50  17  15   0 0.00  0.0    0 10.4 25 310   M    M   0 8      32 310
================================================================================
SM 1228  583       842   0    T      0.0 260.0          M       73
================================================================================
AV 45.5 21.6                               9.3 FASTST   M    M   3    MAX(MPH)
                                 MISC ---->  # 35 310               # 43  310
================================================================================
NOTES:
# LAST OF SEVERAL OCCURRENCES

COLUMN 17 PEAK WIND IN M.P.H.

PRELIMINARY LOCAL CLIMATOLOGICAL DATA (WS FORM: F-6) , PAGE 2

                                          STATION:  TRINIDAD CO
                                          MONTH:    JANUARY
                                          YEAR:     2015
                                          LATITUDE:   37 16 N
                                          LONGITUDE: 104 20 W

[TEMPERATURE DATA]      [PRECIPITATION DATA]       SYMBOLS USED IN COLUMN 16

AVERAGE MONTHLY: 33.5   TOTAL FOR MONTH:      T    1 = FOG OR MIST
DPTR FM NORMAL:   1.4   DPTR FM NORMAL:   -0.36    2 = FOG REDUCING VISIBILITY
HIGHEST:    69 ON 27    GRTST 24HR    T  ON 22-22      TO 1/4 MILE OR LESS
LOWEST:     -5 ON  4                               3 = THUNDER
                        SNOW, ICE PELLETS, HAIL    4 = ICE PELLETS
                        TOTAL MONTH:   0.0 INCH    5 = HAIL
                        GRTST 24HR     0.0         6 = FREEZING RAIN OR DRIZZLE
                        GRTST DEPTH:   0           7 = DUSTSTORM OR SANDSTORM:
                                                       VSBY 1/2 MILE OR LESS
                                                   8 = SMOKE OR HAZE
[NO. OF DAYS WITH]      [WEATHER - DAYS WITH]      9 = BLOWING SNOW
                                                   X = TORNADO
MAX 32 OR BELOW:   7    0.01 INCH OR MORE:   0
MAX 90 OR ABOVE:   0    0.10 INCH OR MORE:   0
MIN 32 OR BELOW:  22    0.50 INCH OR MORE:   0
MIN  0 OR BELOW:   2    1.00 INCH OR MORE:   0

[HDD (BASE 65) ]
TOTAL THIS MO.   842    CLEAR  (SCALE 0-3)  19
DPTR FM NORMAL   -74    PTCLDY (SCALE 4-7)   5
TOTAL FM JUL 1  2900    CLOUDY (SCALE 8-10)  4
DPTR FM NORMAL  -284

[CDD (BASE 65) ]
TOTAL THIS MO.     0
DPTR FM NORMAL     0    [PRESSURE DATA]
TOTAL FM JAN 1     0    HIGHEST SLP 99.90 ON 24
DPTR FM NORMAL     0    LOWEST  SLP 29.99 ON  3

[REMARKS]




U.S. Dept. of Commerce
NOAA National Weather Service
1325 East West Highway
Silver Spring, MD 20910
E-mail: w-nws.webmaster@noaa.gov
Page last modified: May 16, 2007
NATIONAL WEATHER SERVICE: for Safety, for Work, for Fun - FOR LIFE