760
CXUS55 KPUB 011159
CF6TAD
PRELIMINARY LOCAL CLIMATOLOGICAL DATA (WS FORM: F-6)

                                          STATION:   TRINIDAD CO
                                          MONTH:     NOVEMBER
                                          YEAR:      2014
                                          LATITUDE:   37 16 N
                                          LONGITUDE: 104 20 W

  TEMPERATURE IN F:       :PCPN:    SNOW:  WIND      :SUNSHINE: SKY     :PK WND
================================================================================
1   2   3   4   5  6A  6B    7    8   9   10  11  12  13   14  15   16   17  18
                                     12Z  AVG MX 2MIN
DY MAX MIN AVG DEP HDD CDD  WTR  SNW DPTH SPD SPD DIR MIN PSBL S-S WX    SPD DR
================================================================================

 1  76  50  63  16   2   0 0.00  0.0    0 17.9 26 250   M    M   0        32 250
 2  71  50  61  14   4   0    T  0.0    0 14.1 40 210   M    M   2        51 220
 3  62  37  50   4  15   0 0.00  0.0    0 12.0 28 240   M    M   2        34 240
 4  56  36  46   0  19   0 0.00  0.0    0  6.9 23 250   M    M   3        29 250
 5  61  32  47   2  18   0 0.00  0.0    0  9.9 23 250   M    M   0        29 250
 6  68  29  49   4  16   0 0.00  0.0    0 10.2 23 240   M    M   0        27 240
 7  78  40  59  15   6   0 0.00  0.0    0 12.3 26 320   M    M   1        34 320
 8  66  36  51   7  14   0    T  0.0    0  9.9 23 250   M    M   2        28 250
 9  72  36  54  10  11   0 0.00  0.0    0  7.4 17 250   M    M   0        20 280
10  75  19  47   4  18   0    T    M    0 14.0 39 260   M    M   4 18     49 260
11  29  14  22 -21  43   0    T    M    M  9.1 20  20   M    M   8 18     24  30
12  14   4   9 -33  56   0    T    M    M  9.7 17  40   M    M  10 18     20  50
13  22   3  13 -29  52   0    T    M    M  4.7 14  20   M    M   6 18     16  20
14  52   7  30 -11  35   0    T  0.0    M  6.0 23 250   M    M   3        27 250
15  58  11  35  -6  30   0    T    M    M 10.7 26  40   M    M   4 1      29  40
16  25   4  15 -25  50   0    T    M    M  6.6 16 250   M    M   5 18     18 250
17  31  -2  15 -25  50   0 0.00  0.0    M  7.9 17 240   M    M   0        19 240
18  44   6  25 -14  40   0 0.00  0.0    M  8.5 18 240   M    M   0        22 240
19  44  15  30  -9  35   0 0.00  0.0    M  7.0 15 260   M    M   0        17 260
20  50  23  37  -1  28   0 0.00  0.0    0  7.2 13 260   M    M   1        14 260
21  53  25  39   1  26   0 0.00  0.0    0  7.9 16 250   M    M   0        19 250
22  61  27  44   6  21   0 0.00  0.0    0 10.1 23 270   M    M   0        29 270
23  45  19  32  -5  33   0 0.08    M    M 10.3 35  30   M    M   7 1      47  40
24  38  14  26 -11  39   0 0.00  0.0    0 11.5 22  10   M    M   4        28 360
25  50  18  34  -2  31   0 0.00  0.0    0 11.9 24 300   M    M   0        29 290
26  48  24  36   0  29   0 0.00  0.0    0  5.4 25  20   M    M   1        35  20
27  66  28  47  12  18   0 0.00  0.0    0  9.0 18 240   M    M   0        21 240
28  70  33  52  17  13   0 0.00  0.0    0  9.2 21 250   M    M   0        25 240
29  65  29  47  12  18   0 0.00  0.0    0  9.3 28 250   M    M   0        34 240
30  60  16  38   4  27   0 0.00  0.0    0  8.3 22  30   M    M   1        28  30
================================================================================
SM 1610  683       797   0  0.08     0.0 284.9          M       64
================================================================================
AV 53.7 22.8                               9.5 FASTST   M    M   2    MAX(MPH)
                                 MISC ---->  # 40 210               # 51  220
================================================================================
NOTES:
# LAST OF SEVERAL OCCURRENCES

COLUMN 17 PEAK WIND IN M.P.H.

PRELIMINARY LOCAL CLIMATOLOGICAL DATA (WS FORM: F-6) , PAGE 2

                                          STATION:  TRINIDAD CO
                                          MONTH:    NOVEMBER
                                          YEAR:     2014
                                          LATITUDE:   37 16 N
                                          LONGITUDE: 104 20 W

[TEMPERATURE DATA]      [PRECIPITATION DATA]       SYMBOLS USED IN COLUMN 16

AVERAGE MONTHLY: 38.2   TOTAL FOR MONTH:   0.08    1 = FOG OR MIST
DPTR FM NORMAL:  -2.4   DPTR FM NORMAL:   -0.62    2 = FOG REDUCING VISIBILITY
HIGHEST:    78 ON  7    GRTST 24HR  0.08 ON 23-23      TO 1/4 MILE OR LESS
LOWEST:     -2 ON 17                               3 = THUNDER
                        SNOW, ICE PELLETS, HAIL    4 = ICE PELLETS
                        TOTAL MONTH:   0.0 INCH    5 = HAIL
                        GRTST 24HR     0.0         6 = FREEZING RAIN OR DRIZZLE
                        GRTST DEPTH:   0           7 = DUSTSTORM OR SANDSTORM:
                                                       VSBY 1/2 MILE OR LESS
                                                   8 = SMOKE OR HAZE
[NO. OF DAYS WITH]      [WEATHER - DAYS WITH]      9 = BLOWING SNOW
                                                   X = TORNADO
MAX 32 OR BELOW:   5    0.01 INCH OR MORE:   1
MAX 90 OR ABOVE:   0    0.10 INCH OR MORE:   0
MIN 32 OR BELOW:  22    0.50 INCH OR MORE:   0
MIN  0 OR BELOW:   1    1.00 INCH OR MORE:   0

[HDD (BASE 65) ]
TOTAL THIS MO.   797    CLEAR  (SCALE 0-3)  21
DPTR FM NORMAL    65    PTCLDY (SCALE 4-7)   7
TOTAL FM JUL 1  1141    CLOUDY (SCALE 8-10)  2
DPTR FM NORMAL   -92

[CDD (BASE 65) ]
TOTAL THIS MO.     0
DPTR FM NORMAL     0    [PRESSURE DATA]
TOTAL FM JAN 1   894    HIGHEST SLP 30.66 ON 12
DPTR FM NORMAL   175    LOWEST  SLP 29.28 ON 10

[REMARKS]
#FINAL-11-14#




U.S. Dept. of Commerce
NOAA National Weather Service
1325 East West Highway
Silver Spring, MD 20910
E-mail: w-nws.webmaster@noaa.gov
Page last modified: May 16, 2007
NATIONAL WEATHER SERVICE: for Safety, for Work, for Fun - FOR LIFE