422
CXUS54 KEWX 190910
CF6T82
PRELIMINARY LOCAL CLIMATOLOGICAL DATA (WS FORM: F-6)

                                          STATION:   FREDERICKSBURG
                                          MONTH:     APRIL
                                          YEAR:      2014
                                          LATITUDE:   30 15 N
                                          LONGITUDE:  98 55 W

  TEMPERATURE IN F:       :PCPN:    SNOW:  WIND      :SUNSHINE: SKY     :PK WND
================================================================================
1   2   3   4   5  6A  6B    7    8   9   10  11  12  13   14  15   16   17  18
                                     12Z  AVG MX 2MIN
DY MAX MIN AVG DEP HDD CDD  WTR  SNW DPTH SPD SPD DIR MIN PSBL S-S WX    SPD DR
================================================================================

 1  83  64  74   M   0   9 0.00    M    M  9.0 15 150   M    M   5        23 150
 2  80  69  75   M   0  10 0.00    M    M 11.6 15 170   M    M   8        22 170
 3  83  70  77   M   0  12 0.00    M    M  7.1 13 190   M    M   5        17 180
 4  79  49  64   M   1   0 0.23    M    M 10.4 20  10   M    M   1 3      24  10
 5  65  49  57   M   8   0 0.00    M    M  4.7 12  90   M    M   4        21 120
 6  59  43  51   M  14   0 0.01    M    M  5.9 14 340   M    M   9 1       M  M
 7  74  36  55   M  10   0 0.01    M    M  6.6 18 310   M    M   1        24 300
 8  74  43  59   M   6   0 0.00    M    M 10.9 22 340   M    M   0        31 340
 9  83  38  61   M   4   0 0.00    M    M  6.0 16 200   M    M   0        21 200
10  87  57  72   M   0   7 0.00    M    M 10.0 21 200   M    M   0        28 190
11  88  55  72   M   0   7 0.00    M    M  9.7 16 170   M    M   1        21 170
12  83  63  73   M   0   8 0.00    M    M 11.4 17 170   M    M   5        22 180
13  80  64  72   M   0   7 0.00    M    M 10.4 20 170   M    M   6 1      28 170
14  78  42  60   M   5   0 0.52    M    M 13.9 25 360   M    M   5 3      40 360
15  63  34  49   M  16   0 0.00    M    M  6.6 24  10   M    M   0        31  10
16  69  36  53   M  12   0 0.00    M    M  9.0 20 180   M    M   0        25 180
17  66  55  61   M   4   0 0.00    M    M  8.2 14 160   M    M   7 1      18 160
18  75  55  65   M   0   0 0.00    M    M  2.8  7 110   M    M   8 1       M  M
================================================================================
SM 1369  922        80  60  0.77    M    154.2          M       65
================================================================================
AV 76.1 51.2                               8.6 FASTST   M    M   4    MAX(MPH)
                                 MISC ---->    25   M                 40    M
================================================================================
NOTES:
# LAST OF SEVERAL OCCURRENCES

COLUMN 17 PEAK WIND IN M.P.H.

PRELIMINARY LOCAL CLIMATOLOGICAL DATA (WS FORM: F-6) , PAGE 2

                                          STATION:  FREDERICKSBURG
                                          MONTH:    APRIL
                                          YEAR:     2014
                                          LATITUDE:   30 15 N
                                          LONGITUDE:  98 55 W

[TEMPERATURE DATA]      [PRECIPITATION DATA]       SYMBOLS USED IN COLUMN 16

AVERAGE MONTHLY: 63.6   TOTAL FOR MONTH:   0.77    1 = FOG OR MIST
DPTR FM NORMAL:     M   DPTR FM NORMAL:       M    2 = FOG REDUCING VISIBILITY
HIGHEST:    88 ON 11    GRTST 24HR  0.52 ON 14-14      TO 1/4 MILE OR LESS
LOWEST:     34 ON 15                               3 = THUNDER
                        SNOW, ICE PELLETS, HAIL    4 = ICE PELLETS
                        TOTAL MONTH:    M          5 = HAIL
                        GRTST 24HR    M  ON   M    6 = FREEZING RAIN OR DRIZZLE
                        GRTST DEPTH:  M  ON   M    7 = DUSTSTORM OR SANDSTORM:
                                                       VSBY 1/2 MILE OR LESS
                                                   8 = SMOKE OR HAZE
[NO. OF DAYS WITH]      [WEATHER - DAYS WITH]      9 = BLOWING SNOW
                                                   X = TORNADO
MAX 32 OR BELOW:   0    0.01 INCH OR MORE:   4
MAX 90 OR ABOVE:   0    0.10 INCH OR MORE:   2
MIN 32 OR BELOW:   0    0.50 INCH OR MORE:   1
MIN  0 OR BELOW:   0    1.00 INCH OR MORE:   0

[HDD (BASE 65) ]
TOTAL THIS MO.    80    CLEAR  (SCALE 0-3)   8
DPTR FM NORMAL     M    PTCLDY (SCALE 4-7)   9
TOTAL FM JUL 1  2371    CLOUDY (SCALE 8-10)  1
DPTR FM NORMAL     M

[CDD (BASE 65) ]
TOTAL THIS MO.    60
DPTR FM NORMAL     M    [PRESSURE DATA]
TOTAL FM JAN 1    94    HIGHEST SLP M ON M
DPTR FM NORMAL     M    LOWEST  SLP M ON M

[REMARKS]




U.S. Dept. of Commerce
NOAA National Weather Service
1325 East West Highway
Silver Spring, MD 20910
E-mail: w-nws.webmaster@noaa.gov
Page last modified: May 16, 2007
NATIONAL WEATHER SERVICE: for Safety, for Work, for Fun - FOR LIFE