847
CXUS54 KEWX 230910
CF6T82
PRELIMINARY LOCAL CLIMATOLOGICAL DATA (WS FORM: F-6)

                                          STATION:   FREDERICKSBURG
                                          MONTH:     AUGUST
                                          YEAR:      2014
                                          LATITUDE:   30 15 N
                                          LONGITUDE:  98 55 W

  TEMPERATURE IN F:       :PCPN:    SNOW:  WIND      :SUNSHINE: SKY     :PK WND
================================================================================
1   2   3   4   5  6A  6B    7    8   9   10  11  12  13   14  15   16   17  18
                                     12Z  AVG MX 2MIN
DY MAX MIN AVG DEP HDD CDD  WTR  SNW DPTH SPD SPD DIR MIN PSBL S-S WX    SPD DR
================================================================================

 1  91  70  81   M   0  16 0.00    M    M  7.2 14  10   M    M   7        17  10
 2  89  65  77   M   0  12 0.00    M    M  5.3 10  60   M    M   2        17  60
 3  91  63  77   M   0  12 0.00    M    M  4.9 10  50   M    M   2        17  30
 4  94  66  80   M   0  15 0.00    M    M  3.1 10  60   M    M   2        21  90
 5  95  68  82   M   0  17 0.00    M    M  3.7 10 160   M    M   3        17  90
 6  96  70  83   M   0  18 0.00    M    M  4.3  9 160   M    M   1        16 160
 7  97  74  86   M   0  21 0.00    M    M  7.3 14 200   M    M   3        18 190
 8  98  73  86   M   0  21 0.00    M    M  6.7 14 200   M    M   1        20 200
 9  96  71  84   M   0  19 0.00    M    M  7.8 14 190   M    M   1        28 200
10  97  73  85   M   0  20 0.00    M    M  7.0 13 160   M    M   1        18 150
11  95  75  85   M   0  20 0.00    M    M  4.7 17 360   M    M   1 3      27 360
12  96  68  82   M   0  17 0.14    M    M  3.9 13  40   M    M   2 3      18  30
13  94  62  78   M   0  13 0.01    M    M  3.6 13  50   M    M   1        18 360
14  95  62  79   M   0  14 0.00    M    M  3.2 10  40   M    M   0         M  M
15  96  65  81   M   0  16 0.00    M    M  4.0 13 210   M    M   1        20 210
16  97  74  86   M   0  21 0.00    M    M  6.2 15 210   M    M   1        16 220
17  95  76  86   M   0  21 0.00    M    M  5.8 10 160   M    M   3 3      16 160
18  96  76  86   M   0  21 0.00    M    M  7.0 15 220   M    M   5 8      23 220
19  85  68  77   M   0  12 0.84    M    M  5.4 15 340   M    M   6 3      22 340
20  93  72  83   M   0  18 0.00    M    M  7.9 14 200   M    M   3        23 180
21  95  76  86   M   0  21 0.00    M    M 12.2 18 180   M    M   2        25 190
22  95  73  84   M   0  19 0.00    M    M 11.9 16 200   M    M   1        25 160
================================================================================
SM 2076 1540         0 384  0.99    M    133.1          M       49
================================================================================
AV 94.4 70.0                               6.0 FASTST   M    M   2    MAX(MPH)
                                 MISC ---->    18   M                 28    M
================================================================================
NOTES:
# LAST OF SEVERAL OCCURRENCES

COLUMN 17 PEAK WIND IN M.P.H.

PRELIMINARY LOCAL CLIMATOLOGICAL DATA (WS FORM: F-6) , PAGE 2

                                          STATION:  FREDERICKSBURG
                                          MONTH:    AUGUST
                                          YEAR:     2014
                                          LATITUDE:   30 15 N
                                          LONGITUDE:  98 55 W

[TEMPERATURE DATA]      [PRECIPITATION DATA]       SYMBOLS USED IN COLUMN 16

AVERAGE MONTHLY: 82.2   TOTAL FOR MONTH:   0.99    1 = FOG OR MIST
DPTR FM NORMAL:     M   DPTR FM NORMAL:       M    2 = FOG REDUCING VISIBILITY
HIGHEST:    98 ON  8    GRTST 24HR  0.84 ON 19-19      TO 1/4 MILE OR LESS
LOWEST:     62 ON 14,13                            3 = THUNDER
                        SNOW, ICE PELLETS, HAIL    4 = ICE PELLETS
                        TOTAL MONTH:    M          5 = HAIL
                        GRTST 24HR    M  ON   M    6 = FREEZING RAIN OR DRIZZLE
                        GRTST DEPTH:  M  ON   M    7 = DUSTSTORM OR SANDSTORM:
                                                       VSBY 1/2 MILE OR LESS
                                                   8 = SMOKE OR HAZE
[NO. OF DAYS WITH]      [WEATHER - DAYS WITH]      9 = BLOWING SNOW
                                                   X = TORNADO
MAX 32 OR BELOW:   0    0.01 INCH OR MORE:   3
MAX 90 OR ABOVE:  20    0.10 INCH OR MORE:   2
MIN 32 OR BELOW:   0    0.50 INCH OR MORE:   1
MIN  0 OR BELOW:   0    1.00 INCH OR MORE:   0

[HDD (BASE 65) ]
TOTAL THIS MO.     0    CLEAR  (SCALE 0-3)  18
DPTR FM NORMAL     M    PTCLDY (SCALE 4-7)   4
TOTAL FM JUL 1     0    CLOUDY (SCALE 8-10)  0
DPTR FM NORMAL     M

[CDD (BASE 65) ]
TOTAL THIS MO.   384
DPTR FM NORMAL     M    [PRESSURE DATA]
TOTAL FM JAN 1  1701    HIGHEST SLP M ON M
DPTR FM NORMAL     M    LOWEST  SLP M ON M

[REMARKS]




U.S. Dept. of Commerce
NOAA National Weather Service
1325 East West Highway
Silver Spring, MD 20910
E-mail: w-nws.webmaster@noaa.gov
Page last modified: May 16, 2007
NATIONAL WEATHER SERVICE: for Safety, for Work, for Fun - FOR LIFE