961
CXUS51 KBGM 310800
CF6SYR
PRELIMINARY LOCAL CLIMATOLOGICAL DATA (WS FORM: F-6)

                                          STATION:   SYRACUSE NY
                                          MONTH:     JULY
                                          YEAR:      2014
                                          LATITUDE:   43  7 N
                                          LONGITUDE:  76  7 W

  TEMPERATURE IN F:       :PCPN:    SNOW:  WIND      :SUNSHINE: SKY     :PK WND
================================================================================
1   2   3   4   5  6A  6B    7    8   9   10  11  12  13   14  15   16   17  18
                                     12Z  AVG MX 2MIN
DY MAX MIN AVG DEP HDD CDD  WTR  SNW DPTH SPD SPD DIR MIN PSBL S-S WX    SPD DR
================================================================================

 1  94  73  84  14   0  19    T  0.0    0  8.3 25 270   M    M   7 3      37 260
 2  89  72  81  11   0  16 0.29  0.0    0  5.4 21 320   M    M   8 1      28 310
 3  81  64  73   2   0   8 0.20  0.0    0  2.9 22 330   M    M   9 13     26 320
 4  74  60  67  -4   0   2 0.05  0.0    0 11.9 21 290   M    M   7 1      28 300
 5  81  56  69  -2   0   4 0.00  0.0    0 10.5 20 280   M    M   3        25 270
 6  84  61  73   2   0   8 0.00  0.0    0  9.4 21 240   M    M   4        26 230
 7  83  68  76   5   0  11 0.32  0.0    0 10.8 26 230   M    M   8 8      33 210
 8  88  71  80   9   0  15 0.31  0.0    0 11.5 32 170   M    M   8 138    41 190
 9  78  63  71   0   0   6 0.50  0.0    0  7.6 24 240   M    M   6 1      30 250
10  77  56  67  -4   0   2 0.00  0.0    0  4.3 13 310   M    M   4        18 350
11  82  52  67  -4   0   2 0.00  0.0    0  2.7 10 250   M    M   2        16 250
12  89  60  75   4   0  10    T  0.0    0  3.9 14 330   M    M   7        26 330
13  82  68  75   3   0  10 0.02  0.0    0 10.2 25 220   M    M   9        35 190
14  84  67  76   4   0  11 0.05  0.0    0  3.7 10  30   M    M   8        15  50
15  82  64  73   1   0   8 0.05  0.0    0  6.7 21 270   M    M   8 18     30 220
16  75  59  67  -5   0   2 0.00  0.0    0  6.3 17 270   M    M   6        23 270
17  72  57  65  -7   0   0 0.05  0.0    0  3.9 17 280   M    M   6 1      22 280
18  78  54  66  -6   0   1 0.00  0.0    0  3.4 10 300   M    M   4        14  20
19  82  56  69  -3   0   4 0.00  0.0    0  4.2 13 120   M    M   9        20 110
20  83  66  75   3   0  10    T  0.0    0  5.0 12 100   M    M   8        22 100
21  89  65  77   5   0  12 0.00  0.0    0  3.1 10 250   M    M   8        14 250
22  91  65  78   6   0  13 0.00  0.0    0  4.2 14 210   M    M   6 1      21 210
23  89  67  78   6   0  13 0.19  0.0    0 10.4 20 300   M    M   8 138    26 300
24  72  59  66  -6   0   1 0.00  0.0    0  8.1 17 290   M    M   6        23 290
25  80  56  68  -4   0   3 0.00  0.0    0  5.3 14 250   M    M   2        20 280
26  82  59  71  -1   0   6 0.00  0.0    0  5.6 14 230   M    M   7        18 200
27  82  67  75   3   0  10 0.67  0.0    0  7.5 20 290   M    M   7 13     28 280
28  71  57  64  -7   1   0 2.16  0.0    0  8.2 18 330   M    M  10 1      26 320
29  74  53  64  -7   1   0 0.00  0.0    0  6.9 16 270   M    M   5        22 290
30  79  52  66  -5   0   1 0.20  0.0    0  6.3 17 330   M    M   7 13     21 310
================================================================================
SM 2447 1847         2 208  5.06     0.0 198.2          M      197
================================================================================
AV 81.6 61.6                               6.6 FASTST   M    M   7    MAX(MPH)
                                 MISC ---->  # 32 170               # 41  190
================================================================================
NOTES:
# LAST OF SEVERAL OCCURRENCES

COLUMN 17 PEAK WIND IN M.P.H.

PRELIMINARY LOCAL CLIMATOLOGICAL DATA (WS FORM: F-6) , PAGE 2

                                          STATION:  SYRACUSE NY
                                          MONTH:    JULY
                                          YEAR:     2014
                                          LATITUDE:   43  7 N
                                          LONGITUDE:  76  7 W

[TEMPERATURE DATA]      [PRECIPITATION DATA]       SYMBOLS USED IN COLUMN 16

AVERAGE MONTHLY: 71.6   TOTAL FOR MONTH:   5.06    1 = FOG OR MIST
DPTR FM NORMAL:   0.1   DPTR FM NORMAL:    1.40    2 = FOG REDUCING VISIBILITY
HIGHEST:    94 ON  1    GRTST 24HR  2.16 ON 28-28      TO 1/4 MILE OR LESS
LOWEST:     52 ON 30,11                            3 = THUNDER
                        SNOW, ICE PELLETS, HAIL    4 = ICE PELLETS
                        TOTAL MONTH:   0.0 INCH    5 = HAIL
                        GRTST 24HR     0.0         6 = FREEZING RAIN OR DRIZZLE
                        GRTST DEPTH:   0           7 = DUSTSTORM OR SANDSTORM:
                                                       VSBY 1/2 MILE OR LESS
                                                   8 = SMOKE OR HAZE
[NO. OF DAYS WITH]      [WEATHER - DAYS WITH]      9 = BLOWING SNOW
                                                   X = TORNADO
MAX 32 OR BELOW:   0    0.01 INCH OR MORE:  14
MAX 90 OR ABOVE:   2    0.10 INCH OR MORE:   9
MIN 32 OR BELOW:   0    0.50 INCH OR MORE:   3
MIN  0 OR BELOW:   0    1.00 INCH OR MORE:   1

[HDD (BASE 65) ]
TOTAL THIS MO.     2    CLEAR  (SCALE 0-3)   3
DPTR FM NORMAL     0    PTCLDY (SCALE 4-7)  21
TOTAL FM JUL 1     2    CLOUDY (SCALE 8-10)  6
DPTR FM NORMAL     0

[CDD (BASE 65) ]
TOTAL THIS MO.   208
DPTR FM NORMAL     6    [PRESSURE DATA]
TOTAL FM JAN 1   411    HIGHEST SLP 30.27 ON 18
DPTR FM NORMAL    66    LOWEST  SLP 29.50 ON 28

[REMARKS]




U.S. Dept. of Commerce
NOAA National Weather Service
1325 East West Highway
Silver Spring, MD 20910
E-mail: w-nws.webmaster@noaa.gov
Page last modified: May 16, 2007
NATIONAL WEATHER SERVICE: for Safety, for Work, for Fun - FOR LIFE