266
CXUS51 KBGM 010800
CF6SYR
PRELIMINARY LOCAL CLIMATOLOGICAL DATA (WS FORM: F-6)

                                          STATION:   SYRACUSE NY
                                          MONTH:     JANUARY
                                          YEAR:      2015
                                          LATITUDE:   43  7 N
                                          LONGITUDE:  76  7 W

  TEMPERATURE IN F:       :PCPN:    SNOW:  WIND      :SUNSHINE: SKY     :PK WND
================================================================================
1   2   3   4   5  6A  6B    7    8   9   10  11  12  13   14  15   16   17  18
                                     12Z  AVG MX 2MIN
DY MAX MIN AVG DEP HDD CDD  WTR  SNW DPTH SPD SPD DIR MIN PSBL S-S WX    SPD DR
================================================================================

 1  34  20  27   2  38   0 0.01  0.6    1 11.6 28 240   M    M   9 1      33 250
 2  31  15  23  -2  42   0 0.03  2.2    T  9.0 22 250   M    M  10 19     28 250
 3  40  15  28   4  37   0 0.97  0.3    2  9.7 21 160   M    M   9 146    29 160
 4  55  33  44  20  21   0 0.03    T    T 12.7 35 260   M    M  10 1      45 260
 5  33  10  22  -2  43   0 0.01  0.4    T 21.5 37 260   M    M   7 189    47 280
 6  18  10  14 -10  51   0    T  0.2    T 12.0 22 250   M    M   9 18     28 220
 7  16  -4   6 -18  59   0 0.03  1.8    T 15.8 30 300   M    M   9 19     38 250
 8  17  -8   5 -19  60   0    T  0.5    2 12.1 26 250   M    M   9 189    35 240
 9  22  13  18  -6  47   0 0.01  0.7    2 18.7 32 250   M    M   8 189    40 250
10  16   7  12 -12  53   0 0.00  0.0    2 13.7 24 240   M    M   4        30 220
11  33  11  22  -2  43   0    T    T    2  6.9 14 190   M    M   9        17 190
12  34  12  23   0  42   0 0.20  2.6    3  8.6 24 210   M    M  10 19     31 220
13  12  -7   3 -20  62   0    T    T    4  5.6 23 330   M    M   1 9      27 320
14  20 -11   5 -18  60   0 0.00  0.0    3  3.9 10  90   M    M   4        12  90
15  28  -5  12 -11  53   0 0.00  0.0    3  2.7 12 260   M    M   6 1      15 260
16  29   8  19  -4  46   0 0.02  1.9    3 16.1 31 300   M    M   8 129    39 300
17  28  -6  11 -12  54   0 0.00  0.0    3  7.2 17 110   M    M   6        21 110
18  41  26  34  11  31   0 0.02    T    3  7.6 18 160   M    M   9 14     23 150
19  34  24  29   6  36   0 0.01  0.2    2 15.6 26 260   M    M  10 18     35 270
20  24   5  15  -8  50   0    T  0.6    2  6.8 18 290   M    M   7 1      25 290
21  22  -2  10 -13  55   0    T  0.1    2  4.1  8  70   M    M   7         9  80
22  26  18  22  -1  43   0 0.01  0.3    2  6.0 16 270   M    M   7 1      19 280
23  31  20  26   3  39   0    T    T    2  9.1 20 240   M    M   6        24 240
24  32  19  26   3  39   0    T  0.2    2  6.9 20 250   M    M   9 168    22 260
25  31   5  18  -5  47   0    T    T    2 11.4 29 300   M    M   7 19     40 290
26  18   3  11 -12  54   0 0.05  1.2    2  8.1 16  90   M    M   9 1      20  90
27  14   4   9 -14  56   0    T    T    3  9.9 21 330   M    M   9        24 320
28  22   0  11 -13  54   0 0.00  0.0    2  5.1 16 300   M    M   2        19 300
29  35   0  18  -6  47   0 0.09  1.1    2  9.6 31 180   M    M   8 19     37 190
30  27   5  16  -8  49   0 0.11  3.3    4 13.8 23 300   M    M  10 19     29 310
31  15  -7   4 -20  61   0    T  0.1    5  3.5 14 270   M    M   8 1      18 270
================================================================================
SM  838  233      1472   0  1.60    18.3 305.3          M      236
================================================================================
AV 27.0  7.5                               9.8 FASTST   M    M   8    MAX(MPH)
                                 MISC ---->  # 37 260               # 47  280
================================================================================
NOTES:
# LAST OF SEVERAL OCCURRENCES

COLUMN 17 PEAK WIND IN M.P.H.

PRELIMINARY LOCAL CLIMATOLOGICAL DATA (WS FORM: F-6) , PAGE 2

                                          STATION:  SYRACUSE NY
                                          MONTH:    JANUARY
                                          YEAR:     2015
                                          LATITUDE:   43  7 N
                                          LONGITUDE:  76  7 W

[TEMPERATURE DATA]      [PRECIPITATION DATA]       SYMBOLS USED IN COLUMN 16

AVERAGE MONTHLY: 17.3   TOTAL FOR MONTH:   1.60    1 = FOG OR MIST
DPTR FM NORMAL:  -6.3   DPTR FM NORMAL:   -0.90    2 = FOG REDUCING VISIBILITY
HIGHEST:    55 ON  4    GRTST 24HR  0.98 ON  3- 4      TO 1/4 MILE OR LESS
LOWEST:    -11 ON 14                               3 = THUNDER
                        SNOW, ICE PELLETS, HAIL    4 = ICE PELLETS
                        TOTAL MONTH:  18.3 INCHES  5 = HAIL
                        GRTST 24HR   3.3 ON   M    6 = FREEZING RAIN OR DRIZZLE
                        GRTST DEPTH:   5 ON 31     7 = DUSTSTORM OR SANDSTORM:
                                                       VSBY 1/2 MILE OR LESS
                                                   8 = SMOKE OR HAZE
[NO. OF DAYS WITH]      [WEATHER - DAYS WITH]      9 = BLOWING SNOW
                                                   X = TORNADO
MAX 32 OR BELOW:  22    0.01 INCH OR MORE:  15
MAX 90 OR ABOVE:   0    0.10 INCH OR MORE:   3
MIN 32 OR BELOW:  30    0.50 INCH OR MORE:   1
MIN  0 OR BELOW:  10    1.00 INCH OR MORE:   0

[HDD (BASE 65) ]
TOTAL THIS MO.  1472    CLEAR  (SCALE 0-3)   2
DPTR FM NORMAL   189    PTCLDY (SCALE 4-7)  12
TOTAL FM JUL 1  3665    CLOUDY (SCALE 8-10) 17
DPTR FM NORMAL   -71

[CDD (BASE 65) ]
TOTAL THIS MO.     0
DPTR FM NORMAL     0    [PRESSURE DATA]
TOTAL FM JAN 1     0    HIGHEST SLP 30.81 ON 13
DPTR FM NORMAL     0    LOWEST  SLP 29.45 ON 25

[REMARKS]




U.S. Dept. of Commerce
NOAA National Weather Service
1325 East West Highway
Silver Spring, MD 20910
E-mail: w-nws.webmaster@noaa.gov
Page last modified: May 16, 2007
NATIONAL WEATHER SERVICE: for Safety, for Work, for Fun - FOR LIFE