896
CXUS51 KBGM 100251
CF6SYR
PRELIMINARY LOCAL CLIMATOLOGICAL DATA (WS FORM: F-6)

                                          STATION:   SYRACUSE NY
                                          MONTH:     NOVEMBER
                                          YEAR:      2014
                                          LATITUDE:   43  7 N
                                          LONGITUDE:  76  7 W

  TEMPERATURE IN F:       :PCPN:    SNOW:  WIND      :SUNSHINE: SKY     :PK WND
================================================================================
1   2   3   4   5  6A  6B    7    8   9   10  11  12  13   14  15   16   17  18
                                     12Z  AVG MX 2MIN
DY MAX MIN AVG DEP HDD CDD  WTR  SNW DPTH SPD SPD DIR MIN PSBL S-S WX    SPD DR
================================================================================

 1  47  39  43  -3  22   0 0.07  0.0    0 10.4 20 350   M    M   9 1      27 360
 2  45  35  40  -5  25   0    T  0.0    0 16.3 26 300   M    M   6        36 310
 3  59  40  50   5  15   0 0.00  0.0    0 10.2 18 250   M    M   8        24 280
 4  69  51  60  15   5   0    T  0.0    0  8.9 20 200   M    M   9        26 200
 5  60  38  49   5  16   0 0.03  0.0    0  9.1 28 240   M    M   6        35 220
 6  49  37  43  -1  22   0 0.41  0.0    0  5.6 10 320   M    M  10 1      14 330
 7  42  34  38  -6  27   0 0.16    T    0  9.1 23 300   M    M   9 14     28 310
 8  47  34  41  -2  24   0    T    T    0  9.3 17 200   M    M  10        22 200
 9  49  39  44   1  21   0    T  0.0    0  9.1 20 260   M    M   9        25 270
10  57  42  50   7  15   0    T  0.0    0  5.3 14 140   M    M   9        19 160
11  66  47  57  15   8   0 0.00  0.0    0 12.2 23 180   M    M   4        35 170
12  62  37  50   8  15   0 0.05    T    0 13.2 26 260   M    M   8 1      31 280
13  39  32  36  -6  29   0 0.06  0.2    0 10.4 17 240   M    M  10 1      24 250
14  37  28  33  -8  32   0 0.12  2.4    T 12.4 22 250   M    M   8 128    27 250
15  37  23  30 -11  35   0    T  0.1    2  6.2 16 250   M    M   8 1      19 260
16  41  32  37  -4  28   0    T    T    T  8.6 17 180   M    M  10        22 190
17  39  33  36  -4  29   0 0.62  0.2    T  9.0 28 260   M    M  10 14     34 260
18  33  22  28 -12  37   0    T    T    T 22.1 33 240   M    M   7        44 240
19  31  19  25 -15  40   0    T  0.1    T 14.7 26 240   M    M   7        34 230
20  33  26  30  -9  35   0 0.01  0.8    1 14.7 26 260   M    M  10 1      32 270
21  32  22  27 -12  38   0    T  0.6    T 13.3 26 230   M    M   8 1      37 230
22  46  22  34  -4  31   0 0.12  0.0    T  9.6 20 200   M    M   9        27 210
23  55  45  50  12  15   0 0.07  0.0    0  9.4 22 210   M    M   9        28 220
24  72  47  60  22   5   0 0.16  0.0    0 17.1 31 190   M    M   7 18     42 200
25  50  37  44   7  21   0 0.00  0.0    0 11.1 28 250   M    M   6        32 250
26  37  28  33  -4  32   0 0.26  2.6    0  6.2 12 300   M    M  10 1      14 310
27  30  24  27  -9  38   0 0.07  1.7    3  5.5 13 330   M    M  10 1      15 340
28  27  23  25 -11  40   0 0.09  2.3    4 12.9 24 260   M    M   9 189    29 270
29  38  22  30  -6  35   0 0.00  0.0    5  9.8 17 140   M    M   9        22 150
30  58  37  48  13  17   0    T  0.0    3 11.2 18 200   M    M  10        27 200
================================================================================
SM 1387  995       752   0  2.30    11.0 322.9          M      254
================================================================================
AV 46.2 33.2                              10.8 FASTST   M    M   8    MAX(MPH)
                                 MISC ---->  # 33 240               # 44  240
================================================================================
NOTES:
# LAST OF SEVERAL OCCURRENCES

COLUMN 17 PEAK WIND IN M.P.H.

PRELIMINARY LOCAL CLIMATOLOGICAL DATA (WS FORM: F-6) , PAGE 2

                                          STATION:  SYRACUSE NY
                                          MONTH:    NOVEMBER
                                          YEAR:     2014
                                          LATITUDE:   43  7 N
                                          LONGITUDE:  76  7 W

[TEMPERATURE DATA]      [PRECIPITATION DATA]       SYMBOLS USED IN COLUMN 16

AVERAGE MONTHLY: 39.7   TOTAL FOR MONTH:   2.30    1 = FOG OR MIST
DPTR FM NORMAL:  -0.9   DPTR FM NORMAL:   -1.23    2 = FOG REDUCING VISIBILITY
HIGHEST:    72 ON 24    GRTST 24HR  0.62 ON 17-17      TO 1/4 MILE OR LESS
LOWEST:     19 ON 19                               3 = THUNDER
                        SNOW, ICE PELLETS, HAIL    4 = ICE PELLETS
                        TOTAL MONTH:  11.0 INCHES  5 = HAIL
                        GRTST 24HR   2.6 ON   M    6 = FREEZING RAIN OR DRIZZLE
                        GRTST DEPTH:   5 ON 29     7 = DUSTSTORM OR SANDSTORM:
                                                       VSBY 1/2 MILE OR LESS
                                                   8 = SMOKE OR HAZE
[NO. OF DAYS WITH]      [WEATHER - DAYS WITH]      9 = BLOWING SNOW
                                                   X = TORNADO
MAX 32 OR BELOW:   4    0.01 INCH OR MORE:  15
MAX 90 OR ABOVE:   0    0.10 INCH OR MORE:   7
MIN 32 OR BELOW:  13    0.50 INCH OR MORE:   1
MIN  0 OR BELOW:   0    1.00 INCH OR MORE:   0

[HDD (BASE 65) ]
TOTAL THIS MO.   752    CLEAR  (SCALE 0-3)   0
DPTR FM NORMAL    20    PTCLDY (SCALE 4-7)  10
TOTAL FM JUL 1  1185    CLOUDY (SCALE 8-10) 20
DPTR FM NORMAL  -164

[CDD (BASE 65) ]
TOTAL THIS MO.     0
DPTR FM NORMAL     0    [PRESSURE DATA]
TOTAL FM JAN 1   647    HIGHEST SLP 30.44 ON 21
DPTR FM NORMAL    78    LOWEST  SLP 29.30 ON 24

[REMARKS]
#FINAL-11-14#




U.S. Dept. of Commerce
NOAA National Weather Service
1325 East West Highway
Silver Spring, MD 20910
E-mail: w-nws.webmaster@noaa.gov
Page last modified: May 16, 2007
NATIONAL WEATHER SERVICE: for Safety, for Work, for Fun - FOR LIFE