948
CXUS54 KOUN 010800
CF6SWO
PRELIMINARY LOCAL CLIMATOLOGICAL DATA (WS FORM: F-6)

                                          STATION:   STILLWATER
                                          MONTH:     NOVEMBER
                                          YEAR:      2014
                                          LATITUDE:   36 10 N
                                          LONGITUDE:  97  5 W

  TEMPERATURE IN F:       :PCPN:    SNOW:  WIND      :SUNSHINE: SKY     :PK WND
================================================================================
1   2   3   4   5  6A  6B    7    8   9   10  11  12  13   14  15   16   17  18
                                     12Z  AVG MX 2MIN
DY MAX MIN AVG DEP HDD CDD  WTR  SNW DPTH SPD SPD DIR MIN PSBL S-S WX    SPD DR
================================================================================

 1  61  29  45 -10  20   0 0.00  0.0    0 11.4 20 160   M    M   2        26 170
 2  66  46  56   1   9   0 0.00  0.0    0 20.2 31 170   M    M   0        42 190
 3  68  51  60   6   5   0 1.23  0.0    0 13.9 25 170   M    M   8 13     31 170
 4  55  45  50  -4  15   0 0.69  0.0    0  6.2 22 340   M    M   5 13     29 330
 5  63  41  52  -1  13   0 0.00  0.0    0  3.4 10 210   M    M   0 1      13 220
 6  67  36  52  -1  13   0 0.00  0.0    0  6.5 18  10   M    M   0        26  10
 7  71  34  53   1  12   0 0.00  0.0    0 10.5 24 190   M    M   0        32 200
 8  61  33  47  -5  18   0 0.00  0.0    0 10.2 26 360   M    M   0        34  10
 9  76  32  54   2  11   0 0.00  0.0    0 11.1 23 190   M    M   0        30 210
10  80  37  59   8   6   0 0.00  0.0    0 17.8 29 350   M    M   0        39 350
11  42  27  35 -16  30   0 0.00  0.0    0 14.6 28 350   M    M   3        39 350
12  31  21  26 -24  39   0 0.00  0.0    0 13.8 21 360   M    M   6        29  10
13  35  18  27 -23  38   0 0.00  0.0    0  8.6 17 350   M    M   3        23 360
14  41  21  31 -18  34   0 0.00  0.0    0  6.0 14 150   M    M   0        20 120
15  47  27  37 -12  28   0 0.00  0.0    0 11.3 24 160   M    M   7        31 160
16  38  22  30 -18  35   0    T    M    0 10.2 22 360   M    M   9 18     29  10
17  34  16  25 -23  40   0 0.00  0.0    0  7.5 21 320   M    M   0        29 320
18  55  16  36 -12  29   0 0.00  0.0    0  6.4 20 230   M    M   0        27 230
19  60  30  45  -2  20   0 0.00  0.0    0  6.8 12  10   M    M   0        18  20
20  62  27  45  -2  20   0 0.00  0.0    0  8.4 14  60   M    M   0        17  60
21  63  37  50   4  15   0    T    M    0  7.4 15 160   M    M   9 128    18 170
22  60  55  58  12   7   0 0.02  0.0    0 11.4 22 170   M    M   7 13     29 190
23  66  40  53   8  12   0 0.13  0.0    0 12.9 29 340   M    M   9 1      43 330
24  58  31  45   0  20   0 0.00  0.0    0  8.5 22 290   M    M   0        30 290
25  55  25  40  -4  25   0 0.00  0.0    0  5.5 15 210   M    M   1        21 200
26  57  33  45   1  20   0 0.00  0.0    0 10.6 24 330   M    M   4        35 310
27  52  23  38  -6  27   0 0.00  0.0    0  6.4 17 170   M    M   0        21 170
28  69  37  53  10  12   0 0.00  0.0    0 12.1 22 180   M    M   0        28 190
29  77  45  61  18   4   0 0.00  0.0    0 14.4 24 200   M    M   0        33 200
30  67  27  47   5  18   0 0.00  0.0    0 15.4 25 200   M    M   1        37 200
================================================================================
SM 1737  962       595   0  2.07     0.0 309.4          M       74
================================================================================
AV 57.9 32.1                              10.3 FASTST   M    M   2    MAX(MPH)
                                 MISC ---->  # 31 170               # 43  330
================================================================================
NOTES:
# LAST OF SEVERAL OCCURRENCES

COLUMN 17 PEAK WIND IN M.P.H.

PRELIMINARY LOCAL CLIMATOLOGICAL DATA (WS FORM: F-6) , PAGE 2

                                          STATION:  STILLWATER
                                          MONTH:    NOVEMBER
                                          YEAR:     2014
                                          LATITUDE:   36 10 N
                                          LONGITUDE:  97  5 W

[TEMPERATURE DATA]      [PRECIPITATION DATA]       SYMBOLS USED IN COLUMN 16

AVERAGE MONTHLY: 45.0   TOTAL FOR MONTH:   2.07    1 = FOG OR MIST
DPTR FM NORMAL:  -3.7   DPTR FM NORMAL:   -0.35    2 = FOG REDUCING VISIBILITY
HIGHEST:    80 ON 10    GRTST 24HR  1.92 ON  3- 4      TO 1/4 MILE OR LESS
LOWEST:     16 ON 18,17                            3 = THUNDER
                        SNOW, ICE PELLETS, HAIL    4 = ICE PELLETS
                        TOTAL MONTH:   0.0 INCH    5 = HAIL
                        GRTST 24HR     0.0         6 = FREEZING RAIN OR DRIZZLE
                        GRTST DEPTH:   0           7 = DUSTSTORM OR SANDSTORM:
                                                       VSBY 1/2 MILE OR LESS
                                                   8 = SMOKE OR HAZE
[NO. OF DAYS WITH]      [WEATHER - DAYS WITH]      9 = BLOWING SNOW
                                                   X = TORNADO
MAX 32 OR BELOW:   1    0.01 INCH OR MORE:   4
MAX 90 OR ABOVE:   0    0.10 INCH OR MORE:   3
MIN 32 OR BELOW:  16    0.50 INCH OR MORE:   2
MIN  0 OR BELOW:   0    1.00 INCH OR MORE:   1

[HDD (BASE 65) ]
TOTAL THIS MO.   595    CLEAR  (SCALE 0-3)  20
DPTR FM NORMAL   100    PTCLDY (SCALE 4-7)   6
TOTAL FM JUL 1   712    CLOUDY (SCALE 8-10)  4
DPTR FM NORMAL     7

[CDD (BASE 65) ]
TOTAL THIS MO.     0
DPTR FM NORMAL    -4    [PRESSURE DATA]
TOTAL FM JAN 1  2087    HIGHEST SLP M ON M
DPTR FM NORMAL   179    LOWEST  SLP 29.31 ON 23

[REMARKS]
#FINAL-11-14#




U.S. Dept. of Commerce
NOAA National Weather Service
1325 East West Highway
Silver Spring, MD 20910
E-mail: w-nws.webmaster@noaa.gov
Page last modified: May 16, 2007
NATIONAL WEATHER SERVICE: for Safety, for Work, for Fun - FOR LIFE