142
CXUS54 KOUN 290800
CF6SWO
PRELIMINARY LOCAL CLIMATOLOGICAL DATA (WS FORM: F-6)

                                          STATION:   STILLWATER
                                          MONTH:     JULY
                                          YEAR:      2014
                                          LATITUDE:   36 10 N
                                          LONGITUDE:  97  5 W

  TEMPERATURE IN F:       :PCPN:    SNOW:  WIND      :SUNSHINE: SKY     :PK WND
================================================================================
1   2   3   4   5  6A  6B    7    8   9   10  11  12  13   14  15   16   17  18
                                     12Z  AVG MX 2MIN
DY MAX MIN AVG DEP HDD CDD  WTR  SNW DPTH SPD SPD DIR MIN PSBL S-S WX    SPD DR
================================================================================

 1  85  70  78  -2   0  13    T  0.0    0  5.7 15 350   M    M   1        20 350
 2  86  61  74  -6   0   9 0.00  0.0    0  6.1 16  10   M    M   2        22  10
 3  89  57  73  -7   0   8 0.00  0.0    0  6.3 14  80   M    M   0        16  80
 4  91  59  75  -5   0  10 0.00  0.0    0  7.4 16 160   M    M   1        22 150
 5  93  72  83   3   0  18 0.00  0.0    0 13.0 21 170   M    M   1        25 180
 6  97  74  86   5   0  21 0.00  0.0    0 12.1 20 190   M    M   1        26 180
 7  99  72  86   5   0  21 0.00  0.0    0  9.9 21 190   M    M   0         M  M
 8  93  68  81   0   0  16 0.00  0.0    0  8.3 17  10   M    M   1        25 340
 9  93  65  79  -2   0  14 0.00  0.0    0  7.0 15 170   M    M   1        26 220
10  83  65  74  -7   0   9 0.73  0.0    0 12.7 28  80   M    M   4 138    38  80
11  94  69  82   1   0  17 0.00  0.0    0 10.2 18 170   M    M   0        26 170
12  96  73  85   3   0  20 0.00  0.0    0  9.5 21 210   M    M   1        26 210
13 100  70  85   3   0  20 0.00  0.0    0  7.1 15 100   M    M   0        20 220
14  95  70  83   1   0  18 0.08  0.0    0  5.8 32  20   M    M   3 3      40  30
15  80  58  69 -13   0   4 0.00  0.0    0  7.1 17  30   M    M   1        22  30
16  69  58  64 -18   1   0 1.59  0.0    0  4.7 17 150   M    M   9 1      23 150
17  67  61  64 -18   1   0 1.48  0.0    0  8.1 14  80   M    M  10 1      17  80
18  76  61  69 -13   0   4 0.00  0.0    0  5.2 12 120   M    M  10        14 120
19  82  58  70 -12   0   5 0.00  0.0    0  6.1 14 150   M    M   5 1      17 140
20  90  64  77  -5   0  12 0.00  0.0    0 11.6 17 160   M    M   0        23 200
21  94  71  83   1   0  18 0.00  0.0    0  9.5 16 160   M    M   1 18     21 150
22  98  73  86   3   0  21 0.00  0.0    0  5.1 13 200   M    M   0 18     21 140
23  96  69  83   0   0  18 0.00  0.0    0  4.6 17  30   M    M   0 18     23  40
24  94  67  81  -2   0  16 0.00  0.0    0  6.4 13 170   M    M   0 1      17 160
25  97  73  85   2   0  20 0.00  0.0    0 12.4 22 180   M    M   0        29 190
26  98  71  85   2   0  20 0.00  0.0    0 10.0 18 180   M    M   0        24 180
27  94  70  82  -1   0  17 0.00  0.0    0  8.6 23  40   M    M   0        29  40
28  89  65  77  -6   0  12 0.00  0.0    0  4.7 13  20   M    M   2        16  20
================================================================================
SM 2518 1864         2 381  3.88     0.0 225.2          M       54
================================================================================
AV 89.9 66.6                               8.0 FASTST   M    M   2    MAX(MPH)
                                 MISC ---->  # 32  20               # 40   30
================================================================================
NOTES:
# LAST OF SEVERAL OCCURRENCES

COLUMN 17 PEAK WIND IN M.P.H.

PRELIMINARY LOCAL CLIMATOLOGICAL DATA (WS FORM: F-6) , PAGE 2

                                          STATION:  STILLWATER
                                          MONTH:    JULY
                                          YEAR:     2014
                                          LATITUDE:   36 10 N
                                          LONGITUDE:  97  5 W

[TEMPERATURE DATA]      [PRECIPITATION DATA]       SYMBOLS USED IN COLUMN 16

AVERAGE MONTHLY: 78.2   TOTAL FOR MONTH:   3.88    1 = FOG OR MIST
DPTR FM NORMAL:  -3.4   DPTR FM NORMAL:    1.27    2 = FOG REDUCING VISIBILITY
HIGHEST:   100 ON 13    GRTST 24HR  2.79 ON 16-17      TO 1/4 MILE OR LESS
LOWEST:     57 ON  3                               3 = THUNDER
                        SNOW, ICE PELLETS, HAIL    4 = ICE PELLETS
                        TOTAL MONTH:   0.0 INCH    5 = HAIL
                        GRTST 24HR     0.0         6 = FREEZING RAIN OR DRIZZLE
                        GRTST DEPTH:   0           7 = DUSTSTORM OR SANDSTORM:
                                                       VSBY 1/2 MILE OR LESS
                                                   8 = SMOKE OR HAZE
[NO. OF DAYS WITH]      [WEATHER - DAYS WITH]      9 = BLOWING SNOW
                                                   X = TORNADO
MAX 32 OR BELOW:   0    0.01 INCH OR MORE:   4
MAX 90 OR ABOVE:  18    0.10 INCH OR MORE:   3
MIN 32 OR BELOW:   0    0.50 INCH OR MORE:   3
MIN  0 OR BELOW:   0    1.00 INCH OR MORE:   2

[HDD (BASE 65) ]
TOTAL THIS MO.     2    CLEAR  (SCALE 0-3)  23
DPTR FM NORMAL     2    PTCLDY (SCALE 4-7)   2
TOTAL FM JUL 1     2    CLOUDY (SCALE 8-10)  3
DPTR FM NORMAL     2

[CDD (BASE 65) ]
TOTAL THIS MO.   381
DPTR FM NORMAL   -86    [PRESSURE DATA]
TOTAL FM JAN 1  1094    HIGHEST SLP M ON M
DPTR FM NORMAL    70    LOWEST  SLP 29.78 ON  1

[REMARKS]




U.S. Dept. of Commerce
NOAA National Weather Service
1325 East West Highway
Silver Spring, MD 20910
E-mail: w-nws.webmaster@noaa.gov
Page last modified: May 16, 2007
NATIONAL WEATHER SERVICE: for Safety, for Work, for Fun - FOR LIFE