644
CXUS54 KOUN 010800
CF6SWO
PRELIMINARY LOCAL CLIMATOLOGICAL DATA (WS FORM: F-6)

                                          STATION:   STILLWATER
                                          MONTH:     SEPTEMBER
                                          YEAR:      2014
                                          LATITUDE:   36 10 N
                                          LONGITUDE:  97  5 W

  TEMPERATURE IN F:       :PCPN:    SNOW:  WIND      :SUNSHINE: SKY     :PK WND
================================================================================
1   2   3   4   5  6A  6B    7    8   9   10  11  12  13   14  15   16   17  18
                                     12Z  AVG MX 2MIN
DY MAX MIN AVG DEP HDD CDD  WTR  SNW DPTH SPD SPD DIR MIN PSBL S-S WX    SPD DR
================================================================================

 1 100  79  90  12   0  25 0.00  0.0    0 15.4 23 160   M    M   4        30 170
 2  88  69  79   1   0  14 1.44  0.0    0 11.5 25 160   M    M   4 13     29 160
 3  98  73  86   8   0  21 0.00  0.0    0 13.5 25 160   M    M   0        32 160
 4  99  75  87  10   0  22 0.00  0.0    0 13.4 25 180   M    M   0        33 180
 5  99  63  81   4   0  16 0.42  0.0    0 10.5 23  20   M    M   2 13     31 200
 6  75  60  68  -8   0   3 1.87  0.0    0  9.0 18  10   M    M   7 1      23  10
 7  84  57  71  -5   0   6 0.00  0.0    0  5.0 12  70   M    M   0        19  80
 8  91  65  78   2   0  13 0.00  0.0    0  9.0 17 190   M    M   2        24 200
 9  96  74  85  10   0  20 0.00  0.0    0 15.2 25 180   M    M   0        33 190
10  87  68  78   3   0  13    T  0.0    0 13.0 24 240   M    M   3        37 200
11  76  62  69  -5   0   4 0.00  0.0    0 12.4 20  60   M    M   9        23  40
12  62  50  56 -18   9   0 0.02  0.0    0 12.9 22  20   M    M  10 18     27  20
13  68  50  59 -15   6   0 0.00  0.0    0  7.3 14  30   M    M   5        17  30
14  82  51  67  -6   0   2    T  0.0    0  8.5 18 180   M    M   3        23 170
15  89  67  78   5   0  13    T  0.0    0  8.9 15 210   M    M   5        19 220
16  81  66  74   2   0   9 0.00  0.0    0  6.4 12  70   M    M   6        13  60
17  94  68  81   9   0  16 0.00  0.0    0  8.1 15 220   M    M   0 1      19 220
18  89  65  77   5   0  12 0.28  0.0    0  9.0 35  90   M    M   2 13     43  90
19  89  66  78   7   0  13 0.00  0.0    0  7.3 14 140   M    M   3 128    25 150
20  90  68  79   8   0  14 0.00  0.0    0  7.1 15 210   M    M   1 18     23 190
21  85  57  71   1   0   6    T  0.0    0  6.9 22  60   M    M   3        29  60
22  81  50  66  -4   0   1 0.00  0.0    0  6.8 15  90   M    M   0        21  80
23  83  55  69   0   0   4 0.00  0.0    0 10.1 20 170   M    M   0        24 170
24  85  61  73   4   0   8    T  0.0    0 10.5 18 170   M    M   1        22 170
25  88  57  73   4   0   8 0.00  0.0    0  6.2 13 160   M    M   0        16 180
26  87  56  72   4   0   7 0.00  0.0    0  5.5 14 130   M    M   0        19 120
27  87  56  72   4   0   7 0.00  0.0    0  6.5 13 120   M    M   0 1      17 120
28  88  54  71   4   0   6 0.00  0.0    0  3.9 14 160   M    M   0 1      20  90
29  88  56  72   5   0   7 0.00  0.0    0  4.7 14 150   M    M   0 1      19 130
30  90  59  75   8   0  10 0.00  0.0    0 10.3 21 150   M    M   2        26 160
================================================================================
SM 2599 1857        15 300  4.03     0.0 274.8          M       72
================================================================================
AV 86.6 61.9                               9.2 FASTST   M    M   2    MAX(MPH)
                                 MISC ---->  # 35  90               # 43   90
================================================================================
NOTES:
# LAST OF SEVERAL OCCURRENCES

COLUMN 17 PEAK WIND IN M.P.H.

PRELIMINARY LOCAL CLIMATOLOGICAL DATA (WS FORM: F-6) , PAGE 2

                                          STATION:  STILLWATER
                                          MONTH:    SEPTEMBER
                                          YEAR:     2014
                                          LATITUDE:   36 10 N
                                          LONGITUDE:  97  5 W

[TEMPERATURE DATA]      [PRECIPITATION DATA]       SYMBOLS USED IN COLUMN 16

AVERAGE MONTHLY: 74.3   TOTAL FOR MONTH:   4.03    1 = FOG OR MIST
DPTR FM NORMAL:   1.8   DPTR FM NORMAL:    0.32    2 = FOG REDUCING VISIBILITY
HIGHEST:   100 ON  1    GRTST 24HR  2.29 ON  5- 6      TO 1/4 MILE OR LESS
LOWEST:     50 ON 22,13                            3 = THUNDER
                        SNOW, ICE PELLETS, HAIL    4 = ICE PELLETS
                        TOTAL MONTH:   0.0 INCH    5 = HAIL
                        GRTST 24HR     0.0         6 = FREEZING RAIN OR DRIZZLE
                        GRTST DEPTH:   0           7 = DUSTSTORM OR SANDSTORM:
                                                       VSBY 1/2 MILE OR LESS
                                                   8 = SMOKE OR HAZE
[NO. OF DAYS WITH]      [WEATHER - DAYS WITH]      9 = BLOWING SNOW
                                                   X = TORNADO
MAX 32 OR BELOW:   0    0.01 INCH OR MORE:   5
MAX 90 OR ABOVE:   9    0.10 INCH OR MORE:   4
MIN 32 OR BELOW:   0    0.50 INCH OR MORE:   2
MIN  0 OR BELOW:   0    1.00 INCH OR MORE:   2

[HDD (BASE 65) ]
TOTAL THIS MO.    15    CLEAR  (SCALE 0-3)  22
DPTR FM NORMAL    -9    PTCLDY (SCALE 4-7)   6
TOTAL FM JUL 1    17    CLOUDY (SCALE 8-10)  2
DPTR FM NORMAL    -7

[CDD (BASE 65) ]
TOTAL THIS MO.   300
DPTR FM NORMAL    51    [PRESSURE DATA]
TOTAL FM JAN 1  1957    HIGHEST SLP M ON M
DPTR FM NORMAL   111    LOWEST  SLP 29.69 ON 30

[REMARKS]
#FINAL-09-14#




U.S. Dept. of Commerce
NOAA National Weather Service
1325 East West Highway
Silver Spring, MD 20910
E-mail: w-nws.webmaster@noaa.gov
Page last modified: May 16, 2007
NATIONAL WEATHER SERVICE: for Safety, for Work, for Fun - FOR LIFE