910
CXUS54 KOUN 240800
CF6SWO
PRELIMINARY LOCAL CLIMATOLOGICAL DATA (WS FORM: F-6)

                                          STATION:   STILLWATER
                                          MONTH:     APRIL
                                          YEAR:      2014
                                          LATITUDE:   36 10 N
                                          LONGITUDE:  97  5 W

  TEMPERATURE IN F:       :PCPN:    SNOW:  WIND      :SUNSHINE: SKY     :PK WND
================================================================================
1   2   3   4   5  6A  6B    7    8   9   10  11  12  13   14  15   16   17  18
                                     12Z  AVG MX 2MIN
DY MAX MIN AVG DEP HDD CDD  WTR  SNW DPTH SPD SPD DIR MIN PSBL S-S WX    SPD DR
================================================================================

 1  60  43  52  -3  13   0 0.00  0.0    0 10.0 21  20   M    M   7 8      28  30
 2  88  49  69  14   0   4 0.00  0.0    0 13.9 24 160   M    M   3 8      32 180
 3  77  42  60   4   5   0 0.00  0.0    0 14.8 28 330   M    M   3        37 310
 4  62  34  48  -8  17   0 0.00  0.0    0  9.2 18 360   M    M   0        28 320
 5  70  31  51  -5  14   0    T  0.0    0  7.6 16 130   M    M   1 18     23 110
 6  57  41  49  -7  16   0    T  0.0    0  5.3 14 180   M    M   6        17 190
 7  69  44  57   0   8   0 0.06  0.0    0  6.6 22 350   M    M   4 18     28 350
 8  70  36  53  -4  12   0 0.00  0.0    0 13.5 26 340   M    M   1        38 350
 9  84  31  58   0   7   0 0.00  0.0    0 10.4 25 190   M    M   0        32 220
10  88  57  73  15   0   8 0.00  0.0    0 11.3 21 220   M    M   0        28 210
11  85  50  68  10   0   3 0.00  0.0    0  9.7 18 160   M    M   0        22 150
12  89  61  75  17   0  10 0.00  0.0    0 17.2 29 170   M    M   0        37 170
13  87  41  64   5   1   0 0.43    M    0 20.7 32 170   M    M   5        45 180
14  52  29  41 -18  24   0 0.01    T    0 14.3 28 350   M    M   6 1      36 350
15  65  28  47 -12  18   0 0.00  0.0    0  7.6 16 170   M    M   0        21 160
16  71  47  59  -1   6   0 0.00  0.0    0 17.2 33 170   M    M   0        44 170
17  58  40  49 -11  16   0    T  0.0    0  6.9 16  40   M    M   4 18     21 360
18  76  36  56  -4   9   0 0.00  0.0    0  4.9 15 140   M    M   0 18     24 140
19  83  47  65   4   0   0 0.00  0.0    0 11.0 22 170   M    M   0 8      28 160
20  77  57  67   6   0   2    T  0.0    0 10.1 23 180   M    M   4        28 180
21  77  55  66   5   0   1 0.06  0.0    0  3.5 12  10   M    M   6 1      15  10
22  82  47  65   3   0   0 0.01    M    0  5.6 12  80   M    M   0 12     16  80
23  89  50  70   8   0   5 0.16  0.0    0 14.0 30 120   M    M   1 13     37 130
================================================================================
SM 1716  996       166  33  0.73    T    245.3          M       51
================================================================================
AV 74.6 43.3                              10.7 FASTST   M    M   2    MAX(MPH)
                                 MISC ---->  # 33 170               # 45  180
================================================================================
NOTES:
# LAST OF SEVERAL OCCURRENCES

COLUMN 17 PEAK WIND IN M.P.H.

PRELIMINARY LOCAL CLIMATOLOGICAL DATA (WS FORM: F-6) , PAGE 2

                                          STATION:  STILLWATER
                                          MONTH:    APRIL
                                          YEAR:     2014
                                          LATITUDE:   36 10 N
                                          LONGITUDE:  97  5 W

[TEMPERATURE DATA]      [PRECIPITATION DATA]       SYMBOLS USED IN COLUMN 16

AVERAGE MONTHLY: 59.0   TOTAL FOR MONTH:   0.73    1 = FOG OR MIST
DPTR FM NORMAL:   0.5   DPTR FM NORMAL:   -2.09    2 = FOG REDUCING VISIBILITY
HIGHEST:    89 ON 23,12 GRTST 24HR  0.44 ON 13-14      TO 1/4 MILE OR LESS
LOWEST:     28 ON 15                               3 = THUNDER
                        SNOW, ICE PELLETS, HAIL    4 = ICE PELLETS
                        TOTAL MONTH:    T          5 = HAIL
                        GRTST 24HR    T  ON 14-14  6 = FREEZING RAIN OR DRIZZLE
                        GRTST DEPTH:   0           7 = DUSTSTORM OR SANDSTORM:
                                                       VSBY 1/2 MILE OR LESS
                                                   8 = SMOKE OR HAZE
[NO. OF DAYS WITH]      [WEATHER - DAYS WITH]      9 = BLOWING SNOW
                                                   X = TORNADO
MAX 32 OR BELOW:   0    0.01 INCH OR MORE:   6
MAX 90 OR ABOVE:   0    0.10 INCH OR MORE:   2
MIN 32 OR BELOW:   4    0.50 INCH OR MORE:   0
MIN  0 OR BELOW:   0    1.00 INCH OR MORE:   0

[HDD (BASE 65) ]
TOTAL THIS MO.   166    CLEAR  (SCALE 0-3)  14
DPTR FM NORMAL   -18    PTCLDY (SCALE 4-7)   9
TOTAL FM JUL 1  4116    CLOUDY (SCALE 8-10)  0
DPTR FM NORMAL   403

[CDD (BASE 65) ]
TOTAL THIS MO.    33
DPTR FM NORMAL    -3    [PRESSURE DATA]
TOTAL FM JAN 1    36    HIGHEST SLP M ON M
DPTR FM NORMAL   -10    LOWEST  SLP 29.34 ON 13

[REMARKS]




U.S. Dept. of Commerce
NOAA National Weather Service
1325 East West Highway
Silver Spring, MD 20910
E-mail: w-nws.webmaster@noaa.gov
Page last modified: May 16, 2007
NATIONAL WEATHER SERVICE: for Safety, for Work, for Fun - FOR LIFE