543
CXUS54 KOUN 290800
CF6SWO
PRELIMINARY LOCAL CLIMATOLOGICAL DATA (WS FORM: F-6)

                                          STATION:   STILLWATER
                                          MONTH:     JANUARY
                                          YEAR:      2015
                                          LATITUDE:   36 10 N
                                          LONGITUDE:  97  5 W

  TEMPERATURE IN F:       :PCPN:    SNOW:  WIND      :SUNSHINE: SKY     :PK WND
================================================================================
1   2   3   4   5  6A  6B    7    8   9   10  11  12  13   14  15   16   17  18
                                     12Z  AVG MX 2MIN
DY MAX MIN AVG DEP HDD CDD  WTR  SNW DPTH SPD SPD DIR MIN PSBL S-S WX    SPD DR
================================================================================

 1  32  22  27  -9  38   0 0.01    M    0  3.9  7 160   M    M  10 168     9 160
 2  37  31  34  -2  31   0 0.12    M    0  3.4 12 110   M    M  10 18     13 100
 3  42  29  36   0  29   0 0.20    M    0  6.7 23 330   M    M  10 1      30 330
 4  30  14  22 -14  43   0    T    T    0 11.9 30 330   M    M   3        40 340
 5  44  13  29  -7  36   0 0.00  0.0    0  8.9 26 180   M    M   0        33 180
 6  43  24  34  -2  31   0 0.00  0.0    0  7.5 20  10   M    M   0        25  20
 7  29   7  18 -18  47   0 0.00  0.0    0 14.5 30  20   M    M   4        39  10
 8  38   6  22 -14  43   0 0.00  0.0    0 10.9 28 170   M    M   0        32 180
 9  35  14  25 -11  40   0 0.00  0.0    0  9.8 23 360   M    M   2        28 360
10  40  16  28  -8  37   0 0.00  0.0    0 11.6 22 190   M    M   5        26 190
11  37  31  34  -2  31   0    T    M    0  9.0 21 170   M    M   9 1      25 180
12  37  24  31  -6  34   0 0.01  0.0    0 12.8 23 360   M    M   6 1      31 350
13  38  16  27 -10  38   0 0.00  0.0    0  6.9 14  30   M    M   1        17  30
14  38  20  29  -8  36   0 0.00  0.0    0  2.4  9 320   M    M   9        12 330
15  59  24  42   5  23   0 0.00  0.0    0  5.5 14 300   M    M   2        18 310
16  67  21  44   7  21   0 0.00  0.0    0  8.0 20 200   M    M   0        24 190
17  66  33  50  13  15   0 0.00  0.0    0 11.2 26 340   M    M   0        37 350
18  75  23  49  12  16   0 0.00  0.0    0  9.3 30 220   M    M   0        43 220
19  73  30  52  15  13   0 0.00  0.0    0  3.8 10  10   M    M   0        11 350
20  59  27  43   6  22   0 0.00  0.0    0  7.2 22 360   M    M   4 1      27  30
21  54  29  42   5  23   0    T  0.0    0  7.0 15  50   M    M   6 12     22  40
22  53  28  41   4  24   0    T    M    0  9.5 17  40   M    M   6        23  40
23  51  17  34  -3  31   0 0.00  0.0    0  5.7 16 240   M    M   0 1      21 240
24  64  30  47   9  18   0 0.00  0.0    0  8.8 16 270   M    M   0        22 300
25  58  26  42   4  23   0    T  0.0    0 13.7 30 330   M    M   2        42 310
26  74  24  49  11  16   0 0.00  0.0    0  5.5 17 300   M    M   0        23 290
27  78  33  56  18   9   0 0.00  0.0    0  5.3 16 220   M    M   0        21 220
28  82  40  61  23   4   0 0.00  0.0    0 10.5 24 220   M    M   0        31 220
================================================================================
SM 1433  652       772   0  0.34    T    231.2          M       89
================================================================================
AV 51.2 23.3                               8.3 FASTST   M    M   3    MAX(MPH)
                                 MISC ---->  # 30 330               # 43  220
================================================================================
NOTES:
# LAST OF SEVERAL OCCURRENCES

COLUMN 17 PEAK WIND IN M.P.H.

PRELIMINARY LOCAL CLIMATOLOGICAL DATA (WS FORM: F-6) , PAGE 2

                                          STATION:  STILLWATER
                                          MONTH:    JANUARY
                                          YEAR:     2015
                                          LATITUDE:   36 10 N
                                          LONGITUDE:  97  5 W

[TEMPERATURE DATA]      [PRECIPITATION DATA]       SYMBOLS USED IN COLUMN 16

AVERAGE MONTHLY: 37.2   TOTAL FOR MONTH:   0.34    1 = FOG OR MIST
DPTR FM NORMAL:   0.4   DPTR FM NORMAL:   -0.72    2 = FOG REDUCING VISIBILITY
HIGHEST:    82 ON 28    GRTST 24HR  0.31 ON  2- 3      TO 1/4 MILE OR LESS
LOWEST:      6 ON  8                               3 = THUNDER
                        SNOW, ICE PELLETS, HAIL    4 = ICE PELLETS
                        TOTAL MONTH:    T          5 = HAIL
                        GRTST 24HR    T  ON  4- 4  6 = FREEZING RAIN OR DRIZZLE
                        GRTST DEPTH:   0           7 = DUSTSTORM OR SANDSTORM:
                                                       VSBY 1/2 MILE OR LESS
                                                   8 = SMOKE OR HAZE
[NO. OF DAYS WITH]      [WEATHER - DAYS WITH]      9 = BLOWING SNOW
                                                   X = TORNADO
MAX 32 OR BELOW:   3    0.01 INCH OR MORE:   4
MAX 90 OR ABOVE:   0    0.10 INCH OR MORE:   2
MIN 32 OR BELOW:  25    0.50 INCH OR MORE:   0
MIN  0 OR BELOW:   0    1.00 INCH OR MORE:   0

[HDD (BASE 65) ]
TOTAL THIS MO.   772    CLEAR  (SCALE 0-3)  16
DPTR FM NORMAL   -18    PTCLDY (SCALE 4-7)   7
TOTAL FM JUL 1  2203    CLOUDY (SCALE 8-10)  5
DPTR FM NORMAL  -114

[CDD (BASE 65) ]
TOTAL THIS MO.     0
DPTR FM NORMAL     0    [PRESSURE DATA]
TOTAL FM JAN 1     0    HIGHEST SLP M ON M
DPTR FM NORMAL     0    LOWEST  SLP 29.79 ON  3

[REMARKS]




U.S. Dept. of Commerce
NOAA National Weather Service
1325 East West Highway
Silver Spring, MD 20910
E-mail: w-nws.webmaster@noaa.gov
Page last modified: May 16, 2007
NATIONAL WEATHER SERVICE: for Safety, for Work, for Fun - FOR LIFE