536
CXUS54 KEPZ 241200
CF6SVC
PRELIMINARY LOCAL CLIMATOLOGICAL DATA (WS FORM: F-6)

                                          STATION:   SILVER CITY
                                          MONTH:     APRIL
                                          YEAR:      2014
                                          LATITUDE:   32 37 N
                                          LONGITUDE: 108 10 W

  TEMPERATURE IN F:       :PCPN:    SNOW:  WIND      :SUNSHINE: SKY     :PK WND
================================================================================
1   2   3   4   5  6A  6B    7    8   9   10  11  12  13   14  15   16   17  18
                                     12Z  AVG MX 2MIN
DY MAX MIN AVG DEP HDD CDD  WTR  SNW DPTH SPD SPD DIR MIN PSBL S-S WX    SPD DR
================================================================================

 1  72  41  57   M   8   0 0.00  0.0    0 15.5 28 250   M    M   0 8      39 250
 2  68  37  53   M  12   0 0.00  0.0    0 16.9 31 250   M    M   0 8      44 270
 3  57  36  47   M  18   0 0.00  0.0    0 16.1 27 300   M    M   0        33 300
 4  64  27  46   M  19   0 0.00  0.0    0 10.0 20 140   M    M   0        27 140
 5  61  32  47   M  18   0 0.00  0.0    0 11.7 21 260   M    M   0        35 260
 6  63  32  48   M  17   0 0.00  0.0    0 14.7 29 300   M    M   1        36 300
 7  72  34  53   M  12   0 0.00  0.0    0 14.2 23  10   M    M   0        32 340
 8  75  39  57   M   8   0 0.00  0.0    0  8.8 14 220   M    M   0        24 290
 9  81  39  60   M   5   0 0.00  0.0    0  9.6 21 190   M    M   0        32 190
10  81  48  65   M   0   0 0.00    M    0 14.2 24 300   M    M   0 3      32 300
11  77  45  61   M   4   0 0.00  0.0    0 10.1 17 270   M    M   1        27 250
12  77  50  64   M   1   0 0.00  0.0    0 12.8 22 240   M    M   1        38 240
13  72  41  57   M   8   0 0.00  0.0    0 17.2 29 280   M    M   0        38 280
14  66  43  55   M  10   0 0.00  0.0    0  9.4 16 280   M    M   1        30 280
15  66  27  47   M  18   0 0.00  0.0    0  7.7 16 160   M    M   0        21 150
16  75  39  57   M   8   0 0.00  0.0    0 13.0 22 270   M    M   0        32 270
17  75  45  60   M   5   0 0.00  0.0    0  9.4 14 360   M    M   0        22 170
18  72  39  56   M   9   0 0.00  0.0    0 10.3 20 220   M    M   1        31 330
19  66  46  56   M   9   0 0.20  0.0    0 10.1 23 250   M    M   4 3      30 250
20  72  41  57   M   8   0 0.00  0.0    0  8.3 31  10   M    M   2 3      36  10
21  77  46  62   M   3   0 0.00  0.0    0  8.0 13 360   M    M   1        22 160
22  82  48  65   M   0   0 0.00  0.0    0 13.6 23 200   M    M   0        33 200
23  73  50  62   M   3   0 0.00  0.0    0 17.2 37 280   M    M   0        43 280
================================================================================
SM 1644  925       203   0  0.20     0.0 278.8          M       12
================================================================================
AV 71.5 40.2                              12.1 FASTST   M    M   1    MAX(MPH)
                                 MISC ---->    37   M                 44    M
================================================================================
NOTES:
# LAST OF SEVERAL OCCURRENCES

COLUMN 17 PEAK WIND IN M.P.H.

PRELIMINARY LOCAL CLIMATOLOGICAL DATA (WS FORM: F-6) , PAGE 2

                                          STATION:  SILVER CITY
                                          MONTH:    APRIL
                                          YEAR:     2014
                                          LATITUDE:   32 37 N
                                          LONGITUDE: 108 10 W

[TEMPERATURE DATA]      [PRECIPITATION DATA]       SYMBOLS USED IN COLUMN 16

AVERAGE MONTHLY: 55.8   TOTAL FOR MONTH:   0.20    1 = FOG OR MIST
DPTR FM NORMAL:     M   DPTR FM NORMAL:       M    2 = FOG REDUCING VISIBILITY
HIGHEST:    82 ON 22    GRTST 24HR  0.20 ON 19-19      TO 1/4 MILE OR LESS
LOWEST:     27 ON 15, 4                            3 = THUNDER
                        SNOW, ICE PELLETS, HAIL    4 = ICE PELLETS
                        TOTAL MONTH:   0.0 INCH    5 = HAIL
                        GRTST 24HR     0.0         6 = FREEZING RAIN OR DRIZZLE
                        GRTST DEPTH:   0           7 = DUSTSTORM OR SANDSTORM:
                                                       VSBY 1/2 MILE OR LESS
                                                   8 = SMOKE OR HAZE
[NO. OF DAYS WITH]      [WEATHER - DAYS WITH]      9 = BLOWING SNOW
                                                   X = TORNADO
MAX 32 OR BELOW:   0    0.01 INCH OR MORE:   1
MAX 90 OR ABOVE:   0    0.10 INCH OR MORE:   1
MIN 32 OR BELOW:   4    0.50 INCH OR MORE:   0
MIN  0 OR BELOW:   0    1.00 INCH OR MORE:   0

[HDD (BASE 65) ]
TOTAL THIS MO.   203    CLEAR  (SCALE 0-3)  22
DPTR FM NORMAL     M    PTCLDY (SCALE 4-7)   1
TOTAL FM JUL 1  3492    CLOUDY (SCALE 8-10)  0
DPTR FM NORMAL     M

[CDD (BASE 65) ]
TOTAL THIS MO.     0
DPTR FM NORMAL     M    [PRESSURE DATA]
TOTAL FM JAN 1     0    HIGHEST SLP M ON M
DPTR FM NORMAL     M    LOWEST  SLP M ON M

[REMARKS]




U.S. Dept. of Commerce
NOAA National Weather Service
1325 East West Highway
Silver Spring, MD 20910
E-mail: w-nws.webmaster@noaa.gov
Page last modified: May 16, 2007
NATIONAL WEATHER SERVICE: for Safety, for Work, for Fun - FOR LIFE