311
CXUS54 KEPZ 221200
CF6SVC
PRELIMINARY LOCAL CLIMATOLOGICAL DATA (WS FORM: F-6)

                                          STATION:   SILVER CITY
                                          MONTH:     SEPTEMBER
                                          YEAR:      2014
                                          LATITUDE:   32 37 N
                                          LONGITUDE: 108 10 W

  TEMPERATURE IN F:       :PCPN:    SNOW:  WIND      :SUNSHINE: SKY     :PK WND
================================================================================
1   2   3   4   5  6A  6B    7    8   9   10  11  12  13   14  15   16   17  18
                                     12Z  AVG MX 2MIN
DY MAX MIN AVG DEP HDD CDD  WTR  SNW DPTH SPD SPD DIR MIN PSBL S-S WX    SPD DR
================================================================================

 1  91  59  75   M   0  10 0.00  0.0    0 12.3 20 310   M    M   0        25 290
 2  93  63  78   M   0  13 0.00  0.0    0 10.2 15 320   M    M   0        22 300
 3  91  63  77   M   0  12 0.00  0.0    0  8.7 12 180   M    M   1        17 180
 4  90  63  77   M   0  12 0.00  0.0    0  9.3 22 140   M    M   2        27 140
 5  81  64  73   M   0   8 0.02  0.0    0  5.2 15 120   M    M   5         M  M
 6  84  63  74   M   0   9 0.00  0.0    0 10.8 23 150   M    M   4        30 110
 7  77  63  70   M   0   5 0.00  0.0    0 12.1 20 110   M    M   6        23 140
 8  81  63  72   M   0   7 0.01  0.0    0  8.8 20 250   M    M   7        29 250
 9  82  63  73   M   0   8 0.00  0.0    0 12.7 20 280   M    M   1        28 280
10  82  61  72   M   0   7 0.00  0.0    0 10.8 16 320   M    M   1        22 320
11  84  59  72   M   0   7 0.00  0.0    0 10.3 17 150   M    M   1        24 150
12  81  55  68   M   0   3 0.10  0.0    0 10.6 20  30   M    M   3 38     25 160
13  73  54  64   M   1   0 0.00  0.0    0 11.6 17 130   M    M   5        27 150
14  75  55  65   M   0   0 0.00  0.0    0 10.9 17 110   M    M   4        27 130
15  77  59  68   M   0   3 0.00  0.0    0  8.4 17 160   M    M   3        18 150
16  68  61  65   M   0   0 0.13  0.0    0  8.6 21 110   M    M   8 1       M  M
17  70  61  66   M   0   1 0.56  0.0    0  6.4 10 130   M    M   8         M  M
18  66  59  63   M   2   0 0.74  0.0    0  6.9 14  90   M    M   8 1       M  M
19  77  59  68   M   0   3 0.00  0.0    0  5.2 12 160   M    M   6 128     M  M
20  82  61  72   M   0   7 0.00  0.0    0  5.8 12 180   M    M   1 38     20 180
21  79  64  72   M   0   7 0.06  0.0    0  7.1 12  50   M    M   5        18 150
================================================================================
SM 1684 1272         3 122  1.62     0.0 192.7          M       79
================================================================================
AV 80.2 60.6                               9.2 FASTST   M    M   4    MAX(MPH)
                                 MISC ---->  # 23 150                 30    M
================================================================================
NOTES:
# LAST OF SEVERAL OCCURRENCES

COLUMN 17 PEAK WIND IN M.P.H.

PRELIMINARY LOCAL CLIMATOLOGICAL DATA (WS FORM: F-6) , PAGE 2

                                          STATION:  SILVER CITY
                                          MONTH:    SEPTEMBER
                                          YEAR:     2014
                                          LATITUDE:   32 37 N
                                          LONGITUDE: 108 10 W

[TEMPERATURE DATA]      [PRECIPITATION DATA]       SYMBOLS USED IN COLUMN 16

AVERAGE MONTHLY: 70.4   TOTAL FOR MONTH:   1.62    1 = FOG OR MIST
DPTR FM NORMAL:     M   DPTR FM NORMAL:       M    2 = FOG REDUCING VISIBILITY
HIGHEST:    93 ON  2    GRTST 24HR  0.74 ON 18-18      TO 1/4 MILE OR LESS
LOWEST:     54 ON 13                               3 = THUNDER
                        SNOW, ICE PELLETS, HAIL    4 = ICE PELLETS
                        TOTAL MONTH:   0.0 INCH    5 = HAIL
                        GRTST 24HR     0.0         6 = FREEZING RAIN OR DRIZZLE
                        GRTST DEPTH:   0           7 = DUSTSTORM OR SANDSTORM:
                                                       VSBY 1/2 MILE OR LESS
                                                   8 = SMOKE OR HAZE
[NO. OF DAYS WITH]      [WEATHER - DAYS WITH]      9 = BLOWING SNOW
                                                   X = TORNADO
MAX 32 OR BELOW:   0    0.01 INCH OR MORE:   7
MAX 90 OR ABOVE:   4    0.10 INCH OR MORE:   4
MIN 32 OR BELOW:   0    0.50 INCH OR MORE:   2
MIN  0 OR BELOW:   0    1.00 INCH OR MORE:   0

[HDD (BASE 65) ]
TOTAL THIS MO.     3    CLEAR  (SCALE 0-3)   9
DPTR FM NORMAL     M    PTCLDY (SCALE 4-7)  12
TOTAL FM JUL 1     3    CLOUDY (SCALE 8-10)  0
DPTR FM NORMAL     M

[CDD (BASE 65) ]
TOTAL THIS MO.   122
DPTR FM NORMAL     M    [PRESSURE DATA]
TOTAL FM JAN 1  1114    HIGHEST SLP M ON M
DPTR FM NORMAL     M    LOWEST  SLP M ON M

[REMARKS]




U.S. Dept. of Commerce
NOAA National Weather Service
1325 East West Highway
Silver Spring, MD 20910
E-mail: w-nws.webmaster@noaa.gov
Page last modified: May 16, 2007
NATIONAL WEATHER SERVICE: for Safety, for Work, for Fun - FOR LIFE