390
CXUS54 KEPZ 011202
CF6SVC
PRELIMINARY LOCAL CLIMATOLOGICAL DATA (WS FORM: F-6)

                                          STATION:   SILVER CITY
                                          MONTH:     NOVEMBER
                                          YEAR:      2014
                                          LATITUDE:   32 37 N
                                          LONGITUDE: 108 10 W

  TEMPERATURE IN F:       :PCPN:    SNOW:  WIND      :SUNSHINE: SKY     :PK WND
================================================================================
1   2   3   4   5  6A  6B    7    8   9   10  11  12  13   14  15   16   17  18
                                     12Z  AVG MX 2MIN
DY MAX MIN AVG DEP HDD CDD  WTR  SNW DPTH SPD SPD DIR MIN PSBL S-S WX    SPD DR
================================================================================

 1  68  46  57   M   8   0 0.00  0.0    0  7.2 14 190   M    M   1        17 130
 2  72  50  61   M   4   0 0.03  0.0    0 11.7 33 210   M    M   5 3      44 210
 3  63  41  52   M  13   0 0.00  0.0    0  8.6 15 240   M    M   5        22 240
 4  59  41  50   M  15   0 0.00  0.0    0  9.5 21  60   M    M   3        24  60
 5  63  32  48   M  17   0 0.00  0.0    0  8.0 22 140   M    M   1 8      30 140
 6  63  32  48   M  17   0 0.00  0.0    0  8.5 21 170   M    M   2        25 110
 7  68  34  51   M  14   0 0.00  0.0    0  7.6 14 300   M    M   0         M  M
 8  64  37  51   M  14   0 0.00  0.0    0  7.7 15 120   M    M   0        28 150
 9  66  36  51   M  14   0 0.00  0.0    0  7.1 12 360   M    M   0         M  M
10  68  41  55   M  10   0 0.00  0.0    0 14.2 31 280   M    M   0        40 280
11  66  37  52   M  13   0 0.00  0.0    0 10.5 16 290   M    M   0        21 290
12  66  37  52   M  13   0 0.00  0.0    0  7.9 15 140   M    M   1        23 240
13  46  28  37   M  28   0 0.00  0.0    0  4.2  8 170   M    M   3         M  M
14  64  30  47   M  18   0 0.00  0.0    0  7.9 23 290   M    M   1        29 290
15  63  37  50   M  15   0 0.00  0.0    0 10.4 21 280   M    M   0        27 310
16  54  28  41   M  24   0 0.02  0.0    0 11.9 23 310   M    M   1        32 320
17  46  18  32   M  33   0 0.00  0.0    0  6.3 12 150   M    M   0         M  M
18  54  19  37   M  28   0 0.00  0.0    0  6.6 12 360   M    M   0         M  M
19  55  27  41   M  24   0 0.00  0.0    0  7.8 15 340   M    M   0         M  M
20  63  27  45   M  20   0 0.00  0.0    0 11.2 15 300   M    M   0        21 290
21  55  28  42   M  23   0 0.00  0.0    0  6.7 12 360   M    M   0         M  M
22  59  32  46   M  19   0 0.00  0.0    0 10.5 18 290   M    M   0        30 310
23  55  25  40   M  25   0 0.00  0.0    0 18.8 37 300   M    M   0        50 300
24  52  21  37   M  28   0 0.00  0.0    0 13.6 22  10   M    M   0        30 300
25  52  19  36   M  29   0 0.00  0.0    0  9.3 15 320   M    M   0        23  20
26  63  32  48   M  17   0 0.00  0.0    0  8.8 13 350   M    M   0         M  M
27  64  32  48   M  17   0 0.00  0.0    0  7.3 14 360   M    M   0        17 180
28  66  34  50   M  15   0 0.00  0.0    0  7.7 13  10   M    M   0         M  M
29  66  34  50   M  15   0 0.00  0.0    0 12.1 17 290   M    M   0        23 310
30  64  36  50   M  15   0 0.00  0.0    0 10.6 16 280   M    M   0        22 290
================================================================================
SM 1827  971       545   0  0.05     0.0 280.2          M       23
================================================================================
AV 60.9 32.4                               9.3 FASTST   M    M   1    MAX(MPH)
                                 MISC ---->    37   M               # 50  300
================================================================================
NOTES:
# LAST OF SEVERAL OCCURRENCES

COLUMN 17 PEAK WIND IN M.P.H.

PRELIMINARY LOCAL CLIMATOLOGICAL DATA (WS FORM: F-6) , PAGE 2

                                          STATION:  SILVER CITY
                                          MONTH:    NOVEMBER
                                          YEAR:     2014
                                          LATITUDE:   32 37 N
                                          LONGITUDE: 108 10 W

[TEMPERATURE DATA]      [PRECIPITATION DATA]       SYMBOLS USED IN COLUMN 16

AVERAGE MONTHLY: 46.6   TOTAL FOR MONTH:   0.05    1 = FOG OR MIST
DPTR FM NORMAL:     M   DPTR FM NORMAL:       M    2 = FOG REDUCING VISIBILITY
HIGHEST:    72 ON  2    GRTST 24HR  0.03 ON  2- 2      TO 1/4 MILE OR LESS
LOWEST:     18 ON 17                               3 = THUNDER
                        SNOW, ICE PELLETS, HAIL    4 = ICE PELLETS
                        TOTAL MONTH:   0.0 INCH    5 = HAIL
                        GRTST 24HR     0.0         6 = FREEZING RAIN OR DRIZZLE
                        GRTST DEPTH:   0           7 = DUSTSTORM OR SANDSTORM:
                                                       VSBY 1/2 MILE OR LESS
                                                   8 = SMOKE OR HAZE
[NO. OF DAYS WITH]      [WEATHER - DAYS WITH]      9 = BLOWING SNOW
                                                   X = TORNADO
MAX 32 OR BELOW:   0    0.01 INCH OR MORE:   2
MAX 90 OR ABOVE:   0    0.10 INCH OR MORE:   0
MIN 32 OR BELOW:  16    0.50 INCH OR MORE:   0
MIN  0 OR BELOW:   0    1.00 INCH OR MORE:   0

[HDD (BASE 65) ]
TOTAL THIS MO.   545    CLEAR  (SCALE 0-3)  28
DPTR FM NORMAL     M    PTCLDY (SCALE 4-7)   2
TOTAL FM JUL 1   682    CLOUDY (SCALE 8-10)  0
DPTR FM NORMAL     M

[CDD (BASE 65) ]
TOTAL THIS MO.     0
DPTR FM NORMAL     M    [PRESSURE DATA]
TOTAL FM JAN 1  1137    HIGHEST SLP M ON M
DPTR FM NORMAL     M    LOWEST  SLP M ON M

[REMARKS]
#FINAL-11-14#




U.S. Dept. of Commerce
NOAA National Weather Service
1325 East West Highway
Silver Spring, MD 20910
E-mail: w-nws.webmaster@noaa.gov
Page last modified: May 16, 2007
NATIONAL WEATHER SERVICE: for Safety, for Work, for Fun - FOR LIFE