201
CXUS55 KFSD 270905
CF6SUX
PRELIMINARY LOCAL CLIMATOLOGICAL DATA (WS FORM: F-6)

                                          STATION:   SIOUX CITY IA
                                          MONTH:     NOVEMBER
                                          YEAR:      2014
                                          LATITUDE:   42 24 N
                                          LONGITUDE:  96 23 W

  TEMPERATURE IN F:       :PCPN:    SNOW:  WIND      :SUNSHINE: SKY     :PK WND
================================================================================
1   2   3   4   5  6A  6B    7    8   9   10  11  12  13   14  15   16   17  18
                                     12Z  AVG MX 2MIN
DY MAX MIN AVG DEP HDD CDD  WTR  SNW DPTH SPD SPD DIR MIN PSBL S-S WX    SPD DR
================================================================================

 1  51  21  36  -8  29   0 0.00  0.0    0 12.7 24 170   M    M   0        32 170
 2  63  40  52   9  13   0 0.00  0.0    0 12.5 24 190   M    M   0        31 190
 3  63  43  53  10  12   0 0.04  0.0    0 10.5 25 330   M    M   6 13     34 310
 4  63  30  47   5  18   0 0.00  0.0    0  6.9 22 290   M    M   0        30 290
 5  67  35  51   9  14   0    T  0.0    0 12.3 29 340   M    M   3        37 310
 6  51  30  41   0  24   0 0.00  0.0    0 11.5 36 340   M    M   4        42 350
 7  60  30  45   4  20   0 0.00  0.0    0 14.4 36 330   M    M   1        45 340
 8  48  35  42   2  23   0 0.00  0.0    0 13.4 38 350   M    M   4        44 350
 9  51  31  41   1  24   0    T  0.0    0  6.7 20 100   M    M   3        23  90
10  46  23  35  -4  30   0 0.04  0.4    0 19.8 38 360   M    M   6 1      45  10
11  27  18  23 -15  42   0    T    T    T 22.6 32 340   M    M   7        39 340
12  24  11  18 -20  47   0    T    T    T 17.6 25 320   M    M   9        31 330
13  25   7  16 -21  49   0    T    T    T 14.4 29 330   M    M   6        34 320
14  28   1  15 -22  50   0 0.00  0.0    T  3.9 10 170   M    M   3        13 170
15  28  14  21 -15  44   0 0.19  4.0    0  9.1 28 320   M    M  10 12     36 320
16  26  -1  13 -23  52   0    T    T    4 12.8 30 330   M    M   3        36 320
17  19   5  12 -23  53   0 0.00  0.0    4 16.4 30 330   M    M   2        36 330
18  27   3  15 -19  50   0 0.00  0.0    3  8.8 15 280   M    M   5        19 270
19  34  22  28  -6  37   0    T    T    3 18.1 37 330   M    M  10        45 320
20  29  11  20 -13  45   0 0.00  0.0    3  7.0 14 320   M    M   4        18 340
21  39  13  26  -7  39   0 0.00  0.0    3 11.8 22 190   M    M   2 1      26 190
22  54  36  45  13  20   0 0.00  0.0    T 11.5 23 180   M    M   7 1      29 190
23  55  30  43  11  22   0    T  0.0    0 16.3 33 330   M    M   9 1      43 330
24  33  22  28  -3  37   0    T    T    0 23.0 36 330   M    M   6        44 330
25  43  11  27  -3  38   0 0.12    T    0  7.9 15 180   M    M   3 1      19 310
26  37  17  27  -3  38   0 0.02  0.1    T 18.0 32 360   M    M   8 18     38 360
================================================================================
SM 1091  538       870   0  0.41     4.5 339.9          M      121
================================================================================
AV 42.0 20.7                              13.1 FASTST   M    M   5    MAX(MPH)
                                 MISC ---->  # 38 350               # 45  340
================================================================================
NOTES:
# LAST OF SEVERAL OCCURRENCES

COLUMN 17 PEAK WIND IN M.P.H.

PRELIMINARY LOCAL CLIMATOLOGICAL DATA (WS FORM: F-6) , PAGE 2

                                          STATION:  SIOUX CITY IA
                                          MONTH:    NOVEMBER
                                          YEAR:     2014
                                          LATITUDE:   42 24 N
                                          LONGITUDE:  96 23 W

[TEMPERATURE DATA]      [PRECIPITATION DATA]       SYMBOLS USED IN COLUMN 16

AVERAGE MONTHLY: 31.3   TOTAL FOR MONTH:   0.41    1 = FOG OR MIST
DPTR FM NORMAL:  -5.6   DPTR FM NORMAL:   -0.74    2 = FOG REDUCING VISIBILITY
HIGHEST:    67 ON  5    GRTST 24HR  0.19 ON 15-15      TO 1/4 MILE OR LESS
LOWEST:     -1 ON 16                               3 = THUNDER
                        SNOW, ICE PELLETS, HAIL    4 = ICE PELLETS
                        TOTAL MONTH:   4.5 INCHES  5 = HAIL
                        GRTST 24HR   4.0 ON 15-15  6 = FREEZING RAIN OR DRIZZLE
                        GRTST DEPTH:   4 ON 17,16  7 = DUSTSTORM OR SANDSTORM:
                                                       VSBY 1/2 MILE OR LESS
                                                   8 = SMOKE OR HAZE
[NO. OF DAYS WITH]      [WEATHER - DAYS WITH]      9 = BLOWING SNOW
                                                   X = TORNADO
MAX 32 OR BELOW:   9    0.01 INCH OR MORE:   5
MAX 90 OR ABOVE:   0    0.10 INCH OR MORE:   2
MIN 32 OR BELOW:  21    0.50 INCH OR MORE:   0
MIN  0 OR BELOW:   1    1.00 INCH OR MORE:   0

[HDD (BASE 65) ]
TOTAL THIS MO.   870    CLEAR  (SCALE 0-3)   9
DPTR FM NORMAL   140    PTCLDY (SCALE 4-7)  13
TOTAL FM JUL 1  1350    CLOUDY (SCALE 8-10)  4
DPTR FM NORMAL    20

[CDD (BASE 65) ]
TOTAL THIS MO.     0
DPTR FM NORMAL     0    [PRESSURE DATA]
TOTAL FM JAN 1   862    HIGHEST SLP M ON M
DPTR FM NORMAL    -7    LOWEST  SLP 29.42 ON 23

[REMARKS]




U.S. Dept. of Commerce
NOAA National Weather Service
1325 East West Highway
Silver Spring, MD 20910
E-mail: w-nws.webmaster@noaa.gov
Page last modified: May 16, 2007
NATIONAL WEATHER SERVICE: for Safety, for Work, for Fun - FOR LIFE