276
CXUS55 KFSD 300905
CF6SUX
PRELIMINARY LOCAL CLIMATOLOGICAL DATA (WS FORM: F-6)

                                          STATION:   SIOUX CITY IA
                                          MONTH:     SEPTEMBER
                                          YEAR:      2014
                                          LATITUDE:   42 24 N
                                          LONGITUDE:  96 23 W

  TEMPERATURE IN F:       :PCPN:    SNOW:  WIND      :SUNSHINE: SKY     :PK WND
================================================================================
1   2   3   4   5  6A  6B    7    8   9   10  11  12  13   14  15   16   17  18
                                     12Z  AVG MX 2MIN
DY MAX MIN AVG DEP HDD CDD  WTR  SNW DPTH SPD SPD DIR MIN PSBL S-S WX    SPD DR
================================================================================

 1  81  60  71   2   0   6 0.11  0.0    0  4.8 37 270   M    M   3 13     51 270
 2  79  54  67  -2   0   2 0.00  0.0    0  5.2 12 230   M    M   1        17 230
 3  83  63  73   5   0   8 0.00  0.0    0 10.8 22 190   M    M   3        31 200
 4  84  65  75   7   0  10 0.00  0.0    0  8.7 17 330   M    M   3 3      22 320
 5  68  50  59  -9   6   0    T  0.0    0  7.6 14 340   M    M   6 13     19 320
 6  75  46  61  -6   4   0 0.00  0.0    0  2.8  7 240   M    M   0 1      12 200
 7  76  48  62  -5   3   0 0.00  0.0    0  7.7 16 170   M    M   0        22 220
 8  81  58  70   3   0   5 0.78  0.0    0 10.1 23 140   M    M   3 13     35  20
 9  78  63  71   5   0   6    T  0.0    0  6.1 15 180   M    M   4 12     19 170
10  68  53  61  -5   4   0 0.02  0.0    0 14.1 24 350   M    M  10 1      31 340
11  58  48  53 -13  12   0 0.09  0.0    0  9.9 17  10   M    M  10 1      21  10
12  58  39  49 -16  16   0 0.35  0.0    0  5.6 15 360   M    M   7 1      20  40
13  63  35  49 -16  16   0 0.00  0.0    0  8.3 22 210   M    M   3 1      28 190
14  70  42  56  -8   9   0 0.00  0.0    0  4.1 12 190   M    M   2        15 240
15  65  42  54 -10  11   0 0.00  0.0    0  8.0 22  10   M    M   5 1      27 360
16  70  38  54  -9  11   0 0.00  0.0    0  6.0 16 190   M    M   3 12     21 190
17  82  53  68   5   0   3 0.00  0.0    0  4.1  8 100   M    M   2        10 100
18  78  56  67   5   0   2 0.00  0.0    0  8.2 15 180   M    M   1 1      20 180
19  90  60  75  13   0  10 0.69  0.0    0 11.9 24 200   M    M   5 13     34 200
20  85  57  71   9   0   6 0.24  0.0    0  8.0 25 340   M    M   2 13     31 340
21  73  48  61   0   4   0 0.00  0.0    0  8.3 20 330   M    M   1        26 330
22  75  44  60  -1   5   0 0.00  0.0    0  5.5 15 180   M    M   0 1      20 180
23  67  56  62   2   3   0 0.16  0.0    0  8.9 18 150   M    M   9 13     26 140
24  77  58  68   8   0   3    T  0.0    0  9.0 16 170   M    M   4        21 160
25  84  56  70  11   0   5 0.00  0.0    0  6.4 13 160   M    M   0 1      17 170
26  86  57  72  13   0   7 0.00  0.0    0  7.5 16 180   M    M   0 1      22 180
27  84  59  72  14   0   7 0.00  0.0    0  9.2 18 170   M    M   1 1      27 160
28  85  57  71  13   0   6 0.00  0.0    0  7.2 14 170   M    M   2 1      18 190
29  81  61  71  13   0   6    T  0.0    0  7.6 18 360   M    M   4 1      23 350
================================================================================
SM 2204 1526       104  92  2.44     0.0 221.6          M       94
================================================================================
AV 76.0 52.6                               7.6 FASTST   M    M   3    MAX(MPH)
                                 MISC ---->  # 37 270               # 51  270
================================================================================
NOTES:
# LAST OF SEVERAL OCCURRENCES

COLUMN 17 PEAK WIND IN M.P.H.

PRELIMINARY LOCAL CLIMATOLOGICAL DATA (WS FORM: F-6) , PAGE 2

                                          STATION:  SIOUX CITY IA
                                          MONTH:    SEPTEMBER
                                          YEAR:     2014
                                          LATITUDE:   42 24 N
                                          LONGITUDE:  96 23 W

[TEMPERATURE DATA]      [PRECIPITATION DATA]       SYMBOLS USED IN COLUMN 16

AVERAGE MONTHLY: 64.3   TOTAL FOR MONTH:   2.44    1 = FOG OR MIST
DPTR FM NORMAL:   0.7   DPTR FM NORMAL:   -0.43    2 = FOG REDUCING VISIBILITY
HIGHEST:    90 ON 19    GRTST 24HR  1.17 ON 31- 1      TO 1/4 MILE OR LESS
LOWEST:     35 ON 13                               3 = THUNDER
                        SNOW, ICE PELLETS, HAIL    4 = ICE PELLETS
                        TOTAL MONTH:   0.0 INCH    5 = HAIL
                        GRTST 24HR     0.0         6 = FREEZING RAIN OR DRIZZLE
                        GRTST DEPTH:   0           7 = DUSTSTORM OR SANDSTORM:
                                                       VSBY 1/2 MILE OR LESS
                                                   8 = SMOKE OR HAZE
[NO. OF DAYS WITH]      [WEATHER - DAYS WITH]      9 = BLOWING SNOW
                                                   X = TORNADO
MAX 32 OR BELOW:   0    0.01 INCH OR MORE:   8
MAX 90 OR ABOVE:   1    0.10 INCH OR MORE:   6
MIN 32 OR BELOW:   0    0.50 INCH OR MORE:   2
MIN  0 OR BELOW:   0    1.00 INCH OR MORE:   0

[HDD (BASE 65) ]
TOTAL THIS MO.   104    CLEAR  (SCALE 0-3)  18
DPTR FM NORMAL   -20    PTCLDY (SCALE 4-7)   8
TOTAL FM JUL 1   110    CLOUDY (SCALE 8-10)  3
DPTR FM NORMAL   -29

[CDD (BASE 65) ]
TOTAL THIS MO.    92
DPTR FM NORMAL    11    [PRESSURE DATA]
TOTAL FM JAN 1   858    HIGHEST SLP M ON M
DPTR FM NORMAL     0    LOWEST  SLP 29.49 ON  4

[REMARKS]




U.S. Dept. of Commerce
NOAA National Weather Service
1325 East West Highway
Silver Spring, MD 20910
E-mail: w-nws.webmaster@noaa.gov
Page last modified: May 16, 2007
NATIONAL WEATHER SERVICE: for Safety, for Work, for Fun - FOR LIFE