884
CXUS53 KLSX 311600
CF6SUS
PRELIMINARY LOCAL CLIMATOLOGICAL DATA (WS FORM: F-6)

                                          STATION:   SPIRIT OF ST LOUIS MO
                                          MONTH:     JULY
                                          YEAR:      2014
                                          LATITUDE:   38 39 N
                                          LONGITUDE:  90 38 W

  TEMPERATURE IN F:       :PCPN:    SNOW:  WIND      :SUNSHINE: SKY     :PK WND
================================================================================
1   2   3   4   5  6A  6B    7    8   9   10  11  12  13   14  15   16   17  18
                                     12Z  AVG MX 2MIN
DY MAX MIN AVG DEP HDD CDD  WTR  SNW DPTH SPD SPD DIR MIN PSBL S-S WX    SPD DR
================================================================================

 1  87  68  78   1   0  13 0.12  0.0    0  5.7 18 230   M    M   5 13     28 220
 2  77  59  68 -10   0   3 0.00  0.0    0  9.7 21 290   M    M   5        26 320
 3  79  57  68 -10   0   3 0.00  0.0    0  4.5 13 320   M    M   4 8      16 330
 4  83  54  69  -9   0   4 0.00  0.0    0  1.6 10 120   M    M   4 18     13 120
 5  81  56  69  -9   0   4    T  0.0    0  4.9 13 150   M    M   5 18     22 160
 6  90  69  80   2   0  15    T  0.0    0  6.8 15 220   M    M   6 3      21 230
 7  95  75  85   7   0  20    T  0.0    0  9.9 31 270   M    M   4 13     41 260
 8  86  66  76  -2   0  11 0.43  0.0    0  9.5 31 260   M    M   4 13     41 250
 9  86  61  74  -4   0   9 0.00  0.0    0  4.7 16 300   M    M   1        21 320
10  84  57  71  -7   0   6 0.00  0.0    0  1.9  9 180   M    M   2 1      13 200
11  89  59  74  -4   0   9 0.00  0.0    0  4.9 13 180   M    M   3        18 140
12  94  77  86   8   0  21    T  0.0    0  6.5 13 250   M    M   5        18 230
13  90  74  82   4   0  17 0.14  0.0    0  5.1 17 340   M    M   6 138    25 170
14  89  64  77  -1   0  12    T  0.0    0  5.9 35 310   M    M   5 138    40 320
15  76  55  66 -12   0   1 0.00  0.0    0  7.5 16 320   M    M   4        23 340
16  78  52  65 -13   0   0 0.00  0.0    0  1.3 10 310   M    M   3 1      15 310
17  80  51  66 -12   0   1 0.00  0.0    0  1.7  8  70   M    M   4 1      10  70
18  82  59  71  -7   0   6 0.00  0.0    0  3.9 15  40   M    M   5 8      20  30
19  84  54  69  -9   0   4 0.00  0.0    0  2.4 10  40   M    M   3        14  40
20  85  58  72  -6   0   7 0.00  0.0    0  2.2  9  40   M    M   3 1      12  30
21  88  61  75  -3   0  10 0.00  0.0    0  3.5 12 230   M    M   0 18     23 180
22  90  65  78   0   0  13 0.00  0.0    0  3.9 14 180   M    M   3 18     24 150
23  86  63  75  -3   0  10    T  0.0    0  6.7 16  20   M    M   5 1      22  20
24  82  55  69  -9   0   4 0.00  0.0    0  4.6 15  40   M    M   1         M  M
25  81  56  69  -9   0   4 0.01  0.0    0  4.2 16 160   M    M   4 3      22 210
26  99  71  85   7   0  20    T  0.0    0  4.2 21 290   M    M   6        28 280
27  94  70  82   4   0  17 0.00  0.0    0 10.9 24 320   M    M   4        30 290
28  80  56  68 -10   0   3 0.00  0.0    0  8.1 18 330   M    M   4        23 340
29  82  52  67 -11   0   2 0.00  0.0    0  3.3 14 300   M    M   3 12     23 310
30  85  56  71  -7   0   6 0.00  0.0    0  2.1 10 360   M    M   6        15 360
================================================================================
SM 2562 1830         0 255  0.70     0.0 152.1          M      117
================================================================================
AV 85.4 61.0                               5.1 FASTST   M    M   4    MAX(MPH)
                                 MISC ---->  # 35 310               # 41  260
================================================================================
NOTES:
# LAST OF SEVERAL OCCURRENCES

COLUMN 17 PEAK WIND IN M.P.H.

PRELIMINARY LOCAL CLIMATOLOGICAL DATA (WS FORM: F-6) , PAGE 2

                                          STATION:  SPIRIT OF ST LOUIS MO
                                          MONTH:    JULY
                                          YEAR:     2014
                                          LATITUDE:   38 39 N
                                          LONGITUDE:  90 38 W

[TEMPERATURE DATA]      [PRECIPITATION DATA]       SYMBOLS USED IN COLUMN 16

AVERAGE MONTHLY: 73.2   TOTAL FOR MONTH:   0.70    1 = FOG OR MIST
DPTR FM NORMAL:  -4.8   DPTR FM NORMAL:   -3.39    2 = FOG REDUCING VISIBILITY
HIGHEST:    99 ON 26    GRTST 24HR  0.43 ON  7- 8      TO 1/4 MILE OR LESS
LOWEST:     51 ON 17                               3 = THUNDER
                        SNOW, ICE PELLETS, HAIL    4 = ICE PELLETS
                        TOTAL MONTH:   0.0 INCH    5 = HAIL
                        GRTST 24HR     0.0         6 = FREEZING RAIN OR DRIZZLE
                        GRTST DEPTH:   0           7 = DUSTSTORM OR SANDSTORM:
                                                       VSBY 1/2 MILE OR LESS
                                                   8 = SMOKE OR HAZE
[NO. OF DAYS WITH]      [WEATHER - DAYS WITH]      9 = BLOWING SNOW
                                                   X = TORNADO
MAX 32 OR BELOW:   0    0.01 INCH OR MORE:   4
MAX 90 OR ABOVE:   7    0.10 INCH OR MORE:   3
MIN 32 OR BELOW:   0    0.50 INCH OR MORE:   0
MIN  0 OR BELOW:   0    1.00 INCH OR MORE:   0

[HDD (BASE 65) ]
TOTAL THIS MO.     0    CLEAR  (SCALE 0-3)   9
DPTR FM NORMAL     0    PTCLDY (SCALE 4-7)  21
TOTAL FM JUL 1     0    CLOUDY (SCALE 8-10)  0
DPTR FM NORMAL     0

[CDD (BASE 65) ]
TOTAL THIS MO.   255
DPTR FM NORMAL  -134    [PRESSURE DATA]
TOTAL FM JAN 1   722    HIGHEST SLP M ON M
DPTR FM NORMAL   -85    LOWEST  SLP 29.67 ON  7

[REMARKS]




U.S. Dept. of Commerce
NOAA National Weather Service
1325 East West Highway
Silver Spring, MD 20910
E-mail: w-nws.webmaster@noaa.gov
Page last modified: May 16, 2007
NATIONAL WEATHER SERVICE: for Safety, for Work, for Fun - FOR LIFE