653
CXUS53 KLSX 011600
CF6SUS
PRELIMINARY LOCAL CLIMATOLOGICAL DATA (WS FORM: F-6)

                                          STATION:   SPIRIT OF ST LOUIS MO
                                          MONTH:     NOVEMBER
                                          YEAR:      2014
                                          LATITUDE:   38 39 N
                                          LONGITUDE:  90 38 W

  TEMPERATURE IN F:       :PCPN:    SNOW:  WIND      :SUNSHINE: SKY     :PK WND
================================================================================
1   2   3   4   5  6A  6B    7    8   9   10  11  12  13   14  15   16   17  18
                                     12Z  AVG MX 2MIN
DY MAX MIN AVG DEP HDD CDD  WTR  SNW DPTH SPD SPD DIR MIN PSBL S-S WX    SPD DR
================================================================================

 1  49  24  37 -15  28   0 0.00  0.0    0  2.5 10  30   M    M   0        14  40
 2  52  24  38 -14  27   0 0.00  0.0    0  5.4 18 170   M    M   6        26 150
 3  72  46  59   8   6   0    T  0.0    0  9.1 18 210   M    M   3        25 210
 4  62  42  52   1  13   0 0.46  0.0    0  5.6 18 220   M    M   8 1      24 220
 5  63  38  51   1  14   0 0.00  0.0    0  4.2 16 240   M    M   3 1      22 250
 6  51  32  42  -8  23   0 0.00  0.0    0 12.9 26 320   M    M   3        40 290
 7  55  26  41  -9  24   0 0.00  0.0    0  4.1 14 210   M    M   0 1      20 220
 8  53  31  42  -7  23   0 0.00  0.0    0  9.2 22 310   M    M   4        35 330
 9  63  28  46  -3  19   0 0.00  0.0    0  4.2 15 220   M    M   3        21 230
10  73  44  59  11   6   0 0.00  0.0    0  8.1 22 190   M    M   2        31 170
11  62  32  47  -1  18   0    T    M    0 13.0 22 320   M    M  10 18     28 320
12  35  25  30 -17  35   0 0.00  0.0    0 10.7 17 330   M    M   6        25 320
13  32  17  25 -22  40   0    T    M    0  9.6 20 300   M    M   5 8      24 310
14  36  14  25 -21  40   0 0.00  0.0    0  2.9 10 290   M    M   2        21 290
15  40  17  29 -17  36   0 0.01    M    0  2.1 12 150   M    M   5 1      17 150
16  34  23  29 -16  36   0 0.11    M    M  3.4 16 300   M    M   9 128    22 290
17  26  16  21 -24  44   0    T    T    M 12.9 24 280   M    M   3        35 290
18  27  11  19 -25  46   0 0.00  0.0    M  8.7 21 260   M    M   2        25 290
19  43  21  32 -12  33   0 0.00  0.0    M 10.9 23 300   M    M   3        29 300
20  39  16  28 -15  37   0 0.00  0.0    0  3.6 13 240   M    M   2        16 230
21  43  17  30 -13  35   0 0.03  0.0    0  5.7 15 110   M    M   5        21 110
22  58  37  48   6  17   0 0.10  0.0    0  5.7 18 200   M    M  10 1      24 220
23  55  52  54  12  11   0 0.91  0.0    0  3.9 13 170   M    M   9 13     18 160
24  55  32  44   3  21   0 0.36  0.0    0 13.5 32 280   M    M   8 13     44 280
25  40  23  32  -9  33   0 0.00  0.0    0  5.0 15 300   M    M   1        20 290
26  35  22  29 -11  36   0 0.17    M    0  3.1 17 290   M    M   7 12     24 290
27  36  25  31  -9  34   0    T    M    M  7.9 18 340   M    M   5 18     24 310
28  53  26  40   0  25   0 0.00  0.0    0  6.3 16 190   M    M   1 1      23 210
29  67  40  54  15  11   0 0.00  0.0    0  6.6 17 210   M    M   1        23 200
30  69  28  49  10  16   0    T    M    0 11.0 20 230   M    M   5 18     28 250
================================================================================
SM 1478  829       787   0  2.15    T    211.8          M      131
================================================================================
AV 49.3 27.6                               7.1 FASTST   M    M   4    MAX(MPH)
                                 MISC ---->  # 32 280               # 44  280
================================================================================
NOTES:
# LAST OF SEVERAL OCCURRENCES

COLUMN 17 PEAK WIND IN M.P.H.

PRELIMINARY LOCAL CLIMATOLOGICAL DATA (WS FORM: F-6) , PAGE 2

                                          STATION:  SPIRIT OF ST LOUIS MO
                                          MONTH:    NOVEMBER
                                          YEAR:     2014
                                          LATITUDE:   38 39 N
                                          LONGITUDE:  90 38 W

[TEMPERATURE DATA]      [PRECIPITATION DATA]       SYMBOLS USED IN COLUMN 16

AVERAGE MONTHLY: 38.5   TOTAL FOR MONTH:   2.15    1 = FOG OR MIST
DPTR FM NORMAL:  -7.0   DPTR FM NORMAL:   -1.66    2 = FOG REDUCING VISIBILITY
HIGHEST:    73 ON 10    GRTST 24HR  1.27 ON 23-24      TO 1/4 MILE OR LESS
LOWEST:     11 ON 18                               3 = THUNDER
                        SNOW, ICE PELLETS, HAIL    4 = ICE PELLETS
                        TOTAL MONTH:    T          5 = HAIL
                        GRTST 24HR    T  ON 17-17  6 = FREEZING RAIN OR DRIZZLE
                        GRTST DEPTH:   0           7 = DUSTSTORM OR SANDSTORM:
                                                       VSBY 1/2 MILE OR LESS
                                                   8 = SMOKE OR HAZE
[NO. OF DAYS WITH]      [WEATHER - DAYS WITH]      9 = BLOWING SNOW
                                                   X = TORNADO
MAX 32 OR BELOW:   3    0.01 INCH OR MORE:   8
MAX 90 OR ABOVE:   0    0.10 INCH OR MORE:   6
MIN 32 OR BELOW:  23    0.50 INCH OR MORE:   1
MIN  0 OR BELOW:   0    1.00 INCH OR MORE:   0

[HDD (BASE 65) ]
TOTAL THIS MO.   787    CLEAR  (SCALE 0-3)  11
DPTR FM NORMAL   198    PTCLDY (SCALE 4-7)  15
TOTAL FM JUL 1  1129    CLOUDY (SCALE 8-10)  4
DPTR FM NORMAL   211

[CDD (BASE 65) ]
TOTAL THIS MO.     0
DPTR FM NORMAL    -2    [PRESSURE DATA]
TOTAL FM JAN 1  1259    HIGHEST SLP 30.52 ON 27
DPTR FM NORMAL  -102    LOWEST  SLP 29.18 ON 24

[REMARKS]
#FINAL-11-14#




U.S. Dept. of Commerce
NOAA National Weather Service
1325 East West Highway
Silver Spring, MD 20910
E-mail: w-nws.webmaster@noaa.gov
Page last modified: May 16, 2007
NATIONAL WEATHER SERVICE: for Safety, for Work, for Fun - FOR LIFE