829
CXUS53 KLSX 261600
CF6SUS
PRELIMINARY LOCAL CLIMATOLOGICAL DATA (WS FORM: F-6)

                                          STATION:   SPIRIT OF ST LOUIS MO
                                          MONTH:     JANUARY
                                          YEAR:      2015
                                          LATITUDE:   38 39 N
                                          LONGITUDE:  90 38 W

  TEMPERATURE IN F:       :PCPN:    SNOW:  WIND      :SUNSHINE: SKY     :PK WND
================================================================================
1   2   3   4   5  6A  6B    7    8   9   10  11  12  13   14  15   16   17  18
                                     12Z  AVG MX 2MIN
DY MAX MIN AVG DEP HDD CDD  WTR  SNW DPTH SPD SPD DIR MIN PSBL S-S WX    SPD DR
================================================================================

 1  40  23  32   1  33   0    T  0.0    0 10.4 20 250   M    M   4        26 240
 2  39  33  36   5  29   0 0.02  0.0    0  2.4  8 120   M    M  10 1      12 100
 3  42  36  39   8  26   0 0.45  0.0    0  2.9 13 100   M    M   9 1      17 100
 4  39  15  27  -4  38   0 0.01    M    0 12.8 25 300   M    M   7 18     31 320
 5  25  11  18 -13  47   0 0.00  0.0    0  4.8 14 160   M    M   3        21 160
 6  29  22  26  -5  39   0    T    M    0  8.0 20 320   M    M   7        24 320
 7  22   1  12 -19  53   0    T    M  999 12.6 25 320   M    M   4 18     33 320
 8  32   1  17 -14  48   0 0.00  0.0    M  9.6 23 290   M    M   5        29 300
 9  31   7  19 -12  46   0 0.00  0.0    M 11.5 26 300   M    M   2        35 310
10  34   3  19 -12  46   0 0.00  0.0    0  5.3 15 210   M    M   1        22 210
11  37  31  34   3  31   0 0.19  0.0    0  1.0  9 190   M    M  10 1      14 190
12  34  15  25  -6  40   0 0.03    M    0  8.8 16  10   M    M   5 1      21  10
13  28  11  20 -11  45   0 0.00  0.0    0  6.3 14  50   M    M   2        18  50
14  30  11  21 -10  44   0 0.00  0.0    0  0.7  6 230   M    M   7        10 300
15  46  16  31   0  34   0 0.00  0.0    0  3.1 14 240   M    M   1        20 250
16  54  20  37   6  28   0 0.00  0.0    0  2.1 12 200   M    M   0        16 190
17  62  32  47  16  18   0 0.00  0.0    0 10.4 26 290   M    M   3        36 260
18  57  27  42  11  23   0 0.00  0.0    0  7.1 18 260   M    M   3        25 290
19  58  23  41  10  24   0 0.00  0.0    0  1.1  8  90   M    M   1         9  80
20  50  24  37   6  28   0 0.00  0.0    0  3.0 12 290   M    M   2        16 280
21  48  24  36   5  29   0 0.00  0.0    0  7.2 22 290   M    M   1 8      28 290
22  38  22  30  -1  35   0 0.00  0.0    0  2.1  8  60   M    M   7 18     10  20
23  41  23  32   1  33   0 0.00  0.0    0  1.0  8 240   M    M   6        12 300
24  55  23  39   8  26   0 0.00  0.0    0  9.4 16 230   M    M   1        22 210
25  51  31  41  10  24   0 0.07    M    0 10.0 21 350   M    M   9 1      25 360
================================================================================
SM 1022  485       867   0  0.77     0.0 153.6          M      110
================================================================================
AV 40.9 19.4                               6.1 FASTST   M    M   4    MAX(MPH)
                                 MISC ---->  # 26 300               # 36  260
================================================================================
NOTES:
# LAST OF SEVERAL OCCURRENCES

COLUMN 17 PEAK WIND IN M.P.H.

PRELIMINARY LOCAL CLIMATOLOGICAL DATA (WS FORM: F-6) , PAGE 2

                                          STATION:  SPIRIT OF ST LOUIS MO
                                          MONTH:    JANUARY
                                          YEAR:     2015
                                          LATITUDE:   38 39 N
                                          LONGITUDE:  90 38 W

[TEMPERATURE DATA]      [PRECIPITATION DATA]       SYMBOLS USED IN COLUMN 16

AVERAGE MONTHLY: 30.1   TOTAL FOR MONTH:   0.77    1 = FOG OR MIST
DPTR FM NORMAL:  -0.9   DPTR FM NORMAL:   -1.21    2 = FOG REDUCING VISIBILITY
HIGHEST:    62 ON 17    GRTST 24HR  0.46 ON  2- 3      TO 1/4 MILE OR LESS
LOWEST:      1 ON  8, 7                            3 = THUNDER
                        SNOW, ICE PELLETS, HAIL    4 = ICE PELLETS
                        TOTAL MONTH:   0.0 INCH    5 = HAIL
                        GRTST 24HR     0.0         6 = FREEZING RAIN OR DRIZZLE
                        GRTST DEPTH: 999 ON  7     7 = DUSTSTORM OR SANDSTORM:
                                                       VSBY 1/2 MILE OR LESS
                                                   8 = SMOKE OR HAZE
[NO. OF DAYS WITH]      [WEATHER - DAYS WITH]      9 = BLOWING SNOW
                                                   X = TORNADO
MAX 32 OR BELOW:   7    0.01 INCH OR MORE:   6
MAX 90 OR ABOVE:   0    0.10 INCH OR MORE:   2
MIN 32 OR BELOW:  23    0.50 INCH OR MORE:   0
MIN  0 OR BELOW:   0    1.00 INCH OR MORE:   0

[HDD (BASE 65) ]
TOTAL THIS MO.   867    CLEAR  (SCALE 0-3)  11
DPTR FM NORMAL    17    PTCLDY (SCALE 4-7)  10
TOTAL FM JUL 1  2795    CLOUDY (SCALE 8-10)  4
DPTR FM NORMAL    63

[CDD (BASE 65) ]
TOTAL THIS MO.     0
DPTR FM NORMAL     0    [PRESSURE DATA]
TOTAL FM JAN 1     0    HIGHEST SLP M ON M
DPTR FM NORMAL     0    LOWEST  SLP 29.58 ON 25

[REMARKS]




U.S. Dept. of Commerce
NOAA National Weather Service
1325 East West Highway
Silver Spring, MD 20910
E-mail: w-nws.webmaster@noaa.gov
Page last modified: May 16, 2007
NATIONAL WEATHER SERVICE: for Safety, for Work, for Fun - FOR LIFE