047
CXUS53 KLSX 301600
CF6SUS
PRELIMINARY LOCAL CLIMATOLOGICAL DATA (WS FORM: F-6)

                                          STATION:   SPIRIT OF ST LOUIS MO
                                          MONTH:     SEPTEMBER
                                          YEAR:      2014
                                          LATITUDE:   38 39 N
                                          LONGITUDE:  90 38 W

  TEMPERATURE IN F:       :PCPN:    SNOW:  WIND      :SUNSHINE: SKY     :PK WND
================================================================================
1   2   3   4   5  6A  6B    7    8   9   10  11  12  13   14  15   16   17  18
                                     12Z  AVG MX 2MIN
DY MAX MIN AVG DEP HDD CDD  WTR  SNW DPTH SPD SPD DIR MIN PSBL S-S WX    SPD DR
================================================================================

 1  85  68  77   4   0  12 2.09  0.0    0  7.6 23 180   M    M   6 13     44 210
 2  82  66  74   1   0   9 0.17  0.0    0  3.0 12 270   M    M   6 12     15 280
 3  85  61  73   0   0   8 0.00  0.0    0  2.8 10 160   M    M   6 12     15 240
 4  94  71  83  11   0  18 0.00  0.0    0  5.9 13 180   M    M   3        21 180
 5  93  67  80   8   0  15 0.09  0.0    0  6.8 28 300   M    M   4 13     37 310
 6  73  56  65  -7   0   0 0.04  0.0    0  4.6 15 330   M    M   7 1      20  10
 7  78  51  65  -6   0   0 0.00  0.0    0  2.8 14  70   M    M   0 1      18  60
 8  81  52  67  -4   0   2 0.00  0.0    0  2.2  9 110   M    M   2 12     13  90
 9  90  62  76   5   0  11 0.83  0.0    0  5.5 26  40   M    M   7 13     35 300
10  86  67  77   7   0  12 1.15  0.0    0  8.6 17 310   M    M   5 123    24 310
11  67  55  61  -9   4   0    T  0.0    0  9.4 15  60   M    M  10 18     18  50
12  57  50  54 -16  11   0 0.01  0.0    0  8.6 15 350   M    M  10 1      20 360
13  64  43  54 -15  11   0 0.00  0.0    0  4.1 13  30   M    M   3        17  40
14  71  42  57 -12   8   0 0.00  0.0    0  0.9  6 170   M    M   1 1       9  50
15  77  52  65  -3   0   0 0.04  0.0    0  4.7 15 260   M    M   9 1      21 250
16  68  49  59  -9   6   0 0.00  0.0    0  3.5 10  40   M    M   7 18     14  30
17  68  47  58  -9   7   0 0.06  0.0    0  3.5 15  90   M    M   9 128    33  90
18  73  53  63  -4   2   0 0.00  0.0    0  3.6 13  70   M    M   6 1      21  90
19  78  49  64  -3   1   0 0.00  0.0    0  2.3 12 160   M    M   1 128    15 160
20  86  55  71   5   0   6 0.00  0.0    0  5.1 16 250   M    M   3 128    22 240
21  77  51  64  -2   1   0 0.07  0.0    0  8.9 22 320   M    M   2 138    28 320
22  73  47  60  -5   5   0 0.00  0.0    0  1.4 10  40   M    M   0 1      14  10
23  73  42  58  -7   7   0 0.00  0.0    0  1.0 10 100   M    M   3 1      14 120
24  78  46  62  -3   3   0 0.00  0.0    0  1.4  8 100   M    M   3 1       M  M
25  82  54  68   4   0   3 0.00  0.0    0  0.8  8 320   M    M   3 1      10 340
26  83  57  70   6   0   5 0.00  0.0    0  1.1  8  90   M    M   3 1      12  80
27  83  56  70   6   0   5 0.00  0.0    0  1.2 10  70   M    M   3 18     13  70
28  85  53  69   6   0   4 0.00  0.0    0  0.7  7 330   M    M   1 18     10  50
29  86  52  69   6   0   4 0.00  0.0    0  1.0  9 320   M    M   1 1      13 310
================================================================================
SM 2276 1574        66 114  4.55     0.0 113.0          M      124
================================================================================
AV 78.5 54.3                               3.9 FASTST   M    M   4    MAX(MPH)
                                 MISC ---->  # 28 300               # 44  210
================================================================================
NOTES:
# LAST OF SEVERAL OCCURRENCES

COLUMN 17 PEAK WIND IN M.P.H.

PRELIMINARY LOCAL CLIMATOLOGICAL DATA (WS FORM: F-6) , PAGE 2

                                          STATION:  SPIRIT OF ST LOUIS MO
                                          MONTH:    SEPTEMBER
                                          YEAR:     2014
                                          LATITUDE:   38 39 N
                                          LONGITUDE:  90 38 W

[TEMPERATURE DATA]      [PRECIPITATION DATA]       SYMBOLS USED IN COLUMN 16

AVERAGE MONTHLY: 66.4   TOTAL FOR MONTH:   4.55    1 = FOG OR MIST
DPTR FM NORMAL:  -1.8   DPTR FM NORMAL:    1.25    2 = FOG REDUCING VISIBILITY
HIGHEST:    94 ON  4    GRTST 24HR  2.26 ON  1- 2      TO 1/4 MILE OR LESS
LOWEST:     42 ON 23,14                            3 = THUNDER
                        SNOW, ICE PELLETS, HAIL    4 = ICE PELLETS
                        TOTAL MONTH:   0.0 INCH    5 = HAIL
                        GRTST 24HR     0.0         6 = FREEZING RAIN OR DRIZZLE
                        GRTST DEPTH:   0           7 = DUSTSTORM OR SANDSTORM:
                                                       VSBY 1/2 MILE OR LESS
                                                   8 = SMOKE OR HAZE
[NO. OF DAYS WITH]      [WEATHER - DAYS WITH]      9 = BLOWING SNOW
                                                   X = TORNADO
MAX 32 OR BELOW:   0    0.01 INCH OR MORE:  10
MAX 90 OR ABOVE:   3    0.10 INCH OR MORE:   4
MIN 32 OR BELOW:   0    0.50 INCH OR MORE:   3
MIN  0 OR BELOW:   0    1.00 INCH OR MORE:   2

[HDD (BASE 65) ]
TOTAL THIS MO.    66    CLEAR  (SCALE 0-3)  13
DPTR FM NORMAL    15    PTCLDY (SCALE 4-7)  12
TOTAL FM JUL 1    66    CLOUDY (SCALE 8-10)  4
DPTR FM NORMAL    13

[CDD (BASE 65) ]
TOTAL THIS MO.   114
DPTR FM NORMAL   -30    [PRESSURE DATA]
TOTAL FM JAN 1  1237    HIGHEST SLP M ON M
DPTR FM NORMAL   -90    LOWEST  SLP 29.63 ON 10

[REMARKS]




U.S. Dept. of Commerce
NOAA National Weather Service
1325 East West Highway
Silver Spring, MD 20910
E-mail: w-nws.webmaster@noaa.gov
Page last modified: May 16, 2007
NATIONAL WEATHER SERVICE: for Safety, for Work, for Fun - FOR LIFE