962
CXUS53 KGRB 010702
CF6SUE
PRELIMINARY LOCAL CLIMATOLOGICAL DATA (WS FORM: F-6)

                                          STATION:   STURGEON BAY WI
                                          MONTH:     MARCH
                                          YEAR:      2014
                                          LATITUDE:   44 55 N
                                          LONGITUDE:  87 25 W

  TEMPERATURE IN F:       :PCPN:    SNOW:  WIND      :SUNSHINE: SKY     :PK WND
================================================================================
1   2   3   4   5  6A  6B    7    8   9   10  11  12  13   14  15   16   17  18
                                     12Z  AVG MX 2MIN
DY MAX MIN AVG DEP HDD CDD  WTR  SNW DPTH SPD SPD DIR MIN PSBL S-S WX    SPD DR
================================================================================

 1  14   3   9   M  56   0 0.00  0.0    0  9.7 16 320   M    M   8        21 320
 2   7  -6   1   M  64   0 0.00  0.0    0  9.3 14 360   M    M   3         M  M
 3  10 -11   0   M  65   0 0.00  0.0    0  7.3 14 220   M    M   3         M  M
 4  18   3  11   M  54   0 0.00  0.0    0  4.9  9 250   M    M   8         M  M
 5  14   1   8   M  57   0 0.00  0.0    0  8.2 14 360   M    M   1         M  M
 6  21  10  16   M  49   0 0.00  0.0    0 11.2 16 180   M    M   1        22 180
 7  36  19  28   M  37   0 0.00  0.0    0 10.5 18  10   M    M   6        24  10
 8  27  16  22   M  43   0 0.00  0.0    0 10.8 20 360   M    M   3        24 360
 9  37  16  27   M  38   0 0.00  0.0    0 12.7 21 220   M    M   2        29 210
10  52  32  42   M  23   0 0.00  0.0    0  9.7 17 240   M    M   2        22 240
11  43  27  35   M  30   0 0.00  0.0    0  8.3 13 350   M    M   5        18  30
12  27   5  16   M  49   0 0.00  0.0    0 16.7 27  10   M    M   3        36  10
13  32   0  16   M  49   0 0.00  0.0    0  9.2 17 180   M    M   5        22 190
14  43  32  38   M  27   0 0.00  0.0    0 12.1 16 220   M    M   6        24 220
15  32   9  21   M  44   0 0.00  0.0    0 13.9 22 330   M    M   4        29 330
16  16   3  10   M  55   0 0.00  0.0    0  6.3 13 360   M    M   2        18  10
17  28   9  19   M  46   0 0.00  0.0    0 10.4 18 160   M    M   8        27 150
18  36  27  32   M  33   0 0.00  0.0    0  9.5 14 150   M    M   4        21 130
19  36  28  32   M  33   0 0.10    M    0 10.7 17 350   M    M  10        23 350
20  36  27  32   M  33   0 0.00  0.0    0  8.8 13 290   M    M   7         M  M
21  36  27  32   M  33   0 0.00  0.0    0  9.5 18 170   M    M   6        24 170
22  32  12  22   M  43   0 0.00  0.0    0 13.5 20 330   M    M   7        27 330
23  21   9  15   M  50   0 0.00  0.0    0  7.6 12 260   M    M   2        17 260
24  30   9  20   M  45   0 0.00  0.0    0  8.8 16 250   M    M   3        22 250
25  21   9  15   M  50   0 0.00  0.0    0  9.4 16 290   M    M   7        21 290
26  30  10  20   M  45   0 0.00  0.0    0 11.0 21 170   M    M   5        27 170
27  36  28  32   M  33   0 0.36    M    0 12.9 17 170   M    M  10        30 160
28  37  28  33   M  32   0 0.00  0.0    0 12.7 21 360   M    M   7        27 340
29  37  21  29   M  36   0 0.00  0.0    0  4.9 10 330   M    M   3         M  M
30  37  21  29   M  36   0 0.00  0.0    0 10.0 21 180   M    M   1        28 180
31  39  34  37   M  28   0 0.00  0.0    0 11.9 15 160   M    M   6        22 170
================================================================================
SM  921  458      1316   0  0.46     0.0 312.4          M      148
================================================================================
AV 29.7 14.8                              10.1 FASTST   M    M   5    MAX(MPH)
                                 MISC ---->  # 27  10                 36    M
================================================================================
NOTES:
# LAST OF SEVERAL OCCURRENCES

COLUMN 17 PEAK WIND IN M.P.H.

PRELIMINARY LOCAL CLIMATOLOGICAL DATA (WS FORM: F-6) , PAGE 2

                                          STATION:  STURGEON BAY WI
                                          MONTH:    MARCH
                                          YEAR:     2014
                                          LATITUDE:   44 55 N
                                          LONGITUDE:  87 25 W

[TEMPERATURE DATA]      [PRECIPITATION DATA]       SYMBOLS USED IN COLUMN 16

AVERAGE MONTHLY: 22.2   TOTAL FOR MONTH:   0.46    1 = FOG OR MIST
DPTR FM NORMAL:     M   DPTR FM NORMAL:       M    2 = FOG REDUCING VISIBILITY
HIGHEST:    52 ON 10    GRTST 24HR  0.36 ON 27-27      TO 1/4 MILE OR LESS
LOWEST:    -11 ON  3                               3 = THUNDER
                        SNOW, ICE PELLETS, HAIL    4 = ICE PELLETS
                        TOTAL MONTH:   0.0 INCH    5 = HAIL
                        GRTST 24HR     0.0         6 = FREEZING RAIN OR DRIZZLE
                        GRTST DEPTH:   0           7 = DUSTSTORM OR SANDSTORM:
                                                       VSBY 1/2 MILE OR LESS
                                                   8 = SMOKE OR HAZE
[NO. OF DAYS WITH]      [WEATHER - DAYS WITH]      9 = BLOWING SNOW
                                                   X = TORNADO
MAX 32 OR BELOW:  17    0.01 INCH OR MORE:   2
MAX 90 OR ABOVE:   0    0.10 INCH OR MORE:   2
MIN 32 OR BELOW:  30    0.50 INCH OR MORE:   0
MIN  0 OR BELOW:   3    1.00 INCH OR MORE:   0

[HDD (BASE 65) ]
TOTAL THIS MO.  1316    CLEAR  (SCALE 0-3)  10
DPTR FM NORMAL     M    PTCLDY (SCALE 4-7)  19
TOTAL FM JUL 1  7659    CLOUDY (SCALE 8-10)  2
DPTR FM NORMAL  7421

[CDD (BASE 65) ]
TOTAL THIS MO.     0
DPTR FM NORMAL     M    [PRESSURE DATA]
TOTAL FM JAN 1     0    HIGHEST SLP M ON M
DPTR FM NORMAL     0    LOWEST  SLP M ON M

[REMARKS]
#FINAL-03-14#




U.S. Dept. of Commerce
NOAA National Weather Service
1325 East West Highway
Silver Spring, MD 20910
E-mail: w-nws.webmaster@noaa.gov
Page last modified: May 16, 2007
NATIONAL WEATHER SERVICE: for Safety, for Work, for Fun - FOR LIFE