749
CXUS53 KGRB 280736
CF6SUE
PRELIMINARY LOCAL CLIMATOLOGICAL DATA (WS FORM: F-6)

                                          STATION:   STURGEON BAY WI
                                          MONTH:     NOVEMBER
                                          YEAR:      2014
                                          LATITUDE:   44 55 N
                                          LONGITUDE:  87 25 W

  TEMPERATURE IN F:       :PCPN:    SNOW:  WIND      :SUNSHINE: SKY     :PK WND
================================================================================
1   2   3   4   5  6A  6B    7    8   9   10  11  12  13   14  15   16   17  18
                                     12Z  AVG MX 2MIN
DY MAX MIN AVG DEP HDD CDD  WTR  SNW DPTH SPD SPD DIR MIN PSBL S-S WX    SPD DR
================================================================================

 1  39  28  34   M  31   0 0.00  0.0    0  6.0 13 360   M    M   5        18  30
 2  50  30  40   M  25   0 0.00  0.0    0 11.3 18 180   M    M   3        24 180
 3  52  39  46   M  19   0 0.00  0.0    0  9.0 14 210   M    M   5         M  M
 4  55  39  47   M  18   0 0.00  0.0    0 11.8 22 280   M    M   9        28 280
 5  45  39  42   M  23   0 0.00  0.0    0  9.9 18 290   M    M   8        25 290
 6  41  36  39   M  26   0 0.00  0.0    0 16.3 23 350   M    M  10        33 360
 7  39  30  35   M  30   0 0.00  0.0    0  8.1 18 190   M    M   9        22 190
 8  41  34  38   M  27   0 0.00  0.0    0 14.1 24 310   M    M   8        32 310
 9  39  30  35   M  30   0 0.00  0.0    0  9.0 15 270   M    M   7        20 270
10  43  32  38   M  27   0 0.00  0.0    0  9.2 20 360   M    M  10        24 360
11  37  27  32   M  33   0 0.00  0.0    0 18.6 24 350   M    M  10        32 330
12  28  25  27   M  38   0 0.00  0.0    0 13.0 18 300   M    M   8        25 300
13  30  23  27   M  38   0 0.00  0.0    0 11.9 18 300   M    M   7        22 290
14  28  21  25   M  40   0 0.00  0.0    0  9.8 15 320   M    M   5        21 310
15  27  16  22   M  43   0 0.00  0.0    0  9.1 15 250   M    M   6        16 270
16  28  19  24   M  41   0 0.00  0.0    0 10.2 17 220   M    M   8        22 220
17  21  12  17   M  48   0 0.00  0.0    0 14.4 21 270   M    M   9        27 270
18  21  12  17   M  48   0 0.00  0.0    0 16.2 24 290   M    M   8        33 290
19  21  16  19   M  46   0 0.00  0.0    0 13.1 20 280   M    M   8        28 270
20  19  12  16   M  49   0 0.00  0.0    0 15.4 21 290   M    M   6        30 290
21  28  10  19   M  46   0 0.00  0.0    0 11.7 17 190   M    M   2        24 200
22  41  28  35   M  30   0 0.00  0.0    0 11.2 17 210   M    M  10        27 210
23  46  41  44   M  21   0 0.00  0.0    0 11.5 20 170   M    M  10        27 170
24  46  27  37   M  28   0 0.00  0.0    0 10.1 20 320   M    M  10        27 320
25  27  21  24   M  41   0 0.00  0.0    0 10.9 16 300   M    M  10        25 310
26  27  12  20   M  45   0 0.00  0.0    0  3.7 10 330   M    M   6         M  M
27  27   5  16   M  49   0 0.00  0.0    0 11.5 20 340   M    M   6        25 340
================================================================================
SM  946  664       940   0  0.00     0.0 307.0          M      203
================================================================================
AV 35.0 24.6                              11.4 FASTST   M    M   8    MAX(MPH)
                                 MISC ---->    24   M                 33    M
================================================================================
NOTES:
# LAST OF SEVERAL OCCURRENCES

COLUMN 17 PEAK WIND IN M.P.H.

PRELIMINARY LOCAL CLIMATOLOGICAL DATA (WS FORM: F-6) , PAGE 2

                                          STATION:  STURGEON BAY WI
                                          MONTH:    NOVEMBER
                                          YEAR:     2014
                                          LATITUDE:   44 55 N
                                          LONGITUDE:  87 25 W

[TEMPERATURE DATA]      [PRECIPITATION DATA]       SYMBOLS USED IN COLUMN 16

AVERAGE MONTHLY: 29.8   TOTAL FOR MONTH:   0.00    1 = FOG OR MIST
DPTR FM NORMAL:     M   DPTR FM NORMAL:       M    2 = FOG REDUCING VISIBILITY
HIGHEST:    55 ON  4    GRTST 24HR  0.00 ON 27-27      TO 1/4 MILE OR LESS
LOWEST:      5 ON 27                               3 = THUNDER
                        SNOW, ICE PELLETS, HAIL    4 = ICE PELLETS
                        TOTAL MONTH:   0.0 INCH    5 = HAIL
                        GRTST 24HR     0.0         6 = FREEZING RAIN OR DRIZZLE
                        GRTST DEPTH:   0           7 = DUSTSTORM OR SANDSTORM:
                                                       VSBY 1/2 MILE OR LESS
                                                   8 = SMOKE OR HAZE
[NO. OF DAYS WITH]      [WEATHER - DAYS WITH]      9 = BLOWING SNOW
                                                   X = TORNADO
MAX 32 OR BELOW:  13    0.01 INCH OR MORE:   0
MAX 90 OR ABOVE:   0    0.10 INCH OR MORE:   0
MIN 32 OR BELOW:  21    0.50 INCH OR MORE:   0
MIN  0 OR BELOW:   0    1.00 INCH OR MORE:   0

[HDD (BASE 65) ]
TOTAL THIS MO.   940    CLEAR  (SCALE 0-3)   2
DPTR FM NORMAL     M    PTCLDY (SCALE 4-7)  11
TOTAL FM JUL 1  1542    CLOUDY (SCALE 8-10) 14
DPTR FM NORMAL     M

[CDD (BASE 65) ]
TOTAL THIS MO.     0
DPTR FM NORMAL     M    [PRESSURE DATA]
TOTAL FM JAN 1   192    HIGHEST SLP M ON M
DPTR FM NORMAL   192    LOWEST  SLP M ON M

[REMARKS]




U.S. Dept. of Commerce
NOAA National Weather Service
1325 East West Highway
Silver Spring, MD 20910
E-mail: w-nws.webmaster@noaa.gov
Page last modified: May 16, 2007
NATIONAL WEATHER SERVICE: for Safety, for Work, for Fun - FOR LIFE