626
CXUS56 KMTR 231000
CF6STS
PRELIMINARY LOCAL CLIMATOLOGICAL DATA (WS FORM: F-6)

                                          STATION:   SANTA ROSA AIRPORT
                                          MONTH:     NOVEMBER
                                          YEAR:      2014
                                          LATITUDE:   38 30 N
                                          LONGITUDE: 122 49 W

  TEMPERATURE IN F:       :PCPN:    SNOW:  WIND      :SUNSHINE: SKY     :PK WND
================================================================================
1   2   3   4   5  6A  6B    7    8   9   10  11  12  13   14  15   16   17  18
                                     12Z  AVG MX 2MIN
DY MAX MIN AVG DEP HDD CDD  WTR  SNW DPTH SPD SPD DIR MIN PSBL S-S WX    SPD DR
================================================================================

 1  69  41  55  -2  10   0 0.00  0.0    0  3.2 16 330   M    M   3 1      20 320
 2  71  40  56   0   9   0 0.00  0.0    0  3.0 10 250   M    M   1        13 250
 3  70  42  56   0   9   0 0.00  0.0    0  2.2  9 190   M    M   1        12 190
 4  73  40  57   1   8   0 0.00  0.0    0  1.2  6 140   M    M   1 1       8 240
 5  78  45  62   6   3   0 0.00  0.0    0  2.1  8 160   M    M   1 1      10 160
 6  77  46  62   7   3   0 0.00  0.0    0  2.2  9 250   M    M   0 1      12 260
 7  75  44  60   5   5   0 0.00  0.0    0  1.4  7 160   M    M   3 12      9 190
 8  83  43  63   8   2   0 0.00  0.0    0  1.2  7 130   M    M   0 1       8 210
 9  78  43  61   7   4   0 0.00  0.0    0  1.7 10 170   M    M   3 12     12 170
10  77  42  60   6   5   0 0.00  0.0    0  2.3 13 180   M    M   5 12     15 180
11  62  55  59   5   6   0 0.00  0.0    0  2.6 10 240   M    M  10 1      14 240
12  66  44  55   2  10   0    T  0.0    0  1.4 10 220   M    M   7 1      14 200
13  64  49  57   4   8   0 0.10  0.0    0  1.9 10 330   M    M   7 128    13 320
14  69  46  58   5   7   0 0.00  0.0    0  1.4  8 250   M    M   6 12     13 310
15  70  40  55   3  10   0 0.00  0.0    0  2.8 14 320   M    M   4 12     18 320
16  65  40  53   1  12   0 0.00  0.0    0  2.7 10 330   M    M   4        12 170
17  68  34  51  -1  14   0 0.00  0.0    0  3.1  8 340   M    M   1         9 340
18  65  36  51  -1  14   0 0.00  0.0    0  1.8  8 150   M    M   5         9 190
19  54  48  51   0  14   0 0.36    M    0  2.1 10 130   M    M  10 1      13 130
20  56  47  52   1  13   0 0.30  0.0    0  3.1 14 150   M    M  10 12     17 150
21  57  47  52   1  13   0    T    M    0  2.0  9 340   M    M  10 18     10 340
22  69  50  60  10   5   0 0.10  0.0    0  8.9 23 320   M    M   6 1      29 320
================================================================================
SM 1516  962       184   0  0.86     0.0  54.3          M       98
================================================================================
AV 68.9 43.7                               2.5 FASTST   M    M   4    MAX(MPH)
                                 MISC ---->  # 23 320               # 29  320
================================================================================
NOTES:
# LAST OF SEVERAL OCCURRENCES

COLUMN 17 PEAK WIND IN M.P.H.

PRELIMINARY LOCAL CLIMATOLOGICAL DATA (WS FORM: F-6) , PAGE 2

                                          STATION:  SANTA ROSA AIRPORT
                                          MONTH:    NOVEMBER
                                          YEAR:     2014
                                          LATITUDE:   38 30 N
                                          LONGITUDE: 122 49 W

[TEMPERATURE DATA]      [PRECIPITATION DATA]       SYMBOLS USED IN COLUMN 16

AVERAGE MONTHLY: 56.3   TOTAL FOR MONTH:   0.86    1 = FOG OR MIST
DPTR FM NORMAL:   2.8   DPTR FM NORMAL:   -2.42    2 = FOG REDUCING VISIBILITY
HIGHEST:    83 ON  8    GRTST 24HR  0.36 ON 19-19      TO 1/4 MILE OR LESS
LOWEST:     34 ON 17                               3 = THUNDER
                        SNOW, ICE PELLETS, HAIL    4 = ICE PELLETS
                        TOTAL MONTH:   0.0 INCH    5 = HAIL
                        GRTST 24HR     0.0         6 = FREEZING RAIN OR DRIZZLE
                        GRTST DEPTH:   0           7 = DUSTSTORM OR SANDSTORM:
                                                       VSBY 1/2 MILE OR LESS
                                                   8 = SMOKE OR HAZE
[NO. OF DAYS WITH]      [WEATHER - DAYS WITH]      9 = BLOWING SNOW
                                                   X = TORNADO
MAX 32 OR BELOW:   0    0.01 INCH OR MORE:   4
MAX 90 OR ABOVE:   0    0.10 INCH OR MORE:   4
MIN 32 OR BELOW:   0    0.50 INCH OR MORE:   0
MIN  0 OR BELOW:   0    1.00 INCH OR MORE:   0

[HDD (BASE 65) ]
TOTAL THIS MO.   184    CLEAR  (SCALE 0-3)  10
DPTR FM NORMAL   -69    PTCLDY (SCALE 4-7)   8
TOTAL FM JUL 1   271    CLOUDY (SCALE 8-10)  4
DPTR FM NORMAL  -211

[CDD (BASE 65) ]
TOTAL THIS MO.     0
DPTR FM NORMAL     0    [PRESSURE DATA]
TOTAL FM JAN 1   499    HIGHEST SLP M ON M
DPTR FM NORMAL   127    LOWEST  SLP 29.75 ON  1

[REMARKS]




U.S. Dept. of Commerce
NOAA National Weather Service
1325 East West Highway
Silver Spring, MD 20910
E-mail: w-nws.webmaster@noaa.gov
Page last modified: May 16, 2007
NATIONAL WEATHER SERVICE: for Safety, for Work, for Fun - FOR LIFE