485
CXUS56 KMTR 231000
CF6STS
PRELIMINARY LOCAL CLIMATOLOGICAL DATA (WS FORM: F-6)

                                          STATION:   SANTA ROSA AIRPORT
                                          MONTH:     SEPTEMBER
                                          YEAR:      2014
                                          LATITUDE:   38 30 N
                                          LONGITUDE: 122 49 W

  TEMPERATURE IN F:       :PCPN:    SNOW:  WIND      :SUNSHINE: SKY     :PK WND
================================================================================
1   2   3   4   5  6A  6B    7    8   9   10  11  12  13   14  15   16   17  18
                                     12Z  AVG MX 2MIN
DY MAX MIN AVG DEP HDD CDD  WTR  SNW DPTH SPD SPD DIR MIN PSBL S-S WX    SPD DR
================================================================================

 1  96  51  74   6   0   9 0.00  0.0    0  3.8 13 150   M    M   0 8      16 170
 2  72  53  63  -5   2   0 0.00  0.0    0  5.5 15 170   M    M   5 128    18 170
 3  80  55  68   1   0   3 0.00  0.0    0  5.1 16 170   M    M   6 18     20 160
 4  79  56  68   1   0   3    T  0.0    0  3.5 15 180   M    M   5 18     17 210
 5  79  53  66  -1   0   1 0.00  0.0    0  4.3 14 190   M    M   5 8      16 170
 6  80  50  65  -2   0   0 0.00  0.0    0  3.4 14 170   M    M   4 18     16 170
 7  79  50  65  -2   0   0 0.00  0.0    0  3.9 13 140   M    M   4 18     16 150
 8  73  50  62  -5   3   0 0.00  0.0    0  3.6 13 160   M    M   6 1      15 160
 9  84  53  69   2   0   4    T  0.0    0  2.7 14 140   M    M   4 18     16 140
10  96  49  73   6   0   8 0.00  0.0    0  2.3 13 190   M    M   3 12     15 180
11  96  51  74   7   0   9 0.00  0.0    0  3.9 14 180   M    M   2 12     16 180
12  92  50  71   4   0   6 0.00  0.0    0  3.3 13 160   M    M   3 12     18 180
13  89  55  72   5   0   7 0.00  0.0    0  4.8 14 180   M    M   4 1      17 170
14  84  55  70   3   0   5 0.00  0.0    0  4.3 17 180   M    M   4 1      21 190
15  82  51  67   0   0   2 0.00  0.0    0  3.8 14 220   M    M   3 12     17 230
16  85  49  67   1   0   2 0.00  0.0    0  4.0 12 160   M    M   2        15 170
17  81  59  70   4   0   5 0.01  0.0    0  3.6 15 240   M    M   8 1      20 230
18  76  59  68   2   0   3 0.10  0.0    0  4.8 13 240   M    M   6 18     16 230
19  80  56  68   2   0   3 0.00  0.0    0  4.0 15 170   M    M   6 12     18 180
20  74  59  67   1   0   2 0.00  0.0    0  3.9 13 170   M    M   8 1      16 170
21  78  58  68   2   0   3 0.00  0.0    0  4.3 15 180   M    M   5        20 180
22  82  55  69   3   0   4 0.00  0.0    0  3.1 13 170   M    M   4 1      15 160
================================================================================
SM 1817 1177         5  79  0.11     0.0  85.9          M       97
================================================================================
AV 82.6 53.5                               3.9 FASTST   M    M   4    MAX(MPH)
                                 MISC ---->  # 17 180               # 21  190
================================================================================
NOTES:
# LAST OF SEVERAL OCCURRENCES

COLUMN 17 PEAK WIND IN M.P.H.

PRELIMINARY LOCAL CLIMATOLOGICAL DATA (WS FORM: F-6) , PAGE 2

                                          STATION:  SANTA ROSA AIRPORT
                                          MONTH:    SEPTEMBER
                                          YEAR:     2014
                                          LATITUDE:   38 30 N
                                          LONGITUDE: 122 49 W

[TEMPERATURE DATA]      [PRECIPITATION DATA]       SYMBOLS USED IN COLUMN 16

AVERAGE MONTHLY: 68.0   TOTAL FOR MONTH:   0.11    1 = FOG OR MIST
DPTR FM NORMAL:   1.3   DPTR FM NORMAL:   -0.05    2 = FOG REDUCING VISIBILITY
HIGHEST:    96 ON 11,10 GRTST 24HR  0.11 ON 17-18      TO 1/4 MILE OR LESS
LOWEST:     49 ON 16,10                            3 = THUNDER
                        SNOW, ICE PELLETS, HAIL    4 = ICE PELLETS
                        TOTAL MONTH:   0.0 INCH    5 = HAIL
                        GRTST 24HR     0.0         6 = FREEZING RAIN OR DRIZZLE
                        GRTST DEPTH:   0           7 = DUSTSTORM OR SANDSTORM:
                                                       VSBY 1/2 MILE OR LESS
                                                   8 = SMOKE OR HAZE
[NO. OF DAYS WITH]      [WEATHER - DAYS WITH]      9 = BLOWING SNOW
                                                   X = TORNADO
MAX 32 OR BELOW:   0    0.01 INCH OR MORE:   2
MAX 90 OR ABOVE:   4    0.10 INCH OR MORE:   1
MIN 32 OR BELOW:   0    0.50 INCH OR MORE:   0
MIN  0 OR BELOW:   0    1.00 INCH OR MORE:   0

[HDD (BASE 65) ]
TOTAL THIS MO.     5    CLEAR  (SCALE 0-3)   5
DPTR FM NORMAL   -19    PTCLDY (SCALE 4-7)  17
TOTAL FM JUL 1    10    CLOUDY (SCALE 8-10)  0
DPTR FM NORMAL   -52

[CDD (BASE 65) ]
TOTAL THIS MO.    79
DPTR FM NORMAL    19    [PRESSURE DATA]
TOTAL FM JAN 1   428    HIGHEST SLP M ON M
DPTR FM NORMAL    91    LOWEST  SLP 29.70 ON  3

[REMARKS]




U.S. Dept. of Commerce
NOAA National Weather Service
1325 East West Highway
Silver Spring, MD 20910
E-mail: w-nws.webmaster@noaa.gov
Page last modified: May 16, 2007
NATIONAL WEATHER SERVICE: for Safety, for Work, for Fun - FOR LIFE