946
CXUS56 KMTR 281000
CF6STS
PRELIMINARY LOCAL CLIMATOLOGICAL DATA (WS FORM: F-6)

                                          STATION:   SANTA ROSA AIRPORT
                                          MONTH:     JANUARY
                                          YEAR:      2015
                                          LATITUDE:   38 30 N
                                          LONGITUDE: 122 49 W

  TEMPERATURE IN F:       :PCPN:    SNOW:  WIND      :SUNSHINE: SKY     :PK WND
================================================================================
1   2   3   4   5  6A  6B    7    8   9   10  11  12  13   14  15   16   17  18
                                     12Z  AVG MX 2MIN
DY MAX MIN AVG DEP HDD CDD  WTR  SNW DPTH SPD SPD DIR MIN PSBL S-S WX    SPD DR
================================================================================

 1  55  27  41  -5  24   0 0.00  0.0    0  2.5 14 340   M    M   0 8      16 340
 2  54  27  41  -5  24   0 0.00  0.0    0  1.0  6 140   M    M   1 1       8 220
 3  56  29  43  -3  22   0 0.00  0.0    0  1.6  6 360   M    M   2 12      9 220
 4  58  33  46   0  19   0    T    M    0  1.5 14 270   M    M   1 1      16 260
 5  58  32  45  -1  20   0 0.00  0.0    0  1.1  8 180   M    M   3 18     10 150
 6  63  33  48   2  17   0 0.00  0.0    0  0.8  7 330   M    M   2 12      8 330
 7  66  32  49   3  16   0 0.00  0.0    0  0.6  6 180   M    M   2 12      7 210
 8  59  35  47   1  18   0 0.00  0.0    0  0.8  9 270   M    M   4 12     10 270
 9  66  39  53   7  12   0 0.00  0.0    0  1.2  7 340   M    M   4 12      8 320
10  57  39  48   2  17   0 0.00  0.0    0  0.8  7 270   M    M   6 12      8 270
11  59  41  50   4  15   0 0.00  0.0    0  1.9  7 140   M    M   6 12      9 230
12  68  40  54   8  11   0 0.01  0.0    M  1.7  7 310   M    M   5 12     10 200
13  70  38  54   8  11   0 0.00  0.0    0  2.8  9 320   M    M   0 1      10 340
14  62  32  47   1  18   0 0.00  0.0    0  1.6 10 180   M    M   2 18     14 180
15  55  36  46   0  19   0 0.00  0.0    0  0.8 15 290   M    M   7 128    17 290
16  55  43  49   3  16   0 0.08  0.0    0  1.2  6 330   M    M   9 18      6 150
17  56  50  53   6  12   0 0.02  0.0    0  0.5  6 140   M    M  10 12      7 140
18  62  52  57  10   8   0 0.00  0.0    0  1.0  7 140   M    M   9 12      8 230
19  66  44  55   8  10   0 0.00  0.0    0  2.5  8 330   M    M   6 12     10 340
20  62  39  51   4  14   0 0.00  0.0    0  1.5  5 180   M    M   2 12      M  M
21  62  36  49   2  16   0 0.01  0.0    0  1.8  8 140   M    M   4 12      9 140
22  60  37  49   2  16   0 0.00  0.0    0  2.1  7 180   M    M   4 128     9 160
23  71  37  54   7  11   0 0.00  0.0    0  0.6  6 150   M    M   4 128     7 160
24  65  37  51   4  14   0 0.00  0.0    0  2.2  9 180   M    M   1 18     10 170
25  63  39  51   4  14   0 0.00  0.0    0  0.9  6 310   M    M   4 128     8 170
26  65  34  50   3  15   0 0.00  0.0    0  1.9  7 170   M    M   4 128     9 160
27  63  47  55   8  10   0 0.00  0.0    0  0.9  6 270   M    M   4 1       6 180
================================================================================
SM 1656 1008       419   0  0.12     0.0  37.8          M      106
================================================================================
AV 61.3 37.3                               1.4 FASTST   M    M   4    MAX(MPH)
                                 MISC ---->  # 15 290               # 17  290
================================================================================
NOTES:
# LAST OF SEVERAL OCCURRENCES

COLUMN 17 PEAK WIND IN M.P.H.

PRELIMINARY LOCAL CLIMATOLOGICAL DATA (WS FORM: F-6) , PAGE 2

                                          STATION:  SANTA ROSA AIRPORT
                                          MONTH:    JANUARY
                                          YEAR:     2015
                                          LATITUDE:   38 30 N
                                          LONGITUDE: 122 49 W

[TEMPERATURE DATA]      [PRECIPITATION DATA]       SYMBOLS USED IN COLUMN 16

AVERAGE MONTHLY: 49.3   TOTAL FOR MONTH:   0.12    1 = FOG OR MIST
DPTR FM NORMAL:   2.9   DPTR FM NORMAL:   -6.23    2 = FOG REDUCING VISIBILITY
HIGHEST:    71 ON 23    GRTST 24HR  0.09 ON 16-17      TO 1/4 MILE OR LESS
LOWEST:     27 ON  2, 1                            3 = THUNDER
                        SNOW, ICE PELLETS, HAIL    4 = ICE PELLETS
                        TOTAL MONTH:   0.0 INCH    5 = HAIL
                        GRTST 24HR     0.0         6 = FREEZING RAIN OR DRIZZLE
                        GRTST DEPTH:   0           7 = DUSTSTORM OR SANDSTORM:
                                                       VSBY 1/2 MILE OR LESS
                                                   8 = SMOKE OR HAZE
[NO. OF DAYS WITH]      [WEATHER - DAYS WITH]      9 = BLOWING SNOW
                                                   X = TORNADO
MAX 32 OR BELOW:   0    0.01 INCH OR MORE:   4
MAX 90 OR ABOVE:   0    0.10 INCH OR MORE:   0
MIN 32 OR BELOW:   6    0.50 INCH OR MORE:   0
MIN  0 OR BELOW:   0    1.00 INCH OR MORE:   0

[HDD (BASE 65) ]
TOTAL THIS MO.   419    CLEAR  (SCALE 0-3)  11
DPTR FM NORMAL   -82    PTCLDY (SCALE 4-7)  13
TOTAL FM JUL 1  1146    CLOUDY (SCALE 8-10)  3
DPTR FM NORMAL  -540

[CDD (BASE 65) ]
TOTAL THIS MO.     0
DPTR FM NORMAL     0    [PRESSURE DATA]
TOTAL FM JAN 1     0    HIGHEST SLP M ON M
DPTR FM NORMAL     0    LOWEST  SLP 29.95 ON M

[REMARKS]




U.S. Dept. of Commerce
NOAA National Weather Service
1325 East West Highway
Silver Spring, MD 20910
E-mail: w-nws.webmaster@noaa.gov
Page last modified: May 16, 2007
NATIONAL WEATHER SERVICE: for Safety, for Work, for Fun - FOR LIFE