689
CXUS56 KMTR 221000
CF6STS
PRELIMINARY LOCAL CLIMATOLOGICAL DATA (WS FORM: F-6)

                                          STATION:   SANTA ROSA AIRPORT
                                          MONTH:     AUGUST
                                          YEAR:      2014
                                          LATITUDE:   38 30 N
                                          LONGITUDE: 122 49 W

  TEMPERATURE IN F:       :PCPN:    SNOW:  WIND      :SUNSHINE: SKY     :PK WND
================================================================================
1   2   3   4   5  6A  6B    7    8   9   10  11  12  13   14  15   16   17  18
                                     12Z  AVG MX 2MIN
DY MAX MIN AVG DEP HDD CDD  WTR  SNW DPTH SPD SPD DIR MIN PSBL S-S WX    SPD DR
================================================================================

 1  87  51  69   2   0   4 0.00  0.0    0  5.7 16 140   M    M   3 12     20 140
 2  79  54  67   0   0   2 0.00  0.0    0  5.3 13 160   M    M   6 1       M  M
 3  75  55  65  -2   0   0 0.00  0.0    0  5.2 15 190   M    M   7 1      17 190
 4  74  55  65  -2   0   0 0.00  0.0    0  3.8 12 180   M    M   7        14 230
 5  69  57  63  -4   2   0    T  0.0    0  1.7 10 160   M    M   8        12 170
 6  87  58  73   6   0   8    T  0.0    0  5.4 16 140   M    M   4 8      21 140
 7  82  55  69   2   0   4 0.00  0.0    0  4.6 15 190   M    M   4 18     18 190
 8  89  50  70   3   0   5 0.00  0.0    0  4.3 13 170   M    M   3 128    16 170
 9  78  50  64  -3   1   0 0.00  0.0    0  6.8 15 140   M    M   2 8      20 140
10  78  54  66  -1   0   1 0.00  0.0    0  5.9 13 190   M    M   6        20 170
11  83  54  69   2   0   4 0.00  0.0    0  5.0 14 170   M    M   6 1      18 180
12  73  56  65  -2   0   0 0.00  0.0    0  3.5 12 170   M    M   8 18     15 230
13  79  54  67   0   0   2 0.00  0.0    0  4.8 14 160   M    M   5 1      18 160
14  80  53  67   0   0   2 0.00  0.0    0  5.0 14 160   M    M   5 128    16 160
15  83  55  69   2   0   4 0.00  0.0    0  6.0 14 170   M    M   4 1      17 170
16  85  54  70   3   0   5 0.00  0.0    0  4.9 15 170   M    M   5 1      18 170
17  82  54  68   1   0   3 0.00  0.0    0  5.1 14 140   M    M   5 18     17 180
18  76  55  66  -1   0   1 0.00  0.0    0  6.0 14 160   M    M   7 18     18 180
19  75  56  66  -1   0   1 0.00  0.0    0  5.1 15 180   M    M   8 1      18 180
20  67  58  63  -4   2   0    T  0.0    0  3.8 10 180   M    M  10 1      14 180
21  83  57  70   3   0   5 0.00  0.0    0  5.1 13 170   M    M   5 1      16 170
================================================================================
SM 1664 1145         5  51    T      0.0 103.0          M      118
================================================================================
AV 79.2 54.5                               4.9 FASTST   M    M   6    MAX(MPH)
                                 MISC ---->  # 16 140               # 21  140
================================================================================
NOTES:
# LAST OF SEVERAL OCCURRENCES

COLUMN 17 PEAK WIND IN M.P.H.

PRELIMINARY LOCAL CLIMATOLOGICAL DATA (WS FORM: F-6) , PAGE 2

                                          STATION:  SANTA ROSA AIRPORT
                                          MONTH:    AUGUST
                                          YEAR:     2014
                                          LATITUDE:   38 30 N
                                          LONGITUDE: 122 49 W

[TEMPERATURE DATA]      [PRECIPITATION DATA]       SYMBOLS USED IN COLUMN 16

AVERAGE MONTHLY: 66.9   TOTAL FOR MONTH:      T    1 = FOG OR MIST
DPTR FM NORMAL:  -0.1   DPTR FM NORMAL:   -0.02    2 = FOG REDUCING VISIBILITY
HIGHEST:    89 ON  8    GRTST 24HR    T  ON 20-20      TO 1/4 MILE OR LESS
LOWEST:     50 ON  9, 8                            3 = THUNDER
                        SNOW, ICE PELLETS, HAIL    4 = ICE PELLETS
                        TOTAL MONTH:   0.0 INCH    5 = HAIL
                        GRTST 24HR     0.0         6 = FREEZING RAIN OR DRIZZLE
                        GRTST DEPTH:   0           7 = DUSTSTORM OR SANDSTORM:
                                                       VSBY 1/2 MILE OR LESS
                                                   8 = SMOKE OR HAZE
[NO. OF DAYS WITH]      [WEATHER - DAYS WITH]      9 = BLOWING SNOW
                                                   X = TORNADO
MAX 32 OR BELOW:   0    0.01 INCH OR MORE:   0
MAX 90 OR ABOVE:   0    0.10 INCH OR MORE:   0
MIN 32 OR BELOW:   0    0.50 INCH OR MORE:   0
MIN  0 OR BELOW:   0    1.00 INCH OR MORE:   0

[HDD (BASE 65) ]
TOTAL THIS MO.     5    CLEAR  (SCALE 0-3)   3
DPTR FM NORMAL   -13    PTCLDY (SCALE 4-7)  16
TOTAL FM JUL 1     5    CLOUDY (SCALE 8-10)  2
DPTR FM NORMAL   -32

[CDD (BASE 65) ]
TOTAL THIS MO.    51
DPTR FM NORMAL    -7    [PRESSURE DATA]
TOTAL FM JAN 1   298    HIGHEST SLP M ON M
DPTR FM NORMAL    50    LOWEST  SLP 29.80 ON 19

[REMARKS]




U.S. Dept. of Commerce
NOAA National Weather Service
1325 East West Highway
Silver Spring, MD 20910
E-mail: w-nws.webmaster@noaa.gov
Page last modified: May 16, 2007
NATIONAL WEATHER SERVICE: for Safety, for Work, for Fun - FOR LIFE