381
CXUS53 KMPX 301000
CF6STP
PRELIMINARY LOCAL CLIMATOLOGICAL DATA (WS FORM: F-6)

                                          STATION:   ST PAUL MN
                                          MONTH:     AUGUST
                                          YEAR:      2014
                                          LATITUDE:   44 55 N
                                          LONGITUDE:  93  4 W

  TEMPERATURE IN F:       :PCPN:    SNOW:  WIND      :SUNSHINE: SKY     :PK WND
================================================================================
1   2   3   4   5  6A  6B    7    8   9   10  11  12  13   14  15   16   17  18
                                     12Z  AVG MX 2MIN
DY MAX MIN AVG DEP HDD CDD  WTR  SNW DPTH SPD SPD DIR MIN PSBL S-S WX    SPD DR
================================================================================

 1  84  62  73  -1   0   8 0.11    M    M  2.2 17 310   M    M   3 138    19 310
 2  86  61  74   1   0   9 0.02    M    M  3.7 22 340   M    M   3 138    30 340
 3  87  64  76   3   0  11 0.28    M    M  3.0 22  40   M    M   1 138    32  40
 4  80  66  73   0   0   8 0.00    M    M  5.5 15  30   M    M   3 1      19  10
 5  80  61  71  -2   0   6 0.00    M    M  3.5 13  50   M    M   2        16  50
 6  83  60  72  -1   0   7 0.00    M    M  2.7 12  50   M    M   1        14  40
 7  82  63  73   0   0   8 0.00    M    M  5.3 14 150   M    M   1        17 110
 8  83  65  74   1   0   9 0.00    M    M  5.3 14 140   M    M   1        18 150
 9  81  64  73   0   0   8    T    M    M  5.8 15 160   M    M   4 8      18 160
10  83  66  75   2   0  10 0.02    M    M  6.1 17 240   M    M   6 13     20 240
11  77  62  70  -2   0   5 0.07    M    M 10.3 22 350   M    M   7 13     27 340
12  79  56  68  -4   0   3 0.00    M    M  9.1 22 340   M    M   1        28 340
13  82  60  71  -1   0   6 0.00    M    M  4.6 14  20   M    M   1        19  20
14  80  58  69  -3   0   4 0.00    M    M  8.1 13 120   M    M   1        16 130
15  85  61  73   1   0   8 0.00    M    M  6.3 16 200   M    M   2        20 220
16  85  66  76   4   0  11 0.00    M    M  4.1 12  60   M    M   6 8      16  90
17  78  67  73   1   0   8 0.72    M    M  7.1 18 130   M    M   8 13     21 140
18  86  67  77   5   0  12 0.76    M    M  5.2 23 330   M    M   5 13     28 330
19  80  64  72   1   0   7 0.12    M    M  5.7 20 360   M    M   5 1      23 350
20  81  64  73   2   0   8 0.00    M    M  6.0 12 120   M    M   1 1      16 100
21  83  68  76   5   0  11 0.11    M    M  7.6 25  90   M    M   5 13     30  90
22  78  69  74   3   0   9 0.00    M    M  5.4 12 330   M    M   9        14 350
23  78  69  74   3   0   9 0.00    M    M  7.6 14 130   M    M   8 1      19 130
24  89  73  81  11   0  16 0.05    M    M 10.1 21 140   M    M   7 3      28 170
25  80  64  72   2   0   7 0.00    M    M  7.4 18 250   M    M   1 1      23 230
26  74  56  65  -5   0   0    T    M    M  6.9 20 320   M    M   0        23 320
27  77  59  68  -2   0   3    T    M    M  3.6 10  60   M    M   3        13 170
28  73  61  67  -2   0   2 0.03    M    M  9.0 15 130   M    M   5 1      21 130
29  79  66  73   4   0   8 0.49    M    M  6.5 17 310   M    M   9 13     24 320
================================================================================
SM 2353 1842         0 221  2.78    M    173.7          M      109
================================================================================
AV 81.1 63.5                               6.0 FASTST   M    M   4    MAX(MPH)
                                 MISC ---->  # 25  90               # 32   40
================================================================================
NOTES:
# LAST OF SEVERAL OCCURRENCES

COLUMN 17 PEAK WIND IN M.P.H.

PRELIMINARY LOCAL CLIMATOLOGICAL DATA (WS FORM: F-6) , PAGE 2

                                          STATION:  ST PAUL MN
                                          MONTH:    AUGUST
                                          YEAR:     2014
                                          LATITUDE:   44 55 N
                                          LONGITUDE:  93  4 W

[TEMPERATURE DATA]      [PRECIPITATION DATA]       SYMBOLS USED IN COLUMN 16

AVERAGE MONTHLY: 72.3   TOTAL FOR MONTH:   2.78    1 = FOG OR MIST
DPTR FM NORMAL:   0.6   DPTR FM NORMAL:   -1.18    2 = FOG REDUCING VISIBILITY
HIGHEST:    89 ON 24    GRTST 24HR  1.47 ON 17-18      TO 1/4 MILE OR LESS
LOWEST:     56 ON 26,12                            3 = THUNDER
                        SNOW, ICE PELLETS, HAIL    4 = ICE PELLETS
                        TOTAL MONTH:    M          5 = HAIL
                        GRTST 24HR    M  ON   M    6 = FREEZING RAIN OR DRIZZLE
                        GRTST DEPTH:  M  ON   M    7 = DUSTSTORM OR SANDSTORM:
                                                       VSBY 1/2 MILE OR LESS
                                                   8 = SMOKE OR HAZE
[NO. OF DAYS WITH]      [WEATHER - DAYS WITH]      9 = BLOWING SNOW
                                                   X = TORNADO
MAX 32 OR BELOW:   0    0.01 INCH OR MORE:  12
MAX 90 OR ABOVE:   0    0.10 INCH OR MORE:   7
MIN 32 OR BELOW:   0    0.50 INCH OR MORE:   2
MIN  0 OR BELOW:   0    1.00 INCH OR MORE:   0

[HDD (BASE 65) ]
TOTAL THIS MO.     0    CLEAR  (SCALE 0-3)  15
DPTR FM NORMAL    -3    PTCLDY (SCALE 4-7)  12
TOTAL FM JUL 1     6    CLOUDY (SCALE 8-10)  2
DPTR FM NORMAL    -1

[CDD (BASE 65) ]
TOTAL THIS MO.   221
DPTR FM NORMAL    19    [PRESSURE DATA]
TOTAL FM JAN 1   592    HIGHEST SLP M ON M
DPTR FM NORMAL   -98    LOWEST  SLP 29.65 ON 18

[REMARKS]




U.S. Dept. of Commerce
NOAA National Weather Service
1325 East West Highway
Silver Spring, MD 20910
E-mail: w-nws.webmaster@noaa.gov
Page last modified: May 16, 2007
NATIONAL WEATHER SERVICE: for Safety, for Work, for Fun - FOR LIFE