476
CXUS53 KMPX 301000
CF6STP
PRELIMINARY LOCAL CLIMATOLOGICAL DATA (WS FORM: F-6)

                                          STATION:   ST PAUL MN
                                          MONTH:     SEPTEMBER
                                          YEAR:      2014
                                          LATITUDE:   44 55 N
                                          LONGITUDE:  93  4 W

  TEMPERATURE IN F:       :PCPN:    SNOW:  WIND      :SUNSHINE: SKY     :PK WND
================================================================================
1   2   3   4   5  6A  6B    7    8   9   10  11  12  13   14  15   16   17  18
                                     12Z  AVG MX 2MIN
DY MAX MIN AVG DEP HDD CDD  WTR  SNW DPTH SPD SPD DIR MIN PSBL S-S WX    SPD DR
================================================================================

 1  78  61  70   2   0   5 0.46    M    M  7.8 21 290   M    M   6 1      25 280
 2  77  61  69   1   0   4 0.00    M    M  4.9 16 230   M    M   1        23 270
 3  77  59  68   0   0   3 0.11    M    M  6.1 18 340   M    M   6 13     25 350
 4  84  66  75   8   0  10 0.01    M    M 10.4 23 310   M    M   5 3      29 300
 5  67  54  61  -6   4   0 0.00    M    M  9.9 24 320   M    M   4        30 320
 6  75  51  63  -3   2   0 0.00    M    M  3.7 12 280   M    M   0 1       M  M
 7  76  55  66   0   0   1 0.00    M    M  6.7 18 180   M    M   0        26 120
 8  76  57  67   1   0   2    T    M    M 10.9 23 160   M    M   4        29 160
 9  75  61  68   3   0   3 0.22    M    M  5.8 15 150   M    M   9 13     18 150
10  67  47  57  -8   8   0 0.27    M    M 14.1 26 360   M    M  10 1      35 360
11  57  43  50 -15  15   0 0.00    M    M  8.5 18 350   M    M   6        24 350
12  55  42  49 -15  16   0 0.00    M    M  6.6 20 310   M    M   5        24 310
13  60  37  49 -15  16   0 0.00    M    M  6.5 18 180   M    M   3 2      23 180
14  64  49  57  -6   8   0 0.00    M    M  8.6 21 270   M    M   3        25 280
15  62  45  54  -9  11   0 0.02    M    M  5.1 17 320   M    M   6        21 320
16  67  40  54  -8  11   0 0.00    M    M  3.7 14 230   M    M   1        18 220
17  75  54  65   3   0   0 0.00    M    M  4.0 10  40   M    M   3        13  50
18  74  47  61  -1   4   0 0.00    M    M  6.5 15 160   M    M   2        19 150
19  80  57  69   8   0   4    T    M    M 10.0 26 180   M    M   5        35 190
20  77  57  67   6   0   2 0.21    M    M 11.0 37 290   M    M   1 13     44 290
21  66  50  58  -2   7   0 0.02    M    M 11.9 23 320   M    M   3        30 290
22  71  46  59  -1   6   0 0.00    M    M  3.8 13 230   M    M   1 12     20 210
23  75  49  62   3   3   0 0.00    M    M  7.7 17 150   M    M   1        22 200
24  64  58  61   2   4   0 0.04    M    M 10.2 20 170   M    M  10        25 160
25  76  59  68  10   0   3    T    M    M  6.9 14 150   M    M   5 8      17 140
26  80  56  68  10   0   3 0.00    M    M  7.5 17 150   M    M   1 1      22 150
27  83  58  71  13   0   6 0.00    M    M  6.5 16 180   M    M   3        19 180
28  82  58  70  13   0   5 0.00    M    M  3.8 12 230   M    M   1 1      15 200
29  66  44  55  -2  10   0 0.08    M    M  9.4 17  30   M    M   6 1      24  20
================================================================================
SM 2086 1521       125  51  1.44    M    218.5          M      111
================================================================================
AV 71.9 52.4                               7.5 FASTST   M    M   4    MAX(MPH)
                                 MISC ---->  # 37 290               # 44  290
================================================================================
NOTES:
# LAST OF SEVERAL OCCURRENCES

COLUMN 17 PEAK WIND IN M.P.H.

PRELIMINARY LOCAL CLIMATOLOGICAL DATA (WS FORM: F-6) , PAGE 2

                                          STATION:  ST PAUL MN
                                          MONTH:    SEPTEMBER
                                          YEAR:     2014
                                          LATITUDE:   44 55 N
                                          LONGITUDE:  93  4 W

[TEMPERATURE DATA]      [PRECIPITATION DATA]       SYMBOLS USED IN COLUMN 16

AVERAGE MONTHLY: 62.2   TOTAL FOR MONTH:   1.44    1 = FOG OR MIST
DPTR FM NORMAL:  -0.5   DPTR FM NORMAL:   -1.90    2 = FOG REDUCING VISIBILITY
HIGHEST:    84 ON  4    GRTST 24HR  0.76 ON 31- 1      TO 1/4 MILE OR LESS
LOWEST:     37 ON 13                               3 = THUNDER
                        SNOW, ICE PELLETS, HAIL    4 = ICE PELLETS
                        TOTAL MONTH:    M          5 = HAIL
                        GRTST 24HR    M  ON   M    6 = FREEZING RAIN OR DRIZZLE
                        GRTST DEPTH:  M  ON   M    7 = DUSTSTORM OR SANDSTORM:
                                                       VSBY 1/2 MILE OR LESS
                                                   8 = SMOKE OR HAZE
[NO. OF DAYS WITH]      [WEATHER - DAYS WITH]      9 = BLOWING SNOW
                                                   X = TORNADO
MAX 32 OR BELOW:   0    0.01 INCH OR MORE:  10
MAX 90 OR ABOVE:   0    0.10 INCH OR MORE:   5
MIN 32 OR BELOW:   0    0.50 INCH OR MORE:   0
MIN  0 OR BELOW:   0    1.00 INCH OR MORE:   0

[HDD (BASE 65) ]
TOTAL THIS MO.   125    CLEAR  (SCALE 0-3)  12
DPTR FM NORMAL    -3    PTCLDY (SCALE 4-7)  14
TOTAL FM JUL 1   131    CLOUDY (SCALE 8-10)  3
DPTR FM NORMAL   -10

[CDD (BASE 65) ]
TOTAL THIS MO.    51
DPTR FM NORMAL   -12    [PRESSURE DATA]
TOTAL FM JAN 1   656    HIGHEST SLP M ON M
DPTR FM NORMAL  -107    LOWEST  SLP 29.52 ON  4

[REMARKS]




U.S. Dept. of Commerce
NOAA National Weather Service
1325 East West Highway
Silver Spring, MD 20910
E-mail: w-nws.webmaster@noaa.gov
Page last modified: May 16, 2007
NATIONAL WEATHER SERVICE: for Safety, for Work, for Fun - FOR LIFE