046
CXUS53 KMPX 301000
CF6STP
PRELIMINARY LOCAL CLIMATOLOGICAL DATA (WS FORM: F-6)

                                          STATION:   ST PAUL MN
                                          MONTH:     JANUARY
                                          YEAR:      2015
                                          LATITUDE:   44 55 N
                                          LONGITUDE:  93  4 W

  TEMPERATURE IN F:       :PCPN:    SNOW:  WIND      :SUNSHINE: SKY     :PK WND
================================================================================
1   2   3   4   5  6A  6B    7    8   9   10  11  12  13   14  15   16   17  18
                                     12Z  AVG MX 2MIN
DY MAX MIN AVG DEP HDD CDD  WTR  SNW DPTH SPD SPD DIR MIN PSBL S-S WX    SPD DR
================================================================================

 1  31  12  22   5  43   0    M    M    M  8.7 20 340   M    M   5        23 340
 2  28   5  17   0  48   0    M    M    M  7.0 15 150   M    M   6        19 160
 3  33  11  22   5  43   0    M    M    M 11.8 28 340   M    M   6 189    36 360
 4  11  -7   2 -15  63   0    M    M    M 18.1 28 320   M    M   2 89     35 340
 5   1 -12  -5 -22  70   0    M    M    M  6.6 18 280   M    M   4 1      23 280
 6   9  -7   1 -16  64   0    M    M    M 11.5 26 320   M    M   2 18     35 320
 7   0  -9  -4 -21  69   0    M    M    M 13.5 25 320   M    M   0        32 330
 8  15  -6   5 -12  60   0    M    M    M 15.1 36 320   M    M   7 189    43 310
 9   6  -3   2 -15  63   0    M    M    M 14.6 28 300   M    M   2 89     37 310
10  18  -8   5 -12  60   0    M    M    M  4.8 13 150   M    M   3 1      14 150
11  13   4   9  -8  56   0    M    M    M  5.1 14 320   M    M   7 8      17 310
12   5  -8  -1 -18  66   0    M    M    M  7.3 17 340   M    M   0 18     20 340
13  14 -12   1 -16  64   0    M    M    M  6.7 14 150   M    M   3 128    19 150
14  24  14  19   2  46   0    M    M    M  5.5 13 220   M    M   8 18     15 210
15  36  14  25   8  40   0    M    M    M  6.7 22 290   M    M   5 1      26 300
16  30  26  28  11  37   0    M    M    M  7.9 16 100   M    M   9        21  80
17  38  23  31  14  34   0    M    M    M 11.0 24 300   M    M   6 1      31 290
18  39  24  32  15  33   0    M    M    M  7.2 16 290   M    M   3        20 290
19  35  21  28  11  37   0    M    M    M  6.9 17 150   M    M   7 1      26 190
20  32  28  30  13  35   0    M    M    M  5.8 10  60   M    M  10 18     20 340
21  30  26  28  11  37   0    M    M    M  8.2 14 330   M    M  10 1      17 350
22  29  21  25   8  40   0    M    M    M  7.5 17 220   M    M   7        20 210
23  39  29  34  17  31   0    M    M    M  7.0 15 200   M    M   4        20 200
24  42  25  34  17  31   0    M    M    M  3.5 14 360   M    M   3 1      26 350
25  35  20  28  11  37   0    M    M    M  8.7 18  20   M    M   4 1      22  20
26  45  22  34  16  31   0    M    M    M  9.6 20 290   M    M  10 1      24 320
27  36  30  33  15  32   0    M    M    M  7.7 16 150   M    M  10        19 140
28  31  27  29  11  36   0    M    M    M 10.1 20 140   M    M  10 18     28 150
29  34  14  24   6  41   0    M    M    M 16.3 29 310   M    M   7 1      36 310
================================================================================
SM  739  324      1347   0    M     M    260.4          M      160
================================================================================
AV 25.5 11.2                               9.0 FASTST   M    M   6    MAX(MPH)
                                 MISC ---->  # 36 320               # 43  310
================================================================================
NOTES:
# LAST OF SEVERAL OCCURRENCES

COLUMN 17 PEAK WIND IN M.P.H.

PRELIMINARY LOCAL CLIMATOLOGICAL DATA (WS FORM: F-6) , PAGE 2

                                          STATION:  ST PAUL MN
                                          MONTH:    JANUARY
                                          YEAR:     2015
                                          LATITUDE:   44 55 N
                                          LONGITUDE:  93  4 W

[TEMPERATURE DATA]      [PRECIPITATION DATA]       SYMBOLS USED IN COLUMN 16

AVERAGE MONTHLY: 18.3   TOTAL FOR MONTH:      M    1 = FOG OR MIST
DPTR FM NORMAL:   1.2   DPTR FM NORMAL:       M    2 = FOG REDUCING VISIBILITY
HIGHEST:    45 ON 26    GRTST 24HR  0.04 ON  7- 8      TO 1/4 MILE OR LESS
LOWEST:    -12 ON 13, 5                            3 = THUNDER
                        SNOW, ICE PELLETS, HAIL    4 = ICE PELLETS
                        TOTAL MONTH:    M          5 = HAIL
                        GRTST 24HR    M  ON   M    6 = FREEZING RAIN OR DRIZZLE
                        GRTST DEPTH:  M  ON   M    7 = DUSTSTORM OR SANDSTORM:
                                                       VSBY 1/2 MILE OR LESS
                                                   8 = SMOKE OR HAZE
[NO. OF DAYS WITH]      [WEATHER - DAYS WITH]      9 = BLOWING SNOW
                                                   X = TORNADO
MAX 32 OR BELOW:  18    0.01 INCH OR MORE:   0
MAX 90 OR ABOVE:   0    0.10 INCH OR MORE:   0
MIN 32 OR BELOW:  29    0.50 INCH OR MORE:   0
MIN  0 OR BELOW:   9    1.00 INCH OR MORE:   0

[HDD (BASE 65) ]
TOTAL THIS MO.  1347    CLEAR  (SCALE 0-3)   6
DPTR FM NORMAL   -42    PTCLDY (SCALE 4-7)  17
TOTAL FM JUL 1  4410    CLOUDY (SCALE 8-10)  6
DPTR FM NORMAL   105

[CDD (BASE 65) ]
TOTAL THIS MO.     0
DPTR FM NORMAL     0    [PRESSURE DATA]
TOTAL FM JAN 1     0    HIGHEST SLP M ON M
DPTR FM NORMAL     0    LOWEST  SLP 29.55 ON 17

[REMARKS]




U.S. Dept. of Commerce
NOAA National Weather Service
1325 East West Highway
Silver Spring, MD 20910
E-mail: w-nws.webmaster@noaa.gov
Page last modified: May 16, 2007
NATIONAL WEATHER SERVICE: for Safety, for Work, for Fun - FOR LIFE