852
CXUS55 KSTO 291455
CF6STO
PRELIMINARY LOCAL CLIMATOLOGICAL DATA (WS FORM: F-6)

                                          STATION:   SACRAMENTO CITY
                                          MONTH:     JULY
                                          YEAR:      2014
                                          LATITUDE:   38 36 N
                                          LONGITUDE: 121 23 W

  TEMPERATURE IN F:       :PCPN:    SNOW:  WIND      :SUNSHINE: SKY     :PK WND
================================================================================
1   2   3   4   5  6A  6B    7    8   9   10  11  12  13   14  15   16   17  18
                                     12Z  AVG MX 2MIN
DY MAX MIN AVG DEP HDD CDD  WTR  SNW DPTH SPD SPD DIR MIN PSBL S-S WX    SPD DR
================================================================================

 1  94  64  79   3   0  14 0.00    M    M   M   M   M   M    M   M         M  M
 2  94  58  76   0   0  11 0.00    M    M   M   M   M   M    M   M         M  M
 3  96  61  79   3   0  14 0.00    M    M   M   M   M   M    M   M         M  M
 4  99  64  82   6   0  17 0.00    M    M   M   M   M   M    M   M         M  M
 5 100  59  80   4   0  15 0.00    M    M   M   M   M   M    M   M         M  M
 6 101  62  82   5   0  17 0.00    M    M   M   M   M   M    M   M         M  M
 7  97  65  81   4   0  16 0.00    M    M   M   M   M   M    M   M         M  M
 8  99  67  83   6   0  18 0.00    M    M   M   M   M   M    M   M         M  M
 9  93  61  77   0   0  12 0.00    M    M   M   M   M   M    M   M         M  M
10  89  60  75  -2   0  10 0.00    M    M   M   M   M   M    M   M         M  M
11  88  61  75  -2   0  10 0.00    M    M   M   M   M   M    M   M         M  M
12  94  59  77   0   0  12 0.00    M    M   M   M   M   M    M   M         M  M
13 101  60  81   4   0  16 0.00    M    M   M   M   M   M    M   M         M  M
14 106  70  88  11   0  23 0.00    M    M   M   M   M   M    M   M         M  M
15  96  71  84   7   0  19 0.00    M    M   M   M   M   M    M   M         M  M
16  88  65  77   0   0  12 0.00    M    M   M   M   M   M    M   M         M  M
17  87  68  78   1   0  13 0.00    M    M   M   M   M   M    M   M         M  M
18  88  61  75  -2   0  10 0.00    M    M   M   M   M   M    M   M         M  M
19  95  60  78   0   0  13 0.00    M    M   M   M   M   M    M   M         M  M
20  83  64  74  -4   0   9 0.02    M    M   M   M   M   M    M   M         M  M
21  87  64  76  -2   0  11 0.00    M    M   M   M   M   M    M   M         M  M
22  88  63  76  -2   0  11 0.00    M    M   M   M   M   M    M   M         M  M
23  90  60  75  -3   0  10 0.00    M    M   M   M   M   M    M   M         M  M
24  97  64  81   3   0  16 0.00    M    M   M   M   M   M    M   M         M  M
25 104  65  85   7   0  20 0.00    M    M   M   M   M   M    M   M         M  M
26 104  68  86   9   0  21 0.00    M    M   M   M   M   M    M   M         M  M
27 102  72  87  10   0  22 0.00    M    M   M   M   M   M    M   M         M  M
28  98  65  82   5   0  17 0.00    M    M   M   M   M   M    M   M         M  M
================================================================================
SM 2658 1781         0 409  0.02    M        M          M        M
================================================================================
AV 94.9 63.6                                 M FASTST   M    M   0    MAX(MPH)
                                 MISC ---->     M   M                  M    M
================================================================================
NOTES:
# LAST OF SEVERAL OCCURRENCES

COLUMN 17 PEAK WIND IN M.P.H.

PRELIMINARY LOCAL CLIMATOLOGICAL DATA (WS FORM: F-6) , PAGE 2

                                          STATION:  SACRAMENTO CITY
                                          MONTH:    JULY
                                          YEAR:     2014
                                          LATITUDE:   38 36 N
                                          LONGITUDE: 121 23 W

[TEMPERATURE DATA]      [PRECIPITATION DATA]       SYMBOLS USED IN COLUMN 16

AVERAGE MONTHLY: 79.3   TOTAL FOR MONTH:   0.02    1 = FOG OR MIST
DPTR FM NORMAL:   2.2   DPTR FM NORMAL:    0.02    2 = FOG REDUCING VISIBILITY
HIGHEST:   106 ON 14    GRTST 24HR  0.02 ON 20-20      TO 1/4 MILE OR LESS
LOWEST:     58 ON  2                               3 = THUNDER
                        SNOW, ICE PELLETS, HAIL    4 = ICE PELLETS
                        TOTAL MONTH:    M          5 = HAIL
                        GRTST 24HR    M  ON   M    6 = FREEZING RAIN OR DRIZZLE
                        GRTST DEPTH:  M  ON   M    7 = DUSTSTORM OR SANDSTORM:
                                                       VSBY 1/2 MILE OR LESS
                                                   8 = SMOKE OR HAZE
[NO. OF DAYS WITH]      [WEATHER - DAYS WITH]      9 = BLOWING SNOW
                                                   X = TORNADO
MAX 32 OR BELOW:   0    0.01 INCH OR MORE:   1
MAX 90 OR ABOVE:  20    0.10 INCH OR MORE:   0
MIN 32 OR BELOW:   0    0.50 INCH OR MORE:   0
MIN  0 OR BELOW:   0    1.00 INCH OR MORE:   0

[HDD (BASE 65) ]
TOTAL THIS MO.     0    CLEAR  (SCALE 0-3)   0
DPTR FM NORMAL     0    PTCLDY (SCALE 4-7)   0
TOTAL FM JUL 1     0    CLOUDY (SCALE 8-10)  0
DPTR FM NORMAL     0

[CDD (BASE 65) ]
TOTAL THIS MO.   409
DPTR FM NORMAL    77    [PRESSURE DATA]
TOTAL FM JAN 1  1014    HIGHEST SLP M ON M
DPTR FM NORMAL   271    LOWEST  SLP M ON M

[REMARKS]




U.S. Dept. of Commerce
NOAA National Weather Service
1325 East West Highway
Silver Spring, MD 20910
E-mail: w-nws.webmaster@noaa.gov
Page last modified: May 16, 2007
NATIONAL WEATHER SERVICE: for Safety, for Work, for Fun - FOR LIFE