582
CXUS53 KLSX 291600
CF6STL
PRELIMINARY LOCAL CLIMATOLOGICAL DATA (WS FORM: F-6)

                                          STATION:   ST. LOUIS
                                          MONTH:     SEPTEMBER
                                          YEAR:      2014
                                          LATITUDE:   38 45 N
                                          LONGITUDE:  90 23 W

  TEMPERATURE IN F:       :PCPN:    SNOW:  WIND      :SUNSHINE: SKY     :PK WND
================================================================================
1   2   3   4   5  6A  6B    7    8   9   10  11  12  13   14  15   16   17  18
                                     12Z  AVG MX 2MIN
DY MAX MIN AVG DEP HDD CDD  WTR  SNW DPTH SPD SPD DIR MIN PSBL S-S WX    SPD DR
================================================================================

 1  87  69  78   2   0  13 2.15  0.0    0 10.5 29 260   M    M   7 13     37 270
 2  84  70  77   1   0  12 0.21  0.0    0  5.3 14 250   M    M   6 13     20 250
 3  88  67  78   3   0  13 0.00  0.0    0  5.9 16 150   M    M   5 1      20 160
 4  97  75  86  11   0  21 0.00  0.0    0  9.9 21 170   M    M   3        24 160
 5  97  69  83   8   0  18 0.01  0.0    0  8.3 30 300   M    M   5 3      46 270
 6  75  63  69  -5   0   4 0.02  0.0    0  6.8 16 320   M    M   8        24 330
 7  78  56  67  -7   0   2 0.00  0.0    0  4.6 16  60   M    M   0        20  70
 8  83  58  71  -3   0   6 0.00  0.0    0  5.7 13 160   M    M   3        17 160
 9  89  71  80   7   0  15 0.56  0.0    0  9.3 25  30   M    M   8 13     31  40
10  89  67  78   5   0  13 1.13  0.0    0 11.2 22 210   M    M  10 13     28 210
11  67  56  62 -11   3   0    T  0.0    0 10.0 16  20   M    M  10 1      20  20
12  60  52  56 -16   9   0 0.01  0.0    0 10.1 17 360   M    M  10 1      23 360
13  65  45  55 -17  10   0 0.00  0.0    0  4.3 16 350   M    M   5 8      22 360
14  73  47  60 -11   5   0 0.00  0.0    0  2.7  9 150   M    M   3        14 150
15  78  58  68  -3   0   3 0.03  0.0    0  8.1 18 330   M    M   9 18     25 330
16  67  54  61  -9   4   0    T  0.0    0  3.6 10  30   M    M   7 18     13  20
17  67  53  60 -10   5   0 0.08  0.0    0  6.0 13 110   M    M   7 18     16 120
18  75  60  68  -1   0   3 0.00  0.0    0  6.5 14  70   M    M   6        18  90
19  80  56  68  -1   0   3 0.00  0.0    0  6.6  M   M   M    M   2         M  M
20  87  65  76   7   0  11 0.00  0.0    0  8.2 17 240   M    M   5        26 220
21  79  57  68   0   0   3 0.00  0.0    0 10.7 22 330   M    M   3        31 320
22  75  53  64  -4   1   0 0.00  0.0    0  2.3  9 350   M    M   1        15 350
23  75  51  63  -4   2   0 0.00  0.0    0  4.7 12 100   M    M   6        16 110
24  79  53  66  -1   0   1 0.00  0.0    0  4.6  9 140   M    M   7        14 140
25  85  61  73   7   0   8 0.00  0.0    0  3.6  8 150   M    M   5        15 210
26  84  64  74   8   0   9 0.00  0.0    0  4.2 10 110   M    M   6        14 110
27  84  62  73   7   0   8 0.00  0.0    0  2.6 12  90   M    M   5        14 110
28  86  60  73   8   0   8 0.00  0.0    0  0.9 12  20   M    M   2         M  M
================================================================================
SM 2233 1672        39 174  4.20     0.0 177.2          M      154
================================================================================
AV 79.8 59.7                               6.3 FASTST   M    M   6    MAX(MPH)
                                 MISC ---->  # 30 300               # 46  270
================================================================================
NOTES:
# LAST OF SEVERAL OCCURRENCES

COLUMN 17 PEAK WIND IN M.P.H.

PRELIMINARY LOCAL CLIMATOLOGICAL DATA (WS FORM: F-6) , PAGE 2

                                          STATION:  ST. LOUIS
                                          MONTH:    SEPTEMBER
                                          YEAR:     2014
                                          LATITUDE:   38 45 N
                                          LONGITUDE:  90 23 W

[TEMPERATURE DATA]      [PRECIPITATION DATA]       SYMBOLS USED IN COLUMN 16

AVERAGE MONTHLY: 69.7   TOTAL FOR MONTH:   4.20    1 = FOG OR MIST
DPTR FM NORMAL:  -1.1   DPTR FM NORMAL:    1.27    2 = FOG REDUCING VISIBILITY
HIGHEST:    97 ON  5, 4 GRTST 24HR  2.36 ON  1- 2      TO 1/4 MILE OR LESS
LOWEST:     45 ON 13                               3 = THUNDER
                        SNOW, ICE PELLETS, HAIL    4 = ICE PELLETS
                        TOTAL MONTH:   0.0 INCH    5 = HAIL
                        GRTST 24HR     0.0         6 = FREEZING RAIN OR DRIZZLE
                        GRTST DEPTH:   0           7 = DUSTSTORM OR SANDSTORM:
                                                       VSBY 1/2 MILE OR LESS
                                                   8 = SMOKE OR HAZE
[NO. OF DAYS WITH]      [WEATHER - DAYS WITH]      9 = BLOWING SNOW
                                                   X = TORNADO
MAX 32 OR BELOW:   0    0.01 INCH OR MORE:   9
MAX 90 OR ABOVE:   2    0.10 INCH OR MORE:   4
MIN 32 OR BELOW:   0    0.50 INCH OR MORE:   3
MIN  0 OR BELOW:   0    1.00 INCH OR MORE:   2

[HDD (BASE 65) ]
TOTAL THIS MO.    39    CLEAR  (SCALE 0-3)   7
DPTR FM NORMAL     8    PTCLDY (SCALE 4-7)  17
TOTAL FM JUL 1    39    CLOUDY (SCALE 8-10)  4
DPTR FM NORMAL     7

[CDD (BASE 65) ]
TOTAL THIS MO.   174
DPTR FM NORMAL   -23    [PRESSURE DATA]
TOTAL FM JAN 1  1679    HIGHEST SLP M ON M
DPTR FM NORMAL    83    LOWEST  SLP 29.63 ON 10

[REMARKS]




U.S. Dept. of Commerce
NOAA National Weather Service
1325 East West Highway
Silver Spring, MD 20910
E-mail: w-nws.webmaster@noaa.gov
Page last modified: May 16, 2007
NATIONAL WEATHER SERVICE: for Safety, for Work, for Fun - FOR LIFE