644
CXUS53 KLSX 221600
CF6STL
PRELIMINARY LOCAL CLIMATOLOGICAL DATA (WS FORM: F-6)

                                          STATION:   ST. LOUIS
                                          MONTH:     AUGUST
                                          YEAR:      2014
                                          LATITUDE:   38 45 N
                                          LONGITUDE:  90 23 W

  TEMPERATURE IN F:       :PCPN:    SNOW:  WIND      :SUNSHINE: SKY     :PK WND
================================================================================
1   2   3   4   5  6A  6B    7    8   9   10  11  12  13   14  15   16   17  18
                                     12Z  AVG MX 2MIN
DY MAX MIN AVG DEP HDD CDD  WTR  SNW DPTH SPD SPD DIR MIN PSBL S-S WX    SPD DR
================================================================================

 1  87  68  78  -2   0  13    T  0.0    0  3.3 17 350   M    M   5        21 360
 2  87  63  75  -5   0  10 0.00  0.0    0  4.3 12  30   M    M   3 18     16  10
 3  89  65  77  -3   0  12 0.00  0.0    0  3.9 13  80   M    M   4        16  40
 4  92  71  82   2   0  17 0.00  0.0    0  5.8 13 160   M    M   6        18 160
 5  89  71  80   0   0  15 0.23  0.0    0  6.3 16 230   M    M   8 13     21 230
 6  89  70  80   0   0  15 1.14  0.0    0  5.6 39 230   M    M   8 138    54 220
 7  76  71  74  -6   0   9 1.79  0.0    0 12.2 22 110   M    M  10 138    29 120
 8  83  72  78  -2   0  13 0.01  0.0    0  6.0 14 340   M    M   9 18     17  40
 9  82  70  76  -4   0  11 0.01  0.0    0  5.5 13 330   M    M  10 128    16 350
10  84  72  78  -1   0  13 0.00  0.0    0  4.0 10  10   M    M   9 18     14  10
11  87  70  79   0   0  14    T  0.0    0  8.3 18 280   M    M   5 18     23 280
12  82  65  74  -5   0   9 0.00  0.0    0  9.8 20 320   M    M   1        25 310
13  82  61  72  -7   0   7 0.00  0.0    0  4.9 14 320   M    M   1        17 310
14  86  63  75  -4   0  10 0.00  0.0    0  2.8  9 350   M    M   4        13 330
15  87  67  77  -2   0  12 0.09  0.0    0  5.0 13 280   M    M   7 1      15 280
16  81  71  76  -3   0  11 0.98  0.0    0  9.9 16 180   M    M   9 138    21 200
17  80  72  76  -3   0  11 0.19  0.0    0  6.4 14 280   M    M   9 18     17 290
18  89  72  81   2   0  16 0.00  0.0    0  2.5  9 140   M    M   7 128    10 180
19  89  73  81   2   0  16    T  0.0    0  4.3 23 310   M    M   4 138    31 310
20  91  75  83   5   0  18 0.02  0.0    0  5.7 30 270   M    M   6 3      38 280
21  96  75  86   8   0  21 0.00  0.0    0  9.1 16 230   M    M   7        23 220
================================================================================
SM 1808 1457         0 273  4.46     0.0 125.6          M      132
================================================================================
AV 86.1 69.4                               6.0 FASTST   M    M   6    MAX(MPH)
                                 MISC ---->  # 39 230               # 54  220
================================================================================
NOTES:
# LAST OF SEVERAL OCCURRENCES

COLUMN 17 PEAK WIND IN M.P.H.

PRELIMINARY LOCAL CLIMATOLOGICAL DATA (WS FORM: F-6) , PAGE 2

                                          STATION:  ST. LOUIS
                                          MONTH:    AUGUST
                                          YEAR:     2014
                                          LATITUDE:   38 45 N
                                          LONGITUDE:  90 23 W

[TEMPERATURE DATA]      [PRECIPITATION DATA]       SYMBOLS USED IN COLUMN 16

AVERAGE MONTHLY: 77.7   TOTAL FOR MONTH:   4.46    1 = FOG OR MIST
DPTR FM NORMAL:  -1.6   DPTR FM NORMAL:    2.38    2 = FOG REDUCING VISIBILITY
HIGHEST:    96 ON 21    GRTST 24HR  2.92 ON  6- 7      TO 1/4 MILE OR LESS
LOWEST:     61 ON 13                               3 = THUNDER
                        SNOW, ICE PELLETS, HAIL    4 = ICE PELLETS
                        TOTAL MONTH:   0.0 INCH    5 = HAIL
                        GRTST 24HR     0.0         6 = FREEZING RAIN OR DRIZZLE
                        GRTST DEPTH:   0           7 = DUSTSTORM OR SANDSTORM:
                                                       VSBY 1/2 MILE OR LESS
                                                   8 = SMOKE OR HAZE
[NO. OF DAYS WITH]      [WEATHER - DAYS WITH]      9 = BLOWING SNOW
                                                   X = TORNADO
MAX 32 OR BELOW:   0    0.01 INCH OR MORE:   9
MAX 90 OR ABOVE:   3    0.10 INCH OR MORE:   5
MIN 32 OR BELOW:   0    0.50 INCH OR MORE:   3
MIN  0 OR BELOW:   0    1.00 INCH OR MORE:   2

[HDD (BASE 65) ]
TOTAL THIS MO.     0    CLEAR  (SCALE 0-3)   3
DPTR FM NORMAL     0    PTCLDY (SCALE 4-7)  12
TOTAL FM JUL 1     0    CLOUDY (SCALE 8-10)  6
DPTR FM NORMAL     0

[CDD (BASE 65) ]
TOTAL THIS MO.   273
DPTR FM NORMAL   -28    [PRESSURE DATA]
TOTAL FM JAN 1  1295    HIGHEST SLP M ON M
DPTR FM NORMAL    19    LOWEST  SLP 29.75 ON 19

[REMARKS]




U.S. Dept. of Commerce
NOAA National Weather Service
1325 East West Highway
Silver Spring, MD 20910
E-mail: w-nws.webmaster@noaa.gov
Page last modified: May 16, 2007
NATIONAL WEATHER SERVICE: for Safety, for Work, for Fun - FOR LIFE