215
CXUS53 KLSX 231600
CF6STL
PRELIMINARY LOCAL CLIMATOLOGICAL DATA (WS FORM: F-6)

                                          STATION:   ST. LOUIS
                                          MONTH:     APRIL
                                          YEAR:      2014
                                          LATITUDE:   38 45 N
                                          LONGITUDE:  90 23 W

  TEMPERATURE IN F:       :PCPN:    SNOW:  WIND      :SUNSHINE: SKY     :PK WND
================================================================================
1   2   3   4   5  6A  6B    7    8   9   10  11  12  13   14  15   16   17  18
                                     12Z  AVG MX 2MIN
DY MAX MIN AVG DEP HDD CDD  WTR  SNW DPTH SPD SPD DIR MIN PSBL S-S WX    SPD DR
================================================================================

 1  61  41  51  -1  14   0 0.07    T    0  9.8 22 260   M    M   4 5      29 250
 2  55  46  51  -2  14   0 2.53  0.0    0 11.4 31 280   M    M  10 138    38 280
 3  66  55  61   8   4   0 2.23  0.0    0 10.1 30 280   M    M  10 138    39 280
 4  59  42  51  -2  14   0    T  0.0    0 19.0 35 260   M    M   8 3      44 260
 5  55  39  47  -7  18   0 0.00  0.0    0  5.6 12 100   M    M   5        15 120
 6  60  39  50  -4  15   0 0.00  0.0    0  6.2 18 100   M    M   7 8      28  90
 7  53  46  50  -4  15   0 0.66  0.0    0  6.3 18 320   M    M  10 1      23 330
 8  63  45  54  -1  11   0    T  0.0    0  9.4 31 320   M    M   5        40 310
 9  69  38  54  -1  11   0 0.00  0.0    0  8.5 17 200   M    M   2        24 190
10  84  55  70  15   0   5 0.00  0.0    0 12.4 25 250   M    M   6        32 260
11  74  54  64   8   1   0 0.00  0.0    0  6.4 14 150   M    M   6        15 130
12  83  57  70  14   0   5 0.00  0.0    0 14.9 25 160   M    M   6        32 170
13  76  60  68  11   0   3 0.49  0.0    0 13.2 28 210   M    M   9 38     35 190
14  60  35  48  -9  17   0 0.07    T    0 14.9 23 320   M    M   9 18     31 330
15  50  31  41 -16  24   0 0.00  0.0    0  9.0 22 310   M    M   2        25 270
16  59  39  49  -9  16   0 0.00  0.0    0 16.0 26 150   M    M   6        35 140
17  68  45  57  -1   8   0 0.00  0.0    0  6.2 14 280   M    M   8        17 220
18  72  45  59   1   6   0 0.00  0.0    0  4.0 10  20   M    M   2 8      14  20
19  76  48  62   3   3   0 0.00  0.0    0  7.1 15 130   M    M   5 8      17 110
20  83  52  68   9   0   3 0.00  0.0    0  7.4 17 140   M    M   7        22 140
21  76  61  69  10   0   4 0.09  0.0    0  4.9 15 220   M    M   9 18     20 220
22  69  51  60   0   5   0 0.00  0.0    0  9.5 20 350   M    M   3 18     29 300
================================================================================
SM 1471 1024       196  20  6.14    T    212.2          M      139
================================================================================
AV 66.9 46.5                               9.6 FASTST   M    M   6    MAX(MPH)
                                 MISC ---->  # 35 260               # 44  260
================================================================================
NOTES:
# LAST OF SEVERAL OCCURRENCES

COLUMN 17 PEAK WIND IN M.P.H.

PRELIMINARY LOCAL CLIMATOLOGICAL DATA (WS FORM: F-6) , PAGE 2

                                          STATION:  ST. LOUIS
                                          MONTH:    APRIL
                                          YEAR:     2014
                                          LATITUDE:   38 45 N
                                          LONGITUDE:  90 23 W

[TEMPERATURE DATA]      [PRECIPITATION DATA]       SYMBOLS USED IN COLUMN 16

AVERAGE MONTHLY: 56.7   TOTAL FOR MONTH:   6.14    1 = FOG OR MIST
DPTR FM NORMAL:   0.7   DPTR FM NORMAL:    3.48    2 = FOG REDUCING VISIBILITY
HIGHEST:    84 ON 10    GRTST 24HR  2.58 ON  1- 2      TO 1/4 MILE OR LESS
LOWEST:     31 ON 15                               3 = THUNDER
                        SNOW, ICE PELLETS, HAIL    4 = ICE PELLETS
                        TOTAL MONTH:    T          5 = HAIL
                        GRTST 24HR    T  ON 14-14  6 = FREEZING RAIN OR DRIZZLE
                        GRTST DEPTH:   0           7 = DUSTSTORM OR SANDSTORM:
                                                       VSBY 1/2 MILE OR LESS
                                                   8 = SMOKE OR HAZE
[NO. OF DAYS WITH]      [WEATHER - DAYS WITH]      9 = BLOWING SNOW
                                                   X = TORNADO
MAX 32 OR BELOW:   0    0.01 INCH OR MORE:   7
MAX 90 OR ABOVE:   0    0.10 INCH OR MORE:   4
MIN 32 OR BELOW:   1    0.50 INCH OR MORE:   3
MIN  0 OR BELOW:   0    1.00 INCH OR MORE:   2

[HDD (BASE 65) ]
TOTAL THIS MO.   196    CLEAR  (SCALE 0-3)   4
DPTR FM NORMAL   -28    PTCLDY (SCALE 4-7)  11
TOTAL FM JUL 1  4923    CLOUDY (SCALE 8-10)  7
DPTR FM NORMAL   513

[CDD (BASE 65) ]
TOTAL THIS MO.    20
DPTR FM NORMAL    -6    [PRESSURE DATA]
TOTAL FM JAN 1    20    HIGHEST SLP M ON M
DPTR FM NORMAL   -13    LOWEST  SLP 29.45 ON 13

[REMARKS]




U.S. Dept. of Commerce
NOAA National Weather Service
1325 East West Highway
Silver Spring, MD 20910
E-mail: w-nws.webmaster@noaa.gov
Page last modified: May 16, 2007
NATIONAL WEATHER SERVICE: for Safety, for Work, for Fun - FOR LIFE