054
CXUS55 KEAX 290736
CF6STJ
PRELIMINARY LOCAL CLIMATOLOGICAL DATA (WS FORM: F-6)

                                          STATION:   ST. JOSEPH MO
                                          MONTH:     NOVEMBER
                                          YEAR:      2014
                                          LATITUDE:   39 46 N
                                          LONGITUDE:  94 55 W

  TEMPERATURE IN F:       :PCPN:    SNOW:  WIND      :SUNSHINE: SKY     :PK WND
================================================================================
1   2   3   4   5  6A  6B    7    8   9   10  11  12  13   14  15   16   17  18
                                     12Z  AVG MX 2MIN
DY MAX MIN AVG DEP HDD CDD  WTR  SNW DPTH SPD SPD DIR MIN PSBL S-S WX    SPD DR
================================================================================

 1  52  20  36 -13  29   0 0.00    M    M  9.3 18 150   M    M   2        23 150
 2  64  46  55   7  10   0 0.00    M    M 19.0 32 190   M    M   3        43 200
 3  71  50  61  13   4   0 0.02    M    M 18.5 28 190   M    M   4        33 200
 4  54  40  47   0  18   0 0.00    M    M  7.5 20 320   M    M   0        25 330
 5  71  28  50   3  15   0 0.00    M    M 10.5 28 280   M    M   0        36 270
 6  52  29  41  -5  24   0 0.00    M    M 12.0 26 340   M    M   1        35 340
 7  64  26  45  -1  20   0 0.00    M    M 10.7 29 190   M    M   0 12     38 180
 8  55  31  43  -3  22   0 0.00    M    M 13.2 26 350   M    M   2        35 340
 9  66  31  49   4  16   0 0.00    M    M  8.3 18 200   M    M   0        21 210
10  69  32  51   6  14   0 0.00    M    M 17.6 35 340   M    M   3        42 320
11  34  24  29 -15  36   0 0.00    M    M 20.4 36 340   M    M   7 18     41 340
12  27  14  21 -23  44   0 0.00    M    M 14.2 24 320   M    M   3        29 320
13  31   8  20 -23  45   0 0.00    M    M  8.1 21 330   M    M   2        28 330
14  29   6  18 -25  47   0 0.00    M    M  1.3  6 130   M    M   2         8 120
15  29  14  22 -20  43   0 0.02    M    M  4.4 10  90   M    M   7 1      14  90
16  29  12  21 -21  44   0    T    M    M  9.6 23 320   M    M   4 1      27 320
17  23   9  16 -25  49   0 0.00    M    M 16.1 31 320   M    M   2        42 320
18  36   8  22 -19  43   0 0.00    M    M 10.0 17 200   M    M   2        25 220
19  37  11  24 -16  41   0 0.00    M    M 10.3 26 320   M    M   2        32 350
20  36   9  23 -17  42   0 0.00    M    M  4.1 13  20   M    M   0        16  10
21  42  17  30  -9  35   0    T    M    M  5.3 16 150   M    M   5        19 130
22  57  40  49  10  16   0 0.00    M    M  8.7 23 180   M    M  10 12     30 180
23  57  39  48  10  17   0 0.19    M    M 14.0 36 340   M    M  10 1      44 330
24  39  27  33  -5  32   0 0.00    M    M 15.2 33 320   M    M   5        44 320
25  42  17  30  -7  35   0 0.00    M    M  7.9 17 170   M    M   2        22 180
26  40  26  33  -4  32   0 0.01    M    M 18.5 32 320   M    M  10        41 300
27  32  22  27  -9  38   0 0.00    M    M  7.8 17 330   M    M   5        21 330
28  57  28  43   7  22   0 0.00    M    M 11.8 18 210   M    M   0 8      23 200
================================================================================
SM 1295  664       833   0  0.24    M    314.3          M       93
================================================================================
AV 46.2 23.7                              11.2 FASTST   M    M   3    MAX(MPH)
                                 MISC ---->  # 36 340               # 44  330
================================================================================
NOTES:
# LAST OF SEVERAL OCCURRENCES

COLUMN 17 PEAK WIND IN M.P.H.

PRELIMINARY LOCAL CLIMATOLOGICAL DATA (WS FORM: F-6) , PAGE 2

                                          STATION:  ST. JOSEPH MO
                                          MONTH:    NOVEMBER
                                          YEAR:     2014
                                          LATITUDE:   39 46 N
                                          LONGITUDE:  94 55 W

[TEMPERATURE DATA]      [PRECIPITATION DATA]       SYMBOLS USED IN COLUMN 16

AVERAGE MONTHLY: 35.0   TOTAL FOR MONTH:   0.24    1 = FOG OR MIST
DPTR FM NORMAL:  -7.4   DPTR FM NORMAL:   -1.23    2 = FOG REDUCING VISIBILITY
HIGHEST:    71 ON  5, 3 GRTST 24HR  0.19 ON 22-23      TO 1/4 MILE OR LESS
LOWEST:      6 ON 14                               3 = THUNDER
                        SNOW, ICE PELLETS, HAIL    4 = ICE PELLETS
                        TOTAL MONTH:    M          5 = HAIL
                        GRTST 24HR    M  ON   M    6 = FREEZING RAIN OR DRIZZLE
                        GRTST DEPTH:  M  ON   M    7 = DUSTSTORM OR SANDSTORM:
                                                       VSBY 1/2 MILE OR LESS
                                                   8 = SMOKE OR HAZE
[NO. OF DAYS WITH]      [WEATHER - DAYS WITH]      9 = BLOWING SNOW
                                                   X = TORNADO
MAX 32 OR BELOW:   7    0.01 INCH OR MORE:   4
MAX 90 OR ABOVE:   0    0.10 INCH OR MORE:   1
MIN 32 OR BELOW:  23    0.50 INCH OR MORE:   0
MIN  0 OR BELOW:   0    1.00 INCH OR MORE:   0

[HDD (BASE 65) ]
TOTAL THIS MO.   833    CLEAR  (SCALE 0-3)  18
DPTR FM NORMAL   200    PTCLDY (SCALE 4-7)   7
TOTAL FM JUL 1  1196    CLOUDY (SCALE 8-10)  3
DPTR FM NORMAL   144

[CDD (BASE 65) ]
TOTAL THIS MO.     0
DPTR FM NORMAL     0    [PRESSURE DATA]
TOTAL FM JAN 1  1182    HIGHEST SLP  0.00 ON M
DPTR FM NORMAL   -38    LOWEST  SLP  0.00 ON M

[REMARKS]




U.S. Dept. of Commerce
NOAA National Weather Service
1325 East West Highway
Silver Spring, MD 20910
E-mail: w-nws.webmaster@noaa.gov
Page last modified: May 16, 2007
NATIONAL WEATHER SERVICE: for Safety, for Work, for Fun - FOR LIFE