325
CXUS55 KEAX 010736
CF6STJ
PRELIMINARY LOCAL CLIMATOLOGICAL DATA (WS FORM: F-6)

                                          STATION:   ST. JOSEPH MO
                                          MONTH:     JULY
                                          YEAR:      2014
                                          LATITUDE:   39 46 N
                                          LONGITUDE:  94 55 W

  TEMPERATURE IN F:       :PCPN:    SNOW:  WIND      :SUNSHINE: SKY     :PK WND
================================================================================
1   2   3   4   5  6A  6B    7    8   9   10  11  12  13   14  15   16   17  18
                                     12Z  AVG MX 2MIN
DY MAX MIN AVG DEP HDD CDD  WTR  SNW DPTH SPD SPD DIR MIN PSBL S-S WX    SPD DR
================================================================================

 1  84  61  73  -3   0   8 0.00    M    M  9.7 21 310   M    M   1        27 300
 2  69  55  62 -14   3   0    T    M    M  7.9 24 330   M    M   4        29 330
 3  80  48  64 -12   1   0 0.00    M    M  2.4  8 220   M    M   0 1      12  40
 4  83  56  70  -6   0   5 0.00  0.0    M  7.2 16 130   M    M   0 1      26 140
 5  83  68  76  -1   0  11 2.59    M    M 11.8 33 220   M    M   5 123    48 230
 6  89  75  82   5   0  17 0.00    M    M 10.9 23 200   M    M   2        29 200
 7  91  66  79   2   0  14 1.18    M    M  6.4 44 350   M    M   2 13     54 350
 8  82  65  74  -3   0   9 0.00    M    M  9.0 18 320   M    M   1        23 320
 9  83  60  72  -5   0   7    T    M    M  3.1  7 150   M    M   1 1      10  40
10  84  68  76  -1   0  11 0.00    M    M 10.4 17 140   M    M   2        22 130
11  88  68  78   1   0  13 0.02    M    M 10.3 18 200   M    M   2        22 200
12  92  75  84   7   0  19 0.00    M    M  9.0 20  10   M    M   1        27  10
13  86  71  79   2   0  14 0.45    M    M  4.3 22  30   M    M   4 13     26  20
14  78  55  67 -10   0   2 0.17    M    M  7.4 23 330   M    M   3 13     29 360
15  74  53  64 -13   1   0 0.00    M    M  6.3 17 350   M    M   3        22 360
16  76  54  65 -12   0   0 0.00    M    M  1.9 12  10   M    M   3 1      17 350
17  77  51  64 -13   1   0 0.00    M    M  3.3 10 200   M    M   7 1      14 200
18  79  56  68  -9   0   3 0.00    M    M  3.8 14 170   M    M   4 1      17 170
19  81  55  68  -9   0   3 0.00    M    M  6.0 16 180   M    M   2 128    20 210
20  85  62  74  -3   0   9 0.00    M    M 11.0 21 170   M    M   0 1      28 170
21  92  71  82   5   0  17 0.00    M    M 11.9 20 180   M    M   0        31 200
22  95  77  86   9   0  21 0.00    M    M  8.3 16  20   M    M   1 18     23  20
23  86  67  77   0   0  12 0.00    M    M  8.2 15  30   M    M   0        19  20
24  83  65  74  -3   0   9 0.00    M    M  9.8 18 170   M    M   0        24 160
25  95  69  82   5   0  17 0.00    M    M 11.5 21 190   M    M   0        25 190
26  89  72  81   4   0  16    T    M    M  5.1 15 180   M    M   1 13     18 170
27  86  60  73  -4   0   8 0.00    M    M  9.9 22 330   M    M   2 128    30 310
28  79  57  68  -9   0   3 0.00    M    M  5.8 15  10   M    M   2        19  10
29  81  54  68  -9   0   3 0.00    M    M  3.6 10 360   M    M   1 12     14 320
30  81  58  70  -7   0   5 0.00    M    M  3.3 13  30   M    M   1        14  20
31  83  52  68  -9   0   3 0.00    M    M  2.6 10 250   M    M   2 12     12 250
================================================================================
SM 2594 1924         6 259  4.41     0.0 222.1          M       57
================================================================================
AV 83.7 62.1                               7.2 FASTST   M    M   2    MAX(MPH)
                                 MISC ---->  # 44 350               # 54  350
================================================================================
NOTES:
# LAST OF SEVERAL OCCURRENCES

COLUMN 17 PEAK WIND IN M.P.H.

PRELIMINARY LOCAL CLIMATOLOGICAL DATA (WS FORM: F-6) , PAGE 2

                                          STATION:  ST. JOSEPH MO
                                          MONTH:    JULY
                                          YEAR:     2014
                                          LATITUDE:   39 46 N
                                          LONGITUDE:  94 55 W

[TEMPERATURE DATA]      [PRECIPITATION DATA]       SYMBOLS USED IN COLUMN 16

AVERAGE MONTHLY: 72.9   TOTAL FOR MONTH:   4.41    1 = FOG OR MIST
DPTR FM NORMAL:  -4.2   DPTR FM NORMAL:   -0.78    2 = FOG REDUCING VISIBILITY
HIGHEST:    95 ON 25,22 GRTST 24HR  2.59 ON  5- 5      TO 1/4 MILE OR LESS
LOWEST:     48 ON  3                               3 = THUNDER
                        SNOW, ICE PELLETS, HAIL    4 = ICE PELLETS
                        TOTAL MONTH:   0.0 INCH    5 = HAIL
                        GRTST 24HR     0.0         6 = FREEZING RAIN OR DRIZZLE
                        GRTST DEPTH:  M  ON   M    7 = DUSTSTORM OR SANDSTORM:
                                                       VSBY 1/2 MILE OR LESS
                                                   8 = SMOKE OR HAZE
[NO. OF DAYS WITH]      [WEATHER - DAYS WITH]      9 = BLOWING SNOW
                                                   X = TORNADO
MAX 32 OR BELOW:   0    0.01 INCH OR MORE:   5
MAX 90 OR ABOVE:   5    0.10 INCH OR MORE:   4
MIN 32 OR BELOW:   0    0.50 INCH OR MORE:   2
MIN  0 OR BELOW:   0    1.00 INCH OR MORE:   2

[HDD (BASE 65) ]
TOTAL THIS MO.     6    CLEAR  (SCALE 0-3)  26
DPTR FM NORMAL     5    PTCLDY (SCALE 4-7)   5
TOTAL FM JUL 1     6    CLOUDY (SCALE 8-10)  0
DPTR FM NORMAL     5

[CDD (BASE 65) ]
TOTAL THIS MO.   259
DPTR FM NORMAL  -115    [PRESSURE DATA]
TOTAL FM JAN 1   699    HIGHEST SLP  0.00 ON M
DPTR FM NORMAL   -55    LOWEST  SLP  0.00 ON M

[REMARKS]
#FINAL-07-14#




U.S. Dept. of Commerce
NOAA National Weather Service
1325 East West Highway
Silver Spring, MD 20910
E-mail: w-nws.webmaster@noaa.gov
Page last modified: May 16, 2007
NATIONAL WEATHER SERVICE: for Safety, for Work, for Fun - FOR LIFE