709
CXUS55 KEAX 010736
CF6STJ
PRELIMINARY LOCAL CLIMATOLOGICAL DATA (WS FORM: F-6)

                                          STATION:   ST. JOSEPH MO
                                          MONTH:     AUGUST
                                          YEAR:      2014
                                          LATITUDE:   39 46 N
                                          LONGITUDE:  94 55 W

  TEMPERATURE IN F:       :PCPN:    SNOW:  WIND      :SUNSHINE: SKY     :PK WND
================================================================================
1   2   3   4   5  6A  6B    7    8   9   10  11  12  13   14  15   16   17  18
                                     12Z  AVG MX 2MIN
DY MAX MIN AVG DEP HDD CDD  WTR  SNW DPTH SPD SPD DIR MIN PSBL S-S WX    SPD DR
================================================================================

 1  85  63  74  -3   0   9 0.04    M    M  4.6 12 190   M    M   6 1      15 130
 2  88  58  73  -4   0   8 0.00    M    M  4.1  8 130   0    0   0         M  M
 3  85  65  75  -2   0  10 0.62    M    M  8.1 33 330   M    M   4 13     44 310
 4  89  68  79   2   0  14 0.00    M    M  7.1 16 160   M    M   1        20 160
 5  89  69  79   2   0  14 0.00    M    M  4.1 12 110   M    M   0 1      16 120
 6  89  68  79   2   0  14    M    M    M  8.2 30 210   M    M   2 13     42 210
 7  83  68  76  -1   0  11 0.02    M    M  5.2 13  90   M    M   8        15  50
 8  80  67  74  -3   0   9 0.00    M    M  5.0 12  30   M    M   8 1      14  30
 9  85  68  77   0   0  12    T    M    M  4.8 15 130   M    M   6 1      18 130
10  80  66  73  -3   0   8    M    M    M  4.8 14 320   M    M   7 13     17 310
11  78  60  69  -7   0   4 0.00    M    M  8.1 22 330   M    M   4 12     29 320
12  77  53  65 -11   0   0 0.00    M    M  7.2 17 340   M    M   1        21 320
13  80  53  67  -9   0   2 0.00    M    M  0.9  8 330   M    M   2 12     13 340
14  84  55  70  -6   0   5 0.00    M    M  4.6 14 150   M    M   2 12     16 150
15  77  64  71  -5   0   6 0.27    M    M  7.7 18 130   M    M   6 1      25 120
16  77  67  72  -4   0   7 0.07    M    M  5.5 14 330   M    M  10 13     18 330
17  84  62  73  -3   0   8 0.00    M    M  4.6  9 140   M    M   4 1      15  50
18  87  67  77   2   0  12 0.00    M    M  3.3 14 210   M    M   1 1      16 230
19  89  67  78   3   0  13 0.12    M    M  3.9 18 340   M    M   1 13     33  20
20  92  72  82   7   0  17 0.00    M    M  8.3 16 160   M    M   2        21 160
21  93  76  85  10   0  20 0.00    M    M 10.0 20 200   M    M   1        25 190
22  89  75  82   8   0  17 0.04    M    M  5.5 16 360   M    M   2 13     19  10
23  94  74  84  10   0  19 0.00    M    M  7.4 16 320   M    M   2        20 150
24  95  70  83   9   0  18 0.00    M    M  9.5 20 150   M    M   0        24 150
25  92  71  82   8   0  17 0.05    M    M  4.6 15 230   M    M   2 13     20 210
26  89  68  79   5   0  14 0.00    M    M  6.4 31 340   M    M   1 3      38 360
27  82  69  76   3   0  11 0.26    M    M  6.7 25  20   M    M   3 13     30  10
28  91  73  82   9   0  17    T    M    M  5.6 18 170   M    M   1        22 170
29  82  68  75   2   0  10 0.03    M    M  6.5 14 190   M    M   4 1      18 190
30  87  63  75   3   0  10 0.00    M    M  2.5  9 300   M    M   1 1      14 320
31  93  65  79   7   0  14 0.94    M    M 10.9 44 270   M    M   1 13     57 260
================================================================================
SM 2665 2052         0 350  2.46    M    185.7            0     93
================================================================================
AV 86.0 66.2                               6.0 FASTST    0   0   3    MAX(MPH)
                                 MISC ---->  # 44 270               # 57  260
================================================================================
NOTES:
# LAST OF SEVERAL OCCURRENCES

COLUMN 17 PEAK WIND IN M.P.H.

PRELIMINARY LOCAL CLIMATOLOGICAL DATA (WS FORM: F-6) , PAGE 2

                                          STATION:  ST. JOSEPH MO
                                          MONTH:    AUGUST
                                          YEAR:     2014
                                          LATITUDE:   39 46 N
                                          LONGITUDE:  94 55 W

[TEMPERATURE DATA]      [PRECIPITATION DATA]       SYMBOLS USED IN COLUMN 16

AVERAGE MONTHLY: 76.1   TOTAL FOR MONTH:   2.46    1 = FOG OR MIST
DPTR FM NORMAL:   0.8   DPTR FM NORMAL:   -1.52    2 = FOG REDUCING VISIBILITY
HIGHEST:    95 ON 24    GRTST 24HR  0.94 ON 31-31      TO 1/4 MILE OR LESS
LOWEST:     53 ON 13,12                            3 = THUNDER
                        SNOW, ICE PELLETS, HAIL    4 = ICE PELLETS
                        TOTAL MONTH:    M          5 = HAIL
                        GRTST 24HR    M  ON   M    6 = FREEZING RAIN OR DRIZZLE
                        GRTST DEPTH:  M  ON   M    7 = DUSTSTORM OR SANDSTORM:
                                                       VSBY 1/2 MILE OR LESS
                                                   8 = SMOKE OR HAZE
[NO. OF DAYS WITH]      [WEATHER - DAYS WITH]      9 = BLOWING SNOW
                                                   X = TORNADO
MAX 32 OR BELOW:   0    0.01 INCH OR MORE:  11
MAX 90 OR ABOVE:   7    0.10 INCH OR MORE:   5
MIN 32 OR BELOW:   0    0.50 INCH OR MORE:   2
MIN  0 OR BELOW:   0    1.00 INCH OR MORE:   0

[HDD (BASE 65) ]
TOTAL THIS MO.     0    CLEAR  (SCALE 0-3)  19
DPTR FM NORMAL    -4    PTCLDY (SCALE 4-7)  10
TOTAL FM JUL 1     6    CLOUDY (SCALE 8-10)  2
DPTR FM NORMAL     1

[CDD (BASE 65) ]
TOTAL THIS MO.   350
DPTR FM NORMAL    27    [PRESSURE DATA]
TOTAL FM JAN 1  1049    HIGHEST SLP  0.00 ON M
DPTR FM NORMAL   -28    LOWEST  SLP  0.00 ON M

[REMARKS]
#FINAL-08-14#




U.S. Dept. of Commerce
NOAA National Weather Service
1325 East West Highway
Silver Spring, MD 20910
E-mail: w-nws.webmaster@noaa.gov
Page last modified: May 16, 2007
NATIONAL WEATHER SERVICE: for Safety, for Work, for Fun - FOR LIFE