034
CXUS55 KEAX 290736
CF6STJ
PRELIMINARY LOCAL CLIMATOLOGICAL DATA (WS FORM: F-6)

                                          STATION:   ST. JOSEPH MO
                                          MONTH:     JANUARY
                                          YEAR:      2015
                                          LATITUDE:   39 46 N
                                          LONGITUDE:  94 55 W

  TEMPERATURE IN F:       :PCPN:    SNOW:  WIND      :SUNSHINE: SKY     :PK WND
================================================================================
1   2   3   4   5  6A  6B    7    8   9   10  11  12  13   14  15   16   17  18
                                     12Z  AVG MX 2MIN
DY MAX MIN AVG DEP HDD CDD  WTR  SNW DPTH SPD SPD DIR MIN PSBL S-S WX    SPD DR
================================================================================

 1  35  14  25  -1  40   0 0.00    M    M  7.7 17 220   M    M   2        21 210
 2  39  12  26   0  39   0 0.00    M    M  3.4 12 170   M    M   7        14 160
 3  43  18  31   5  34   0    T    M    M  6.4 28 330   M    M   8 18     35 320
 4  17   5  11 -15  54   0    T    M    M 15.7 30 330   M    M   4 18     36 340
 5  21   8  15 -11  50   0 0.00    M    M  6.8 20 160   M    M   3        23 140
 6  26  11  19  -7  46   0    T    M    M 12.6 28 360   M    M   3 1      33 360
 7  17  -5   6 -20  59   0    T    M    M 15.3 30 350   M    M   2        36 360
 8  32  -2  15 -12  50   0 0.00    M    M 17.2 33 340   M    M   3        41 340
 9  20  -1  10 -17  55   0 0.00    M    M 10.1 28 320   M    M   2        36 330
10  39  -1  19  -8  46   0 0.00    M    M 11.1 26 200   M    M   0        33 200
11  39  17  28   1  37   0    T    M    M  5.9 18 190   M    M   6 1      22 180
12  31   2  17 -10  48   0 0.00    M    M 14.5 24  10   M    M   2        29  10
13  26  -2  12 -15  53   0 0.00    M    M  4.9 10  10   M    M   2        12 130
14  40  13  27   0  38   0 0.00    M    M  5.3 13 260   M    M   5        16 240
15  49   9  29   2  36   0 0.00    M    M  4.5 16 310   M    M   0        19 300
16  63  14  39  12  26   0 0.00    M    M  9.1 25 210   M    M   0        32 220
17  55  35  45  18  20   0    T    M    M 13.7 37 330   M    M   0        49 300
18  59  20  40  13  25   0 0.00    M    M  5.0 17 260   M    M   0        23 260
19  64  18  41  14  24   0 0.00    M    M  5.2 21 330   M    M   0        26 310
20  53  21  37  10  28   0 0.00    M    M  6.1 18 320   M    M   0        23 310
21  50  22  36   8  29   0 0.00    M    M  6.6 22 320   M    M   3        26 300
22  37  20  29   1  36   0 0.00    M    M  2.7 12  30   M    M  10        12  30
23  48  16  32   4  33   0 0.00    M    M  6.1 16 230   M    M   2 128    19 210
24  59  22  41  13  24   0 0.03  0.0    0  8.0 18 240   M    M   2        26 250
25  46  22  34   6  31   0 0.02    M    M 15.5 32 350   M    M   7 12     41 360
26  61  21  41  13  24   0 0.00    M    M  7.2 24 330   M    M   1 1      28 340
27  56  21  39  11  26   0 0.00    M    M  6.1 15 130   M    M   1 12     20 130
28  73  34  54  26  11   0 0.00    M    M 12.0 32 330   M    M   0        40 320
================================================================================
SM 1198  384      1022   0  0.05     0.0 244.7          M       75
================================================================================
AV 42.8 13.7                               8.7 FASTST   M    M   3    MAX(MPH)
                                 MISC ---->  # 37 330               # 49  300
================================================================================
NOTES:
# LAST OF SEVERAL OCCURRENCES

COLUMN 17 PEAK WIND IN M.P.H.

PRELIMINARY LOCAL CLIMATOLOGICAL DATA (WS FORM: F-6) , PAGE 2

                                          STATION:  ST. JOSEPH MO
                                          MONTH:    JANUARY
                                          YEAR:     2015
                                          LATITUDE:   39 46 N
                                          LONGITUDE:  94 55 W

[TEMPERATURE DATA]      [PRECIPITATION DATA]       SYMBOLS USED IN COLUMN 16

AVERAGE MONTHLY: 28.2   TOTAL FOR MONTH:   0.05    1 = FOG OR MIST
DPTR FM NORMAL:   1.2   DPTR FM NORMAL:   -0.44    2 = FOG REDUCING VISIBILITY
HIGHEST:    73 ON 28    GRTST 24HR  0.05 ON 24-25      TO 1/4 MILE OR LESS
LOWEST:     -5 ON  7                               3 = THUNDER
                        SNOW, ICE PELLETS, HAIL    4 = ICE PELLETS
                        TOTAL MONTH:   0.0 INCH    5 = HAIL
                        GRTST 24HR     0.0         6 = FREEZING RAIN OR DRIZZLE
                        GRTST DEPTH:   0           7 = DUSTSTORM OR SANDSTORM:
                                                       VSBY 1/2 MILE OR LESS
                                                   8 = SMOKE OR HAZE
[NO. OF DAYS WITH]      [WEATHER - DAYS WITH]      9 = BLOWING SNOW
                                                   X = TORNADO
MAX 32 OR BELOW:   8    0.01 INCH OR MORE:   2
MAX 90 OR ABOVE:   0    0.10 INCH OR MORE:   0
MIN 32 OR BELOW:  26    0.50 INCH OR MORE:   0
MIN  0 OR BELOW:   5    1.00 INCH OR MORE:   0

[HDD (BASE 65) ]
TOTAL THIS MO.  1022    CLEAR  (SCALE 0-3)  21
DPTR FM NORMAL   -37    PTCLDY (SCALE 4-7)   5
TOTAL FM JUL 1  3234    CLOUDY (SCALE 8-10)  2
DPTR FM NORMAL   -38

[CDD (BASE 65) ]
TOTAL THIS MO.     0
DPTR FM NORMAL     0    [PRESSURE DATA]
TOTAL FM JAN 1     0    HIGHEST SLP  0.00 ON M
DPTR FM NORMAL     0    LOWEST  SLP  0.00 ON M

[REMARKS]




U.S. Dept. of Commerce
NOAA National Weather Service
1325 East West Highway
Silver Spring, MD 20910
E-mail: w-nws.webmaster@noaa.gov
Page last modified: May 16, 2007
NATIONAL WEATHER SERVICE: for Safety, for Work, for Fun - FOR LIFE