715
CXUS53 KGRB 010702
CF6STE
PRELIMINARY LOCAL CLIMATOLOGICAL DATA (WS FORM: F-6)

                                          STATION:   STEVENS POINT WI
                                          MONTH:     MARCH
                                          YEAR:      2014
                                          LATITUDE:   44 32 N
                                          LONGITUDE:  89 32 W

  TEMPERATURE IN F:       :PCPN:    SNOW:  WIND      :SUNSHINE: SKY     :PK WND
================================================================================
1   2   3   4   5  6A  6B    7    8   9   10  11  12  13   14  15   16   17  18
                                     12Z  AVG MX 2MIN
DY MAX MIN AVG DEP HDD CDD  WTR  SNW DPTH SPD SPD DIR MIN PSBL S-S WX    SPD DR
================================================================================

 1   9  -1   4   M  61   0 0.00  0.0    0  6.8 12 270   M    M   6         M  M
 2   0 -16  -8   M  73   0 0.00  0.0    0  6.8 10 260   M    M   1        18 270
 3  12 -29  -8   M  73   0 0.00  0.0    0  2.6  7 250   M    M   4         M  M
 4  16   3  10   M  55   0 0.01    M    0  2.2  8 210   M    M   8         M  M
 5  15  -4   6   M  59   0 0.00  0.0    0  6.9 13  90   M    M   1        16  90
 6  25 -12   7   M  58   0 0.00  0.0    0  5.6 12 140   M    M   0        16 170
 7  33  16  25   M  40   0 0.00  0.0    0  6.4 12 340   M    M   6 8      16 340
 8  28   7  18   M  47   0 0.00  0.0    0  6.3 16  20   M    M   3        21  20
 9  42   4  23   M  42   0 0.00  0.0    0  8.4 20 230   M    M   0        25 230
10  52  25  39   M  26   0 0.00  0.0    0  6.4 13 280   M    M   1 1      22 270
11  42  32  37   M  28   0 0.00  0.0    0  4.3 12  20   M    M   8         M  M
12  32   5  19   M  46   0 0.00  0.0    0  7.0 17  30   M    M   4        20 350
13  38   1  20   M  45   0 0.00  0.0    0  7.3 14 210   M    M   3        17 220
14  40  30  35   M  30   0 0.00  0.0    0 11.0 16 270   M    M   6        28 280
15  30  15  23   M  42   0 0.00  0.0    0  8.2 14  20   M    M   5        20  10
16  18   2  10   M  55   0 0.00  0.0    0  5.8 14  40   M    M   1        16  50
17  27  11  19   M  46   0 0.00  0.0    0  8.1 16 160   M    M   7        22 160
18  36  19  28   M  37   0 0.00  0.0    0  9.0 15  90   M    M   5 1      21  90
19  35  29  32   M  33   0 0.01    M    0  9.0 14 280   M    M  10        24 300
20  37  22  30   M  35   0 0.00  0.0    0  5.8 12 270   M    M   5        20 270
21  39  16  28   M  37   0 0.00  0.0    0  4.8 14 130   M    M   5        20 320
22  33  12  23   M  42   0 0.00  0.0    0 10.5 14 280   M    M   5        22 330
23  18   5  12   M  53   0 0.00  0.0    0  5.9 12 280   M    M   1        18 260
24  28   0  14   M  51   0 0.01    M    0  4.7 13 280   M    M   3        20 280
25  16   3  10   M  55   0 0.00  0.0    0  8.8 16 320   M    M   3        28 270
26  30  -4  13   M  52   0 0.06    M    0  7.4 15 150   M    M   5        23 150
27  34  28  31   M  34   0 0.20    M    0  7.0 13 190   M    M  10 1      16 190
28  37  24  31   M  34   0 0.00  0.0    0  7.2 17 330   M    M   4        24 330
29  39  26  33   M  32   0 0.00  0.0    0  4.4  8 110   M    M   4         M  M
30  55  25  40   M  25   0 0.00  0.0    0  8.1 18 170   M    M   0        25 170
31  56  37  47   M  18   0 0.00  0.0    0  9.5 15 120   M    M   4        21 120
================================================================================
SM  952  331      1364   0  0.29     0.0 212.2          M      128
================================================================================
AV 30.7 10.7                               6.8 FASTST   M    M   4    MAX(MPH)
                                 MISC ---->    20   M                 28    M
================================================================================
NOTES:
# LAST OF SEVERAL OCCURRENCES

COLUMN 17 PEAK WIND IN M.P.H.

PRELIMINARY LOCAL CLIMATOLOGICAL DATA (WS FORM: F-6) , PAGE 2

                                          STATION:  STEVENS POINT WI
                                          MONTH:    MARCH
                                          YEAR:     2014
                                          LATITUDE:   44 32 N
                                          LONGITUDE:  89 32 W

[TEMPERATURE DATA]      [PRECIPITATION DATA]       SYMBOLS USED IN COLUMN 16

AVERAGE MONTHLY: 20.7   TOTAL FOR MONTH:   0.29    1 = FOG OR MIST
DPTR FM NORMAL:  -8.9   DPTR FM NORMAL:       M    2 = FOG REDUCING VISIBILITY
HIGHEST:    56 ON 31    GRTST 24HR  0.20 ON 27-27      TO 1/4 MILE OR LESS
LOWEST:    -29 ON  3                               3 = THUNDER
                        SNOW, ICE PELLETS, HAIL    4 = ICE PELLETS
                        TOTAL MONTH:   0.0 INCH    5 = HAIL
                        GRTST 24HR     0.0         6 = FREEZING RAIN OR DRIZZLE
                        GRTST DEPTH:   0           7 = DUSTSTORM OR SANDSTORM:
                                                       VSBY 1/2 MILE OR LESS
                                                   8 = SMOKE OR HAZE
[NO. OF DAYS WITH]      [WEATHER - DAYS WITH]      9 = BLOWING SNOW
                                                   X = TORNADO
MAX 32 OR BELOW:  15    0.01 INCH OR MORE:   5
MAX 90 OR ABOVE:   0    0.10 INCH OR MORE:   1
MIN 32 OR BELOW:  30    0.50 INCH OR MORE:   0
MIN  0 OR BELOW:   7    1.00 INCH OR MORE:   0

[HDD (BASE 65) ]
TOTAL THIS MO.  1364    CLEAR  (SCALE 0-3)  11
DPTR FM NORMAL   266    PTCLDY (SCALE 4-7)  18
TOTAL FM JUL 1  8630    CLOUDY (SCALE 8-10)  2
DPTR FM NORMAL  1282

[CDD (BASE 65) ]
TOTAL THIS MO.     0
DPTR FM NORMAL     0    [PRESSURE DATA]
TOTAL FM JAN 1     0    HIGHEST SLP M ON M
DPTR FM NORMAL     0    LOWEST  SLP M ON M

[REMARKS]
#FINAL-03-14#




U.S. Dept. of Commerce
NOAA National Weather Service
1325 East West Highway
Silver Spring, MD 20910
E-mail: w-nws.webmaster@noaa.gov
Page last modified: May 16, 2007
NATIONAL WEATHER SERVICE: for Safety, for Work, for Fun - FOR LIFE