751
CXUS53 KGRB 280736
CF6STE
PRELIMINARY LOCAL CLIMATOLOGICAL DATA (WS FORM: F-6)

                                          STATION:   STEVENS POINT WI
                                          MONTH:     NOVEMBER
                                          YEAR:      2014
                                          LATITUDE:   44 32 N
                                          LONGITUDE:  89 32 W

  TEMPERATURE IN F:       :PCPN:    SNOW:  WIND      :SUNSHINE: SKY     :PK WND
================================================================================
1   2   3   4   5  6A  6B    7    8   9   10  11  12  13   14  15   16   17  18
                                     12Z  AVG MX 2MIN
DY MAX MIN AVG DEP HDD CDD  WTR  SNW DPTH SPD SPD DIR MIN PSBL S-S WX    SPD DR
================================================================================

 1  40  14  27   M  38   0 0.00  0.0    0  1.6  5 160   M    M   0         M  M
 2  50  25  38   M  27   0 0.00  0.0    0  7.8 14 160   M    M   3        24 190
 3  49  33  41   M  24   0 0.01    M    0  5.4 13 210   M    M   5         M  M
 4  51  39  45   M  20   0 0.00  0.0    0 10.1 15 280   M    M   9 1      27 280
 5  39  32  36   M  29   0 0.00  0.0    0  6.7 12 270   M    M   7        17 260
 6  37  32  35   M  30   0 0.01    M    0  8.5 14 320   M    M  10        21 320
 7  38  29  34   M  31   0 0.00  0.0    0  6.8 12 190   M    M   9        18 170
 8  37  32  35   M  30   0 0.00  0.0    0  9.9 18 310   M    M   8        24 310
 9  36  26  31   M  34   0 0.03    M    0  4.7  9 220   M    M   7         M  M
10  33  26  30   M  35   0 0.05    M    0 10.9 18  80   M    M  10 1      27  70
11  31  17  24   M  41   0 0.04    M    0 10.9 18 330   M    M   9        27 350
12  21  16  19   M  46   0 0.00  0.0    0  7.5 13 260   M    M   8        18 260
13  22  15  19   M  46   0 0.00  0.0    0  6.3 12 270   M    M   8        18 270
14  22  12  17   M  48   0 0.00  0.0    0  4.8  8 270   M    M   7        16 280
15  19   2  11   M  54   0 0.00  0.0    0  3.3  7 220   M    M   6         M  M
16  22   8  15   M  50   0 0.00  0.0    0  8.2 15 240   M    M   8 1      20 240
17  10   5   8   M  57   0 0.00  0.0    0  8.9 14 270   M    M   7 8      24 280
18  12   7  10   M  55   0 0.00  0.0    0  9.4 15 260   M    M   9        25 280
19  19  12  16   M  49   0 0.00  0.0    0  9.2 16 280   M    M   8        29 280
20  16  -1   8   M  57   0 0.00  0.0    0  8.1 14 300   M    M   4        22 280
21  28  -9  10   M  55   0 0.00  0.0    0  6.3 13 190   M    M   3         M  M
22  38  28  33   M  32   0 0.00  0.0    0  6.2 12 210   M    M  10 12     17 210
23  46  37  42   M  23   0 0.02    M    0  6.0 13 170   M    M  10 12     18 180
24  41  21  31   M  34   0 0.05    M    0  7.3 14 320   M    M  10        21 320
25  21   2  12   M  53   0 0.02    M    0  4.7  9 290   M    M   7 1      16 280
26  22   9  16   M  49   0 0.00  0.0    0  1.6  7 330   M    M   9 1       M  M
27  19  -7   6   M  59   0 0.00  0.0    0  5.4 10 330   M    M   5         M  M
================================================================================
SM  819  462      1106   0  0.23     0.0 186.5          M      196
================================================================================
AV 30.3 17.1                               6.9 FASTST   M    M   7    MAX(MPH)
                                 MISC ---->    18   M                 29    M
================================================================================
NOTES:
# LAST OF SEVERAL OCCURRENCES

COLUMN 17 PEAK WIND IN M.P.H.

PRELIMINARY LOCAL CLIMATOLOGICAL DATA (WS FORM: F-6) , PAGE 2

                                          STATION:  STEVENS POINT WI
                                          MONTH:    NOVEMBER
                                          YEAR:     2014
                                          LATITUDE:   44 32 N
                                          LONGITUDE:  89 32 W

[TEMPERATURE DATA]      [PRECIPITATION DATA]       SYMBOLS USED IN COLUMN 16

AVERAGE MONTHLY: 23.7   TOTAL FOR MONTH:   0.23    1 = FOG OR MIST
DPTR FM NORMAL:     M   DPTR FM NORMAL:       M    2 = FOG REDUCING VISIBILITY
HIGHEST:    51 ON  4    GRTST 24HR  0.05 ON 24-24      TO 1/4 MILE OR LESS
LOWEST:     -9 ON 21                               3 = THUNDER
                        SNOW, ICE PELLETS, HAIL    4 = ICE PELLETS
                        TOTAL MONTH:   0.0 INCH    5 = HAIL
                        GRTST 24HR     0.0         6 = FREEZING RAIN OR DRIZZLE
                        GRTST DEPTH:   0           7 = DUSTSTORM OR SANDSTORM:
                                                       VSBY 1/2 MILE OR LESS
                                                   8 = SMOKE OR HAZE
[NO. OF DAYS WITH]      [WEATHER - DAYS WITH]      9 = BLOWING SNOW
                                                   X = TORNADO
MAX 32 OR BELOW:  14    0.01 INCH OR MORE:   8
MAX 90 OR ABOVE:   0    0.10 INCH OR MORE:   0
MIN 32 OR BELOW:  24    0.50 INCH OR MORE:   0
MIN  0 OR BELOW:   3    1.00 INCH OR MORE:   0

[HDD (BASE 65) ]
TOTAL THIS MO.  1106    CLEAR  (SCALE 0-3)   3
DPTR FM NORMAL     M    PTCLDY (SCALE 4-7)  11
TOTAL FM JUL 1  2155    CLOUDY (SCALE 8-10) 13
DPTR FM NORMAL     M

[CDD (BASE 65) ]
TOTAL THIS MO.     0
DPTR FM NORMAL     M    [PRESSURE DATA]
TOTAL FM JAN 1   209    HIGHEST SLP M ON M
DPTR FM NORMAL   209    LOWEST  SLP M ON M

[REMARKS]




U.S. Dept. of Commerce
NOAA National Weather Service
1325 East West Highway
Silver Spring, MD 20910
E-mail: w-nws.webmaster@noaa.gov
Page last modified: May 16, 2007
NATIONAL WEATHER SERVICE: for Safety, for Work, for Fun - FOR LIFE