496
CXUS53 KMPX 221000
CF6STC
PRELIMINARY LOCAL CLIMATOLOGICAL DATA (WS FORM: F-6)

                                          STATION:   ST CLOUD MN
                                          MONTH:     AUGUST
                                          YEAR:      2014
                                          LATITUDE:   45 32 N
                                          LONGITUDE:  94  4 W

  TEMPERATURE IN F:       :PCPN:    SNOW:  WIND      :SUNSHINE: SKY     :PK WND
================================================================================
1   2   3   4   5  6A  6B    7    8   9   10  11  12  13   14  15   16   17  18
                                     12Z  AVG MX 2MIN
DY MAX MIN AVG DEP HDD CDD  WTR  SNW DPTH SPD SPD DIR MIN PSBL S-S WX    SPD DR
================================================================================

 1  89  58  74   4   0   9 0.00  0.0    0  1.3 15 260   M    M   1 1238   20 270
 2  88  56  72   2   0   7 0.04  0.0    0  1.3 17 270   M    M   3 1238   22 280
 3  87  57  72   2   0   7 0.13  0.0    0  1.7 13  30   M    M   3 123    20  20
 4  81  60  71   1   0   6 0.00  0.0    0  4.8 12 360   M    M   3        17 330
 5  82  55  69  -1   0   4 0.00  0.0    0  2.4 10  90   M    M   0 18     15  70
 6  85  55  70   1   0   5 0.00  0.0    0  2.6 12 150   M    M   1 1      14 130
 7  85  59  72   3   0   7 0.00  0.0    0  5.2 14 160   M    M   2        18 140
 8  85  61  73   4   0   8 0.00  0.0    0  4.1 14 190   M    M   3        18 190
 9  84  63  74   5   0   9    T  0.0    0  5.1 16 150   M    M   7        21 140
10  79  66  73   4   0   8 1.00  0.0    0  4.1 12 360   M    M   9 18     17 350
11  78  60  69   0   0   4 0.01  0.0    0 10.0 20 340   M    M   4 1      26 360
12  81  64  73   4   0   8 0.00  0.0    0  6.6 17 340   M    M   0        23 310
13  84  59  72   4   0   7 0.00  0.0    0  4.0 10  60   M    M   1        14  70
14  81  58  70   2   0   5 0.00  0.0    0  6.3 14 130   M    M   2        18 140
15  86  63  75   7   0  10 0.00  0.0    0  6.5 14 210   M    M   2        22 160
16  85  64  75   7   0  10    T  0.0    0  4.9 12  80   M    M   4 12     18  50
17  73  64  69   1   0   4 0.08  0.0    0  6.9 14  90   M    M  10 1      17 110
18  85  64  75   7   0  10    T  0.0    0  4.6 18 320   M    M   6 123    25 270
19  83  61  72   4   0   7    T  0.0    0  4.8 16 310   M    M   4 1      19 310
20  82  62  72   5   0   7 0.00  0.0    0  6.2 14 140   M    M   4 128    17 150
21  79  67  73   6   0   8 1.47  0.0    0  5.7 15 120   M    M   8 13     21 120
================================================================================
SM 1742 1276         0 150  2.73     0.0  99.1          M       77
================================================================================
AV 83.0 60.8                               4.7 FASTST   M    M   4    MAX(MPH)
                                 MISC ---->  # 20 340               # 26  360
================================================================================
NOTES:
# LAST OF SEVERAL OCCURRENCES

COLUMN 17 PEAK WIND IN M.P.H.

PRELIMINARY LOCAL CLIMATOLOGICAL DATA (WS FORM: F-6) , PAGE 2

                                          STATION:  ST CLOUD MN
                                          MONTH:    AUGUST
                                          YEAR:     2014
                                          LATITUDE:   45 32 N
                                          LONGITUDE:  94  4 W

[TEMPERATURE DATA]      [PRECIPITATION DATA]       SYMBOLS USED IN COLUMN 16

AVERAGE MONTHLY: 71.9   TOTAL FOR MONTH:   2.73    1 = FOG OR MIST
DPTR FM NORMAL:   3.1   DPTR FM NORMAL:    0.26    2 = FOG REDUCING VISIBILITY
HIGHEST:    89 ON  1    GRTST 24HR  1.47 ON 21-21      TO 1/4 MILE OR LESS
LOWEST:     55 ON  6, 5                            3 = THUNDER
                        SNOW, ICE PELLETS, HAIL    4 = ICE PELLETS
                        TOTAL MONTH:   0.0 INCH    5 = HAIL
                        GRTST 24HR     0.0         6 = FREEZING RAIN OR DRIZZLE
                        GRTST DEPTH:   0           7 = DUSTSTORM OR SANDSTORM:
                                                       VSBY 1/2 MILE OR LESS
                                                   8 = SMOKE OR HAZE
[NO. OF DAYS WITH]      [WEATHER - DAYS WITH]      9 = BLOWING SNOW
                                                   X = TORNADO
MAX 32 OR BELOW:   0    0.01 INCH OR MORE:   6
MAX 90 OR ABOVE:   0    0.10 INCH OR MORE:   3
MIN 32 OR BELOW:   0    0.50 INCH OR MORE:   2
MIN  0 OR BELOW:   0    1.00 INCH OR MORE:   2

[HDD (BASE 65) ]
TOTAL THIS MO.     0    CLEAR  (SCALE 0-3)  10
DPTR FM NORMAL   -21    PTCLDY (SCALE 4-7)   9
TOTAL FM JUL 1     7    CLOUDY (SCALE 8-10)  2
DPTR FM NORMAL   -31

[CDD (BASE 65) ]
TOTAL THIS MO.   150
DPTR FM NORMAL    53    [PRESSURE DATA]
TOTAL FM JAN 1   502    HIGHEST SLP M ON M
DPTR FM NORMAL   103    LOWEST  SLP 29.64 ON 18

[REMARKS]




U.S. Dept. of Commerce
NOAA National Weather Service
1325 East West Highway
Silver Spring, MD 20910
E-mail: w-nws.webmaster@noaa.gov
Page last modified: May 16, 2007
NATIONAL WEATHER SERVICE: for Safety, for Work, for Fun - FOR LIFE