473
CXUS53 KMPX 301000
CF6STC
PRELIMINARY LOCAL CLIMATOLOGICAL DATA (WS FORM: F-6)

                                          STATION:   ST CLOUD MN
                                          MONTH:     SEPTEMBER
                                          YEAR:      2014
                                          LATITUDE:   45 32 N
                                          LONGITUDE:  94  4 W

  TEMPERATURE IN F:       :PCPN:    SNOW:  WIND      :SUNSHINE: SKY     :PK WND
================================================================================
1   2   3   4   5  6A  6B    7    8   9   10  11  12  13   14  15   16   17  18
                                     12Z  AVG MX 2MIN
DY MAX MIN AVG DEP HDD CDD  WTR  SNW DPTH SPD SPD DIR MIN PSBL S-S WX    SPD DR
================================================================================

 1  78  60  69   5   0   4 0.29  0.0    0  8.8 20 280   M    M   4 13     24 280
 2  80  56  68   4   0   3 0.00  0.0    0  5.9 18 250   M    M   0 1      24 250
 3  70  58  64   0   1   0 2.94  0.0    0  9.2 38 140   M    M   6 123    43 150
 4  81  62  72   9   0   7    T  0.0    0 10.0 20 290   M    M   6 3      25  30
 5  69  52  61  -2   4   0 0.00  0.0    0  9.4 20 300   M    M   1        26 350
 6  78  50  64   1   1   0 0.00  0.0    0  6.0 12 290   M    M   0         M  M
 7  79  56  68   6   0   3 0.00  0.0    0  9.7 17 180   M    M   1        23 170
 8  77  59  68   6   0   3 0.00  0.0    0 12.2 21 180   M    M   3        25 150
 9  71  59  65   4   0   0 0.12  0.0    0 10.4 13  20   M    M   4 1      20  20
10  59  44  52  -9  13   0 0.38  0.0    0 11.4 22 360   M    M   9 1      29 360
11  58  42  50 -11  15   0    T  0.0    0  3.9 14 360   M    M   8        18 350
12  54  38  46 -14  19   0    T  0.0    0  4.9 20 300   M    M   4        23 320
13  61  33  47 -13  18   0 0.00  0.0    0  8.1 22 190   M    M   4 1      31 180
14  63  46  55  -4  10   0 0.00  0.0    0  8.8 17 260   M    M   2        21 270
15  64  42  53  -6  12   0 0.00  0.0    0  5.1 15 290   M    M   4        20 330
16  70  38  54  -4  11   0 0.00  0.0    0  5.1 15 200   M    M   2        18 230
17  77  47  62   4   3   0 0.00  0.0    0  2.7 16  80   M    M   3 1      22  80
18  75  47  61   3   4   0 0.00  0.0    0  8.0 16 150   M    M   5 1      20 150
19  70  57  64   7   1   0    T  0.0    0  8.9 26 160   M    M   7 128    30 150
20  78  55  67  10   0   2 0.18  0.0    0 12.5 37 280   M    M   1 138    53 280
21  69  49  59   3   6   0 0.00  0.0    0  9.2 18 320   M    M   3        27 320
22  75  43  59   3   6   0 0.00  0.0    0  4.1 13 200   M    M   0 1      17 220
23  76  47  62   7   3   0    T  0.0    0  8.7 20 160   M    M   3 18     26 170
24  71  59  65  10   0   0 0.03  0.0    0 10.3 20 170   M    M   8        26 180
25  81  55  68  14   0   3 0.00  0.0    0  5.7 15 160   M    M   4 12     18 160
26  83  56  70  16   0   5 0.00  0.0    0  8.0 20 140   M    M   0 1      24 150
27  85  61  73  19   0   8 0.00  0.0    0  8.5 20 170   M    M   2        25 170
28  85  54  70  17   0   5 0.00  0.0    0  5.8 17 200   M    M   1 18     31 170
29  63  44  54   1  11   0 0.11  0.0    0  8.3 15  50   M    M   8 1      20  80
================================================================================
SM 2100 1469       138  43  4.05     0.0 229.6          M      103
================================================================================
AV 72.4 50.7                               7.9 FASTST   M    M   4    MAX(MPH)
                                 MISC ---->  # 38 140               # 53  280
================================================================================
NOTES:
# LAST OF SEVERAL OCCURRENCES

COLUMN 17 PEAK WIND IN M.P.H.

PRELIMINARY LOCAL CLIMATOLOGICAL DATA (WS FORM: F-6) , PAGE 2

                                          STATION:  ST CLOUD MN
                                          MONTH:    SEPTEMBER
                                          YEAR:     2014
                                          LATITUDE:   45 32 N
                                          LONGITUDE:  94  4 W

[TEMPERATURE DATA]      [PRECIPITATION DATA]       SYMBOLS USED IN COLUMN 16

AVERAGE MONTHLY: 61.5   TOTAL FOR MONTH:   4.05    1 = FOG OR MIST
DPTR FM NORMAL:   2.8   DPTR FM NORMAL:    0.68    2 = FOG REDUCING VISIBILITY
HIGHEST:    85 ON 28,27 GRTST 24HR  2.94 ON  3- 3      TO 1/4 MILE OR LESS
LOWEST:     33 ON 13                               3 = THUNDER
                        SNOW, ICE PELLETS, HAIL    4 = ICE PELLETS
                        TOTAL MONTH:   0.0 INCH    5 = HAIL
                        GRTST 24HR     0.0         6 = FREEZING RAIN OR DRIZZLE
                        GRTST DEPTH:   0           7 = DUSTSTORM OR SANDSTORM:
                                                       VSBY 1/2 MILE OR LESS
                                                   8 = SMOKE OR HAZE
[NO. OF DAYS WITH]      [WEATHER - DAYS WITH]      9 = BLOWING SNOW
                                                   X = TORNADO
MAX 32 OR BELOW:   0    0.01 INCH OR MORE:   7
MAX 90 OR ABOVE:   0    0.10 INCH OR MORE:   6
MIN 32 OR BELOW:   0    0.50 INCH OR MORE:   1
MIN  0 OR BELOW:   0    1.00 INCH OR MORE:   1

[HDD (BASE 65) ]
TOTAL THIS MO.   138    CLEAR  (SCALE 0-3)  15
DPTR FM NORMAL   -79    PTCLDY (SCALE 4-7)  13
TOTAL FM JUL 1   147    CLOUDY (SCALE 8-10)  1
DPTR FM NORMAL  -128

[CDD (BASE 65) ]
TOTAL THIS MO.    43
DPTR FM NORMAL    12    [PRESSURE DATA]
TOTAL FM JAN 1   597    HIGHEST SLP M ON M
DPTR FM NORMAL   137    LOWEST  SLP 29.59 ON  4

[REMARKS]




U.S. Dept. of Commerce
NOAA National Weather Service
1325 East West Highway
Silver Spring, MD 20910
E-mail: w-nws.webmaster@noaa.gov
Page last modified: May 16, 2007
NATIONAL WEATHER SERVICE: for Safety, for Work, for Fun - FOR LIFE