133
CXUS53 KMPX 311000
CF6STC
PRELIMINARY LOCAL CLIMATOLOGICAL DATA (WS FORM: F-6)

                                          STATION:   ST CLOUD MN
                                          MONTH:     JULY
                                          YEAR:      2014
                                          LATITUDE:   45 32 N
                                          LONGITUDE:  94  4 W

  TEMPERATURE IN F:       :PCPN:    SNOW:  WIND      :SUNSHINE: SKY     :PK WND
================================================================================
1   2   3   4   5  6A  6B    7    8   9   10  11  12  13   14  15   16   17  18
                                     12Z  AVG MX 2MIN
DY MAX MIN AVG DEP HDD CDD  WTR  SNW DPTH SPD SPD DIR MIN PSBL S-S WX    SPD DR
================================================================================

 1  74  57  66  -4   0   1 0.01  0.0    0 13.5 23 310   M    M   8 8      30 290
 2  76  56  66  -4   0   1 0.00  0.0    0  7.3 20 320   M    M   4        26 320
 3  80  54  67  -3   0   2 0.00  0.0    0  2.4 10 310   M    M   4        14 290
 4  80  51  66  -4   0   1 0.04  0.0    0  8.2 20 180   M    M   4 1      24 180
 5  88  68  78   8   0  13 0.00  0.0    0 12.2 22 200   M    M   1        29 220
 6  89  66  78   8   0  13 0.18  0.0    0 10.4 23 310   M    M   3 13     29 310
 7  86  62  74   4   0   9 0.14  0.0    0  6.4 21 320   M    M   5 3      28 320
 8  77  59  68  -2   0   3 0.00  0.0    0 11.6 25 300   M    M   2        35 300
 9  81  55  68  -2   0   3 0.00  0.0    0  1.9  9 340   M    M   4        14 300
10  86  51  69  -1   0   4 0.00  0.0    0  6.5 17 180   M    M   2 12     24 190
11  83  67  75   4   0  10 0.42  0.0    0  9.8 25 180   M    M   7 123    35 190
12  78  64  71   0   0   6 0.02  0.0    0  3.5 10 300   M    M   5 12     14 290
13  78  56  67  -4   0   2 0.00  0.0    0  9.1 22 300   M    M   2        30 290
14  65  55  60 -11   5   0 0.02  0.0    0 12.7 28 320   M    M   8        38 330
15  74  51  63  -8   2   0 0.00  0.0    0  6.9 16 340   M    M   4        22 340
16  78  51  65  -6   0   0 0.00  0.0    0  2.1  9  10   M    M   2        13 360
17  82  49  66  -5   0   1 0.00  0.0    0  4.2 12 200   M    M   2 1      18 190
18  82  57  70  -1   0   5 0.00  0.0    0  9.8 21 200   M    M   4        28 190
19  79  68  74   3   0   9 0.00  0.0    0  9.1 18 200   M    M   6        22 190
20  90  65  78   7   0  13 0.00  0.0    0 10.1 22 190   M    M   5 1      29 190
21  94  72  83  12   0  18 0.00  0.0    0  9.2 24 320   M    M   3 3      35 310
22  85  62  74   4   0   9 0.00  0.0    0 10.1 21 320   M    M   2        26 320
23  82  56  69  -1   0   4 0.00  0.0    0  5.1 14 310   M    M   0        20 230
24  83  51  67  -3   0   2 0.00  0.0    0  5.3 25 170   M    M   1 1      31 160
25  85  65  75   5   0  10 0.42  0.0    0  6.4 23 200   M    M   8 13     30 140
26  88  61  75   5   0  10 0.00  0.0    0  8.5 23 270   M    M   2 12     30 280
27  79  63  71   1   0   6    T  0.0    0 11.3 25 310   M    M   6        31 320
28  79  60  70   0   0   5 0.00  0.0    0  6.6 14 350   M    M   7        20 290
29  82  56  69  -1   0   4 0.00  0.0    0  6.1 18 290   M    M   1        22 310
30  84  57  71   1   0   6 0.00  0.0    0  5.6 16 300   M    M   0 8      21 290
================================================================================
SM 2447 1765         7 170  1.25     0.0 231.9          M      112
================================================================================
AV 81.6 58.8                               7.7 FASTST   M    M   4    MAX(MPH)
                                 MISC ---->  # 28 320               # 38  330
================================================================================
NOTES:
# LAST OF SEVERAL OCCURRENCES

COLUMN 17 PEAK WIND IN M.P.H.

PRELIMINARY LOCAL CLIMATOLOGICAL DATA (WS FORM: F-6) , PAGE 2

                                          STATION:  ST CLOUD MN
                                          MONTH:    JULY
                                          YEAR:     2014
                                          LATITUDE:   45 32 N
                                          LONGITUDE:  94  4 W

[TEMPERATURE DATA]      [PRECIPITATION DATA]       SYMBOLS USED IN COLUMN 16

AVERAGE MONTHLY: 70.2   TOTAL FOR MONTH:   1.25    1 = FOG OR MIST
DPTR FM NORMAL:  -0.2   DPTR FM NORMAL:   -1.95    2 = FOG REDUCING VISIBILITY
HIGHEST:    94 ON 21    GRTST 24HR  0.42 ON 10-11      TO 1/4 MILE OR LESS
LOWEST:     49 ON 17                               3 = THUNDER
                        SNOW, ICE PELLETS, HAIL    4 = ICE PELLETS
                        TOTAL MONTH:   0.0 INCH    5 = HAIL
                        GRTST 24HR     0.0         6 = FREEZING RAIN OR DRIZZLE
                        GRTST DEPTH:   0           7 = DUSTSTORM OR SANDSTORM:
                                                       VSBY 1/2 MILE OR LESS
                                                   8 = SMOKE OR HAZE
[NO. OF DAYS WITH]      [WEATHER - DAYS WITH]      9 = BLOWING SNOW
                                                   X = TORNADO
MAX 32 OR BELOW:   0    0.01 INCH OR MORE:   8
MAX 90 OR ABOVE:   2    0.10 INCH OR MORE:   4
MIN 32 OR BELOW:   0    0.50 INCH OR MORE:   0
MIN  0 OR BELOW:   0    1.00 INCH OR MORE:   0

[HDD (BASE 65) ]
TOTAL THIS MO.     7    CLEAR  (SCALE 0-3)  13
DPTR FM NORMAL    -9    PTCLDY (SCALE 4-7)  17
TOTAL FM JUL 1     7    CLOUDY (SCALE 8-10)  0
DPTR FM NORMAL    -9

[CDD (BASE 65) ]
TOTAL THIS MO.   170
DPTR FM NORMAL    -9    [PRESSURE DATA]
TOTAL FM JAN 1   347    HIGHEST SLP M ON M
DPTR FM NORMAL    48    LOWEST  SLP 29.51 ON  1

[REMARKS]




U.S. Dept. of Commerce
NOAA National Weather Service
1325 East West Highway
Silver Spring, MD 20910
E-mail: w-nws.webmaster@noaa.gov
Page last modified: May 16, 2007
NATIONAL WEATHER SERVICE: for Safety, for Work, for Fun - FOR LIFE