756
CXUS52 KJAX 010800
CF6SSI
PRELIMINARY LOCAL CLIMATOLOGICAL DATA (WS FORM: F-6)

                                          STATION:   ST SIMONS ISLAND GA
                                          MONTH:     NOVEMBER
                                          YEAR:      2014
                                          LATITUDE:   31  9 N
                                          LONGITUDE:  81 23 W

  TEMPERATURE IN F:       :PCPN:    SNOW:  WIND      :SUNSHINE: SKY     :PK WND
================================================================================
1   2   3   4   5  6A  6B    7    8   9   10  11  12  13   14  15   16   17  18
                                     12Z  AVG MX 2MIN
DY MAX MIN AVG DEP HDD CDD  WTR  SNW DPTH SPD SPD DIR MIN PSBL S-S WX    SPD DR
================================================================================

 1  58  43  51 -15  14   0 0.00  0.0    0 13.1 25 280   M    M   4        40 280
 2  61  38  50 -15  15   0 0.00  0.0    0  6.0 15 330   M    M   0        22 320
 3  64  40  52 -13  13   0 0.00  0.0    0  6.3 16  50   M    M   0        21  40
 4  70  47  59  -6   6   0 0.00  0.0    0  6.9 14  40   M    M   0        17  80
 5  77  58  68   3   0   3    T  0.0    0  3.4  8  60   M    M   5 12     11 110
 6  80  61  71   7   0   6 0.00  0.0    0  5.2 14 250   M    M   2 1      18 250
 7  68  48  58  -6   7   0 0.00  0.0    0  6.5 15  40   M    M   0        22 340
 8  69  47  58  -6   7   0    T  0.0    0  6.4 15  10   M    M   2        19 330
 9  67  54  61  -3   4   0    T  0.0    0  6.5 15 350   M    M   5        20 350
10  69  52  61  -2   4   0 0.00  0.0    0  8.5 17  30   M    M   3 8      23  40
11  80  54  67   4   0   2 0.00  0.0    0  8.8 15 350   M    M   1        25 330
12  76  53  65   2   0   0 0.00  0.0    0  4.7  8 180   M    M   0        16 280
13  73  56  65   3   0   0 0.00  0.0    0  4.6 13 320   M    M   1        18 300
14  59  42  51 -11  14   0 0.00  0.0    0  8.6 14 320   M    M   3        21 320
15  56  40  48 -14  17   0 0.00  0.0    0 12.2 23  20   M    M   6        31 360
16  64  46  55  -7  10   0 0.00  0.0    0  6.9 14  80   M    M   5 1      17  80
17  76  49  63   2   2   0 0.60  0.0    0 10.1 21 230   M    M   7 138    27 280
18  50  34  42 -19  23   0 0.00  0.0    0 10.3 17 300   M    M   1        27 310
19  50  30  40 -21  25   0 0.00  0.0    0  4.8 14 360   M    M   0        17 350
20  62  30  46 -15  19   0 0.00  0.0    0  3.2 10 250   M    M   0        14 310
21  64  39  52  -8  13   0 0.00  0.0    0  7.2 14  60   M    M   0        17  50
22  65  58  62   2   3   0 0.01  0.0    0 11.8 20  40   M    M   7 1      26  20
23  70  61  66   6   0   1 1.48  0.0    0  7.6 16 170   M    M   9 12     26 160
24  80  62  71  11   0   6 0.13  0.0    0  5.8 15 330   M    M   7 123    21 330
25  66  60  63   4   2   0 1.14  0.0    0  6.3 18  10   M    M   9 1      23  30
26  62  48  55  -4  10   0 0.14  0.0    0  8.6 18 300   M    M   5 1      27 300
27  58  42  50  -9  15   0 0.00  0.0    0  9.0 21 290   M    M   0        29 300
28  51  36  44 -14  21   0 0.00  0.0    0  6.8 15  50   M    M   0        20  50
29  60  35  48 -10  17   0 0.00  0.0    0  2.4  9 360   M    M   0 1      17  80
30  69  44  57  -1   8   0 0.00  0.0    0  2.4  9 110   M    M   3 12     19 140
================================================================================
SM 1974 1407       269  18  3.50     0.0 210.9          M       85
================================================================================
AV 65.8 46.9                               7.0 FASTST   M    M   3    MAX(MPH)
                                 MISC ---->  # 25 280               # 40  280
================================================================================
NOTES:
# LAST OF SEVERAL OCCURRENCES

COLUMN 17 PEAK WIND IN M.P.H.

PRELIMINARY LOCAL CLIMATOLOGICAL DATA (WS FORM: F-6) , PAGE 2

                                          STATION:  ST SIMONS ISLAND GA
                                          MONTH:    NOVEMBER
                                          YEAR:     2014
                                          LATITUDE:   31  9 N
                                          LONGITUDE:  81 23 W

[TEMPERATURE DATA]      [PRECIPITATION DATA]       SYMBOLS USED IN COLUMN 16

AVERAGE MONTHLY: 56.4   TOTAL FOR MONTH:   3.50    1 = FOG OR MIST
DPTR FM NORMAL:  -5.4   DPTR FM NORMAL:    1.47    2 = FOG REDUCING VISIBILITY
HIGHEST:    80 ON 24,11 GRTST 24HR  1.49 ON 22-23      TO 1/4 MILE OR LESS
LOWEST:     30 ON 20,19                            3 = THUNDER
                        SNOW, ICE PELLETS, HAIL    4 = ICE PELLETS
                        TOTAL MONTH:   0.0 INCH    5 = HAIL
                        GRTST 24HR     0.0         6 = FREEZING RAIN OR DRIZZLE
                        GRTST DEPTH:   0           7 = DUSTSTORM OR SANDSTORM:
                                                       VSBY 1/2 MILE OR LESS
                                                   8 = SMOKE OR HAZE
[NO. OF DAYS WITH]      [WEATHER - DAYS WITH]      9 = BLOWING SNOW
                                                   X = TORNADO
MAX 32 OR BELOW:   0    0.01 INCH OR MORE:   6
MAX 90 OR ABOVE:   0    0.10 INCH OR MORE:   5
MIN 32 OR BELOW:   2    0.50 INCH OR MORE:   3
MIN  0 OR BELOW:   0    1.00 INCH OR MORE:   2

[HDD (BASE 65) ]
TOTAL THIS MO.   269    CLEAR  (SCALE 0-3)  18
DPTR FM NORMAL   119    PTCLDY (SCALE 4-7)  10
TOTAL FM JUL 1   286    CLOUDY (SCALE 8-10)  2
DPTR FM NORMAL   106

[CDD (BASE 65) ]
TOTAL THIS MO.    18
DPTR FM NORMAL   -36    [PRESSURE DATA]
TOTAL FM JAN 1  2586    HIGHEST SLP 30.47 ON 19
DPTR FM NORMAL   -29    LOWEST  SLP 29.78 ON 17

[REMARKS]
#FINAL-11-14#




U.S. Dept. of Commerce
NOAA National Weather Service
1325 East West Highway
Silver Spring, MD 20910
E-mail: w-nws.webmaster@noaa.gov
Page last modified: May 16, 2007
NATIONAL WEATHER SERVICE: for Safety, for Work, for Fun - FOR LIFE