313
CXUS52 KJAX 240800
CF6SSI
PRELIMINARY LOCAL CLIMATOLOGICAL DATA (WS FORM: F-6)

                                          STATION:   ST SIMONS ISLAND
                                          MONTH:     APRIL
                                          YEAR:      2014
                                          LATITUDE:   31  9 N
                                          LONGITUDE:  81 23 W

  TEMPERATURE IN F:       :PCPN:    SNOW:  WIND      :SUNSHINE: SKY     :PK WND
================================================================================
1   2   3   4   5  6A  6B    7    8   9   10  11  12  13   14  15   16   17  18
                                     12Z  AVG MX 2MIN
DY MAX MIN AVG DEP HDD CDD  WTR  SNW DPTH SPD SPD DIR MIN PSBL S-S WX    SPD DR
================================================================================

 1  78  51  65   2   0   0 0.00  0.0    0  7.1 13 150   M    M   0        19 150
 2  77  53  65   1   0   0 0.00  0.0    0  6.8 14 160   M    M   0        20 150
 3  76  59  68   4   0   3 0.00  0.0    0  8.4 16 140   M    M   0        24 180
 4  83  62  73   9   0   8 0.00  0.0    0  9.3 17 240   M    M   0        23 250
 5  79  63  71   7   0   6 0.05  0.0    0  6.0 14 220   M    M   3 13     19 160
 6  70  63  67   3   0   2 0.02  0.0    0  8.0 17  10   M    M   9 1      22 360
 7  70  64  67   2   0   2 0.91  0.0    0  7.8 14 110   M    M   5 13     22 300
 8  75  61  68   3   0   3 1.03  0.0    0  8.6 18 290   M    M   7 1      27 280
 9  74  55  65   0   0   0 0.00  0.0    0  7.6 16 290   M    M   1         M  M
10  73  50  62  -3   3   0 0.00  0.0    0  6.8 16 130   M    M   0        19 120
11  77  57  67   2   0   2 0.00  0.0    0  5.3 14 130   M    M   1 1      18 130
12  78  59  69   3   0   4 0.00  0.0    0  5.6 12 140   M    M   0 1      20 100
13  77  65  71   5   0   6 0.00  0.0    0  6.7 13  90   M    M   0        25 120
14  79  67  73   7   0   8 0.00  0.0    0  7.5 15 130   M    M   3        22 120
15  72  49  61  -5   4   0 2.75  0.0    0  9.1 20 290   M    M   5 123    32 280
16  60  45  53 -13  12   0 0.00  0.0    0 16.7 25  40   M    M   6        35  40
17  64  57  61  -6   4   0    T  0.0    0 16.4 25  50   M    M  10        35  30
18  65  60  63  -4   2   0 3.11  0.0    0 13.5 26  50   M    M  10 123    33  40
19  65  56  61  -6   4   0 0.05  0.0    0  9.6 18  20   M    M  10 1      25  10
20  62  54  58 -10   7   0    T  0.0    0  6.9 15 360   M    M  10 1      21 360
21  73  54  64  -4   1   0 0.00  0.0    0  5.1 15 360   M    M   2        19 360
22  82  56  69   1   0   4 0.00  0.0    0  6.7 15 340   M    M   2        20 350
23  84  63  74   6   0   9 0.00  0.0    0  6.2 14 270   M    M   0        19 250
================================================================================
SM 1693 1323        37  57  7.92     0.0 191.7          M       84
================================================================================
AV 73.6 57.5                               8.3 FASTST   M    M   4    MAX(MPH)
                                 MISC ---->  # 26  50               # 35   40
================================================================================
NOTES:
# LAST OF SEVERAL OCCURRENCES

COLUMN 17 PEAK WIND IN M.P.H.

PRELIMINARY LOCAL CLIMATOLOGICAL DATA (WS FORM: F-6) , PAGE 2

                                          STATION:  ST SIMONS ISLAND
                                          MONTH:    APRIL
                                          YEAR:     2014
                                          LATITUDE:   31  9 N
                                          LONGITUDE:  81 23 W

[TEMPERATURE DATA]      [PRECIPITATION DATA]       SYMBOLS USED IN COLUMN 16

AVERAGE MONTHLY: 65.6   TOTAL FOR MONTH:   7.92    1 = FOG OR MIST
DPTR FM NORMAL:  -0.1   DPTR FM NORMAL:    5.89    2 = FOG REDUCING VISIBILITY
HIGHEST:    84 ON 23    GRTST 24HR  3.12 ON 18-19      TO 1/4 MILE OR LESS
LOWEST:     45 ON 16                               3 = THUNDER
                        SNOW, ICE PELLETS, HAIL    4 = ICE PELLETS
                        TOTAL MONTH:   0.0 INCH    5 = HAIL
                        GRTST 24HR     0.0         6 = FREEZING RAIN OR DRIZZLE
                        GRTST DEPTH:   0           7 = DUSTSTORM OR SANDSTORM:
                                                       VSBY 1/2 MILE OR LESS
                                                   8 = SMOKE OR HAZE
[NO. OF DAYS WITH]      [WEATHER - DAYS WITH]      9 = BLOWING SNOW
                                                   X = TORNADO
MAX 32 OR BELOW:   0    0.01 INCH OR MORE:   7
MAX 90 OR ABOVE:   0    0.10 INCH OR MORE:   4
MIN 32 OR BELOW:   0    0.50 INCH OR MORE:   4
MIN  0 OR BELOW:   0    1.00 INCH OR MORE:   3

[HDD (BASE 65) ]
TOTAL THIS MO.    37    CLEAR  (SCALE 0-3)  14
DPTR FM NORMAL   -13    PTCLDY (SCALE 4-7)   4
TOTAL FM JUL 1  1493    CLOUDY (SCALE 8-10)  5
DPTR FM NORMAL    15

[CDD (BASE 65) ]
TOTAL THIS MO.    57
DPTR FM NORMAL   -10    [PRESSURE DATA]
TOTAL FM JAN 1    79    HIGHEST SLP M ON M
DPTR FM NORMAL   -28    LOWEST  SLP 29.66 ON  8

[REMARKS]




U.S. Dept. of Commerce
NOAA National Weather Service
1325 East West Highway
Silver Spring, MD 20910
E-mail: w-nws.webmaster@noaa.gov
Page last modified: May 16, 2007
NATIONAL WEATHER SERVICE: for Safety, for Work, for Fun - FOR LIFE