935
CXUS54 KEWX 300910
CF6SSF
PRELIMINARY LOCAL CLIMATOLOGICAL DATA (WS FORM: F-6)

                                          STATION:   SAN ANTONIO STINSON FIELD
                                          MONTH:     SEPTEMBER
                                          YEAR:      2014
                                          LATITUDE:   29 19 N
                                          LONGITUDE:  98 29 W

  TEMPERATURE IN F:       :PCPN:    SNOW:  WIND      :SUNSHINE: SKY     :PK WND
================================================================================
1   2   3   4   5  6A  6B    7    8   9   10  11  12  13   14  15   16   17  18
                                     12Z  AVG MX 2MIN
DY MAX MIN AVG DEP HDD CDD  WTR  SNW DPTH SPD SPD DIR MIN PSBL S-S WX    SPD DR
================================================================================

 1 100  77  89   5   0  24 0.00    M    M 11.0 21 130   M    M   5        27 150
 2  99  79  89   5   0  24 0.00    M    M 11.1 24 120   M    M   4        30 120
 3  99  77  88   4   0  23    T    M    M  6.6 25 200   M    M   5 3      33 200
 4  87  74  81  -2   0  16 0.17    M    M  5.9 26 150   M    M   5 138    36 140
 5  97  76  87   4   0  22 0.02    M    M  6.9 31 160   M    M   5        42 160
 6  96  74  85   2   0  20 0.00    M    M  4.7 17 110   M    M   3        23 120
 7  96  75  86   4   0  21 0.00    M    M  5.1 18 110   M    M   3 3      22  90
 8  96  71  84   2   0  19 0.00    M    M  5.2 14 120   M    M   3        17 130
 9  98  73  86   4   0  21 0.00    M    M  7.8 18 170   M    M   2        23 170
10 100  76  88   6   0  23 0.00    M    M  9.4 18 140   M    M   2        30 220
11 100  76  88   7   0  23 0.00    M    M  6.9 18 160   M    M   3        24 160
12  97  71  84   3   0  19 0.07    M    M  6.6 21  20   M    M   5 1      28  20
13  72  64  68 -13   0   3    T    M    M 12.5 22  20   M    M  10        29  10
14  86  66  76  -4   0  11 0.00    M    M  7.4 13  40   M    M   6        17  30
15  91  69  80   0   0  15 0.00    M    M  4.0 13 120   M    M   5        17 110
16  94  76  85   5   0  20    T    M    M  7.6 20 130   M    M   5        24 120
17  90  77  84   5   0  19 0.19    M    M  4.6 13 180   M    M   8 1      15 200
18  95  75  85   6   0  20 0.13    M    M  6.7 17 110   M    M   7 1      23  40
19  92  75  84   5   0  19 0.00    M    M  6.2 17  50   M    M   4        24  70
20  92  76  84   6   0  19 0.01    M    M  5.8 17 120   M    M   7 3      21  80
21  94  73  84   6   0  19 0.00    M    M  7.6 16  80   M    M   4        21  50
22  95  68  82   4   0  17 0.00    M    M  6.3 16  40   M    M   1        21  80
23  92  73  83   5   0  18 0.00    M    M  7.6 14  60   M    M   3        20  70
24  88  64  76  -1   0  11 0.00    M    M  6.3 15 100   M    M   0        17  70
25  90  67  79   2   0  14 0.00    M    M  8.9 20  70   M    M   3        26  70
26  89  69  79   2   0  14 0.56    M    M  6.7 16 140   M    M   5 13     21 140
27  76  66  71  -5   0   6 0.15    M    M  4.7 14  90   M    M   6 1      17 100
28  88  64  76   0   0  11 0.00    M    M  4.5 14  80   M    M   5        18  80
29  92  70  81   5   0  16 0.00    M    M  5.5 12  60   M    M   5        17  70
================================================================================
SM 2681 2091         0 507  1.30    M    200.1          M      129
================================================================================
AV 92.4 72.1                               6.9 FASTST   M    M   4    MAX(MPH)
                                 MISC ---->  # 31 160               # 42  160
================================================================================
NOTES:
# LAST OF SEVERAL OCCURRENCES

COLUMN 17 PEAK WIND IN M.P.H.

PRELIMINARY LOCAL CLIMATOLOGICAL DATA (WS FORM: F-6) , PAGE 2

                                          STATION:  SAN ANTONIO STINSON FIELD
                                          MONTH:    SEPTEMBER
                                          YEAR:     2014
                                          LATITUDE:   29 19 N
                                          LONGITUDE:  98 29 W

[TEMPERATURE DATA]      [PRECIPITATION DATA]       SYMBOLS USED IN COLUMN 16

AVERAGE MONTHLY: 82.3   TOTAL FOR MONTH:   1.30    1 = FOG OR MIST
DPTR FM NORMAL:   2.3   DPTR FM NORMAL:   -1.44    2 = FOG REDUCING VISIBILITY
HIGHEST:   100 ON 11,10 GRTST 24HR  0.71 ON 26-27      TO 1/4 MILE OR LESS
LOWEST:     64 ON 28,24                            3 = THUNDER
                        SNOW, ICE PELLETS, HAIL    4 = ICE PELLETS
                        TOTAL MONTH:    M          5 = HAIL
                        GRTST 24HR    M  ON   M    6 = FREEZING RAIN OR DRIZZLE
                        GRTST DEPTH:  M  ON   M    7 = DUSTSTORM OR SANDSTORM:
                                                       VSBY 1/2 MILE OR LESS
                                                   8 = SMOKE OR HAZE
[NO. OF DAYS WITH]      [WEATHER - DAYS WITH]      9 = BLOWING SNOW
                                                   X = TORNADO
MAX 32 OR BELOW:   0    0.01 INCH OR MORE:   8
MAX 90 OR ABOVE:  22    0.10 INCH OR MORE:   5
MIN 32 OR BELOW:   0    0.50 INCH OR MORE:   1
MIN  0 OR BELOW:   0    1.00 INCH OR MORE:   0

[HDD (BASE 65) ]
TOTAL THIS MO.     0    CLEAR  (SCALE 0-3)   8
DPTR FM NORMAL     0    PTCLDY (SCALE 4-7)  20
TOTAL FM JUL 1     0    CLOUDY (SCALE 8-10)  1
DPTR FM NORMAL     0

[CDD (BASE 65) ]
TOTAL THIS MO.   507
DPTR FM NORMAL    71    [PRESSURE DATA]
TOTAL FM JAN 1  3097    HIGHEST SLP M ON M
DPTR FM NORMAL   217    LOWEST  SLP 29.73 ON 18

[REMARKS]




U.S. Dept. of Commerce
NOAA National Weather Service
1325 East West Highway
Silver Spring, MD 20910
E-mail: w-nws.webmaster@noaa.gov
Page last modified: May 16, 2007
NATIONAL WEATHER SERVICE: for Safety, for Work, for Fun - FOR LIFE