514
CXUS54 KEWX 210910
CF6SSF
PRELIMINARY LOCAL CLIMATOLOGICAL DATA (WS FORM: F-6)

                                          STATION:   SAN ANTONIO STINSON FIELD
                                          MONTH:     AUGUST
                                          YEAR:      2014
                                          LATITUDE:   29 19 N
                                          LONGITUDE:  98 29 W

  TEMPERATURE IN F:       :PCPN:    SNOW:  WIND      :SUNSHINE: SKY     :PK WND
================================================================================
1   2   3   4   5  6A  6B    7    8   9   10  11  12  13   14  15   16   17  18
                                     12Z  AVG MX 2MIN
DY MAX MIN AVG DEP HDD CDD  WTR  SNW DPTH SPD SPD DIR MIN PSBL S-S WX    SPD DR
================================================================================

 1  95  79  87   1   0  22 0.00    M    M  7.6 17  50   M    M   6        23  70
 2  94  73  84  -2   0  19 0.00    M    M  8.0 12 360   M    M   1        18  70
 3  97  70  84  -2   0  19 0.00    M    M  5.5 15  70   M    M   1        21  30
 4  98  75  87   1   0  22 0.00    M    M  6.1 15  80   M    M   1        19  50
 5  97  73  85  -1   0  20 0.00    M    M  3.9 16 140   M    M   1        21 150
 6 100  75  88   2   0  23 0.00    M    M  5.9 21 150   M    M   1        27 150
 7 103  76  90   4   0  25 0.00    M    M  8.0 21 130   M    M   2        26 140
 8 103  78  91   5   0  26 0.00    M    M  7.8 21 140   M    M   2        28 150
 9 101  73  87   1   0  22 0.00    M    M  6.7 18 130   M    M   2        23 140
10 101  74  88   2   0  23 0.00    M    M  6.4 21 120   M    M   2        26 110
11 102  76  89   3   0  24 0.00    M    M  5.1 17  30   M    M   1        26 340
12 102  76  89   3   0  24 0.25    M    M  4.7 25 260   M    M   2 138    32 260
13 100  75  88   2   0  23    T    M    M  7.4 18  30   M    M   2        27  80
14 101  68  85  -1   0  20 0.00    M    M  4.0 14 160   M    M   0        18 160
15 100  75  88   2   0  23 0.00    M    M  5.4 14 140   M    M   3        20 150
16 104  76  90   4   0  25 0.00    M    M  8.0 21 140   M    M   1        30 140
17 101  79  90   4   0  25 0.00    M    M 10.4 18 140   M    M   3        25 130
18 102  79  91   5   0  26 0.00    M    M 10.8 23 150   M    M   4        29 160
19 100  76  88   2   0  23 0.00    M    M  8.7 22 150   M    M   1        32 150
20 101  78  90   4   0  25 0.00    M    M 12.5 23 130   M    M   3        29 140
================================================================================
SM 2002 1504         0 459  0.25    M    142.9          M       39
================================================================================
AV100.1 75.2                               7.1 FASTST   M    M   2    MAX(MPH)
                                 MISC ---->  # 25 260               # 32  260
================================================================================
NOTES:
# LAST OF SEVERAL OCCURRENCES

COLUMN 17 PEAK WIND IN M.P.H.

PRELIMINARY LOCAL CLIMATOLOGICAL DATA (WS FORM: F-6) , PAGE 2

                                          STATION:  SAN ANTONIO STINSON FIELD
                                          MONTH:    AUGUST
                                          YEAR:     2014
                                          LATITUDE:   29 19 N
                                          LONGITUDE:  98 29 W

[TEMPERATURE DATA]      [PRECIPITATION DATA]       SYMBOLS USED IN COLUMN 16

AVERAGE MONTHLY: 87.6   TOTAL FOR MONTH:   0.25    1 = FOG OR MIST
DPTR FM NORMAL:   1.6   DPTR FM NORMAL:   -1.01    2 = FOG REDUCING VISIBILITY
HIGHEST:   104 ON 16    GRTST 24HR  0.25 ON 12-12      TO 1/4 MILE OR LESS
LOWEST:     68 ON 14                               3 = THUNDER
                        SNOW, ICE PELLETS, HAIL    4 = ICE PELLETS
                        TOTAL MONTH:    M          5 = HAIL
                        GRTST 24HR    M  ON   M    6 = FREEZING RAIN OR DRIZZLE
                        GRTST DEPTH:  M  ON   M    7 = DUSTSTORM OR SANDSTORM:
                                                       VSBY 1/2 MILE OR LESS
                                                   8 = SMOKE OR HAZE
[NO. OF DAYS WITH]      [WEATHER - DAYS WITH]      9 = BLOWING SNOW
                                                   X = TORNADO
MAX 32 OR BELOW:   0    0.01 INCH OR MORE:   1
MAX 90 OR ABOVE:  20    0.10 INCH OR MORE:   1
MIN 32 OR BELOW:   0    0.50 INCH OR MORE:   0
MIN  0 OR BELOW:   0    1.00 INCH OR MORE:   0

[HDD (BASE 65) ]
TOTAL THIS MO.     0    CLEAR  (SCALE 0-3)  17
DPTR FM NORMAL     0    PTCLDY (SCALE 4-7)   3
TOTAL FM JUL 1     0    CLOUDY (SCALE 8-10)  0
DPTR FM NORMAL     0

[CDD (BASE 65) ]
TOTAL THIS MO.   459
DPTR FM NORMAL    39    [PRESSURE DATA]
TOTAL FM JAN 1  2330    HIGHEST SLP M ON M
DPTR FM NORMAL   111    LOWEST  SLP 29.75 ON 19

[REMARKS]




U.S. Dept. of Commerce
NOAA National Weather Service
1325 East West Highway
Silver Spring, MD 20910
E-mail: w-nws.webmaster@noaa.gov
Page last modified: May 16, 2007
NATIONAL WEATHER SERVICE: for Safety, for Work, for Fun - FOR LIFE