540
CXUS54 KEWX 010910
CF6SSF
PRELIMINARY LOCAL CLIMATOLOGICAL DATA (WS FORM: F-6)

                                          STATION:   SAN ANTONIO STINSON FIELD
                                          MONTH:     NOVEMBER
                                          YEAR:      2014
                                          LATITUDE:   29 19 N
                                          LONGITUDE:  98 29 W

  TEMPERATURE IN F:       :PCPN:    SNOW:  WIND      :SUNSHINE: SKY     :PK WND
================================================================================
1   2   3   4   5  6A  6B    7    8   9   10  11  12  13   14  15   16   17  18
                                     12Z  AVG MX 2MIN
DY MAX MIN AVG DEP HDD CDD  WTR  SNW DPTH SPD SPD DIR MIN PSBL S-S WX    SPD DR
================================================================================

 1  71  50  61  -6   4   0 0.00    M    M  7.4 15  60   M    M   0        21 110
 2  79  52  66  -1   0   1 0.00    M    M  9.8 20 130   M    M   4        28 130
 3  77  65  71   5   0   6    T    M    M  8.5 17 140   M    M  10        26 130
 4  82  59  71   5   0   6 1.46    M    M  8.1 24  10   M    M   9 1      34  10
 5  60  57  59  -7   6   0 0.93    M    M 10.2 18  30   M    M  10 1      27  20
 6  63  56  60  -5   5   0 0.07    M    M  9.0 17  40   M    M  10 1      24  30
 7  68  58  63  -2   2   0    T    M    M  5.9 10 280   M    M   5        16  10
 8  77  53  65   1   0   0 0.00    M    M  4.6 17  10   M    M   4        23  10
 9  74  46  60  -4   5   0 0.00    M    M  4.6 13 250   M    M   0        16 200
10  79  46  63  -1   2   0 0.00    M    M  4.7 16 200   M    M   0        22 200
11  66  46  56  -7   9   0 0.00    M    M 10.3 23 350   M    M   5 1      30  20
12  53  40  47 -16  18   0 0.00    M    M 12.7 20  30   M    M   7        26 360
13  44  36  40 -22  25   0 0.00    M    M 11.4 20 360   M    M  10        29  10
14  47  36  42 -20  23   0 0.00    M    M  7.0 14  40   M    M  10        19  40
15  48  40  44 -18  21   0 0.01    M    M  4.6 10 130   M    M  10 18     13 130
16  55  37  46 -15  19   0    T    M    M  9.4 24 350   M    M  10 18     34 350
17  55  33  44 -17  21   0 0.00    M    M  8.1 16  20   M    M   1        23 340
18  57  31  44 -16  21   0 0.00    M    M  4.4 10 160   M    M   2        14 140
19  68  34  51  -9  14   0 0.00    M    M  3.9 17 250   M    M   1        22 250
20  66  46  56  -4   9   0 0.03    M    M  1.5  8 170   M    M   8 18     14 240
21  74  63  69  10   0   4 0.32    M    M  7.0 14 120   M    M  10 1      20 130
22  78  56  67   8   0   2 0.82    M    M 11.3 37 270   M    M   9 13     47 270
23  82  50  66   8   0   1 0.00    M    M  7.6 21 260   M    M   1        27 250
24  67  44  56  -2   9   0 0.00    M    M  7.0 21 360   M    M   0        28 360
25  68  40  54  -4  11   0 0.00    M    M  4.8 16 250   M    M   0        22 260
26  74  36  55  -2  10   0 0.00    M    M  4.4 16 220   M    M   0        22 230
27  67  43  55  -2  10   0 0.00    M    M  6.7 17  50   M    M   0        24  60
28  73  42  58   1   7   0 0.00    M    M  4.7 17 220   M    M   1        22 220
29  77  49  63   7   2   0 0.00    M    M  8.2 20 200   M    M   5 12     27 210
30  79  63  71  15   0   6 0.00  0.0    0  8.8 18 170   M    M   7        23 150
================================================================================
SM 2028 1407       253  26  3.64     0.0 216.6          M      149
================================================================================
AV 67.6 46.9                               7.2 FASTST   M    M   5    MAX(MPH)
                                 MISC ---->  # 37 270               # 47  270
================================================================================
NOTES:
# LAST OF SEVERAL OCCURRENCES

COLUMN 17 PEAK WIND IN M.P.H.

PRELIMINARY LOCAL CLIMATOLOGICAL DATA (WS FORM: F-6) , PAGE 2

                                          STATION:  SAN ANTONIO STINSON FIELD
                                          MONTH:    NOVEMBER
                                          YEAR:     2014
                                          LATITUDE:   29 19 N
                                          LONGITUDE:  98 29 W

[TEMPERATURE DATA]      [PRECIPITATION DATA]       SYMBOLS USED IN COLUMN 16

AVERAGE MONTHLY: 57.2   TOTAL FOR MONTH:   3.64    1 = FOG OR MIST
DPTR FM NORMAL:  -4.2   DPTR FM NORMAL:    1.36    2 = FOG REDUCING VISIBILITY
HIGHEST:    82 ON 23, 4 GRTST 24HR  1.97 ON  4- 5      TO 1/4 MILE OR LESS
LOWEST:     31 ON 18                               3 = THUNDER
                        SNOW, ICE PELLETS, HAIL    4 = ICE PELLETS
                        TOTAL MONTH:   0.0 INCH    5 = HAIL
                        GRTST 24HR     0.0         6 = FREEZING RAIN OR DRIZZLE
                        GRTST DEPTH:   0           7 = DUSTSTORM OR SANDSTORM:
                                                       VSBY 1/2 MILE OR LESS
                                                   8 = SMOKE OR HAZE
[NO. OF DAYS WITH]      [WEATHER - DAYS WITH]      9 = BLOWING SNOW
                                                   X = TORNADO
MAX 32 OR BELOW:   0    0.01 INCH OR MORE:   7
MAX 90 OR ABOVE:   0    0.10 INCH OR MORE:   4
MIN 32 OR BELOW:   1    0.50 INCH OR MORE:   3
MIN  0 OR BELOW:   0    1.00 INCH OR MORE:   1

[HDD (BASE 65) ]
TOTAL THIS MO.   253    CLEAR  (SCALE 0-3)  12
DPTR FM NORMAL    88    PTCLDY (SCALE 4-7)   8
TOTAL FM JUL 1   253    CLOUDY (SCALE 8-10) 10
DPTR FM NORMAL    62

[CDD (BASE 65) ]
TOTAL THIS MO.    26
DPTR FM NORMAL   -31    [PRESSURE DATA]
TOTAL FM JAN 1  3481    HIGHEST SLP 30.55 ON 18
DPTR FM NORMAL   306    LOWEST  SLP 29.53 ON 23

[REMARKS]
#FINAL-11-14#




U.S. Dept. of Commerce
NOAA National Weather Service
1325 East West Highway
Silver Spring, MD 20910
E-mail: w-nws.webmaster@noaa.gov
Page last modified: May 16, 2007
NATIONAL WEATHER SERVICE: for Safety, for Work, for Fun - FOR LIFE