009
CXUS54 KEPZ 251202
CF6SRR
PRELIMINARY LOCAL CLIMATOLOGICAL DATA (WS FORM: F-6)

                                          STATION:   RUIDOSO        AWOS
                                          MONTH:     NOVEMBER
                                          YEAR:      2014
                                          LATITUDE:   33 28 N
                                          LONGITUDE: 105 32 W

  TEMPERATURE IN F:       :PCPN:    SNOW:  WIND      :SUNSHINE: SKY     :PK WND
================================================================================
1   2   3   4   5  6A  6B    7    8   9   10  11  12  13   14  15   16   17  18
                                     12Z  AVG MX 2MIN
DY MAX MIN AVG DEP HDD CDD  WTR  SNW DPTH SPD SPD DIR MIN PSBL S-S WX    SPD DR
================================================================================

 1  68  37  53   M  12   0 0.00  0.0    0  8.6 18 230   M    M   0        31 230
 2  66  46  56   M   9   0 0.03    M    0 15.2 27 220   M    M   3 3      39 220
 3  54  41  48   M  17   0 0.02    M    0  5.5 13 190   M    M   6 1      16 260
 4  41  32  37   M  28   0 0.00  0.0    0  5.8  9 160   M    M   7 1      16 340
 5  55  32  44   M  21   0 0.00  0.0    0  5.0 13 150   M    M   0        17 150
 6  55  32  44   M  21   0 0.00  0.0    0  5.3 10 120   M    M   0         M  M
 7  63  34  49   M  16   0 0.00  0.0    0  8.7 20 310   M    M   0        36 310
 8  55  37  46   M  19   0 0.00  0.0    0  7.8 13 230   M    M   0         M  M
 9  64  36  50   M  15   0 0.00  0.0    0  8.4 14 320   M    M   0        20 320
10  66  41  54   M  11   0 0.00  0.0    0 14.5 30 230   M    M   0        43 260
11  54  23  39   M  26   0 0.00  0.0    0  6.1 13 150   M    M   0         M  M
12  27  14  21   M  44   0 0.00  0.0    0  9.0 14 130   M    M   7 1      18 120
13  37   9  23   M  42   0 0.00  0.0    0  5.5 10 140   M    M   4         M  M
14  57  25  41   M  24   0 0.00  0.0    0  7.2 24 230   M    M   0        32 230
15  57  43  50   M  15   0 0.00  0.0    0 13.3 25 280   M    M   0        39 280
16  46  10  28   M  37   0 0.06    M    0  8.6 23 230   M    M   5        30 230
17  37  10  24   M  41   0 0.00  0.0    0  6.1 13 310   M    M   0        17 330
18  45  27  36   M  29   0 0.00  0.0    0  8.8 14 300   M    M   0        20 310
19  54  32  43   M  22   0 0.00  0.0    0  8.1 16 310   M    M   0        25 310
20  55  34  45   M  20   0 0.00  0.0    0  7.3 16 340   M    M   0        22 330
21  55  32  44   M  21   0 0.00  0.0    0  8.3 18 220   M    M   0 8      24 240
22  54  36  45   M  20   0 0.00  0.0    0 10.1 21 270   M    M   1 8      32 270
23  48  28  38   M  27   0 0.00  0.0    0 17.5 27 290   M    M   2        43 320
24  39  25  32   M  33   0 0.00  0.0    0 15.5 27 310   M    M   0        38 300
================================================================================
SM 1252  716       570   0  0.11     0.0 216.2          M       35
================================================================================
AV 52.2 29.8                               9.0 FASTST   M    M   1    MAX(MPH)
                                 MISC ---->    30   M                 43    M
================================================================================
NOTES:
# LAST OF SEVERAL OCCURRENCES

COLUMN 17 PEAK WIND IN M.P.H.

PRELIMINARY LOCAL CLIMATOLOGICAL DATA (WS FORM: F-6) , PAGE 2

                                          STATION:  RUIDOSO        AWOS
                                          MONTH:    NOVEMBER
                                          YEAR:     2014
                                          LATITUDE:   33 28 N
                                          LONGITUDE: 105 32 W

[TEMPERATURE DATA]      [PRECIPITATION DATA]       SYMBOLS USED IN COLUMN 16

AVERAGE MONTHLY: 41.0   TOTAL FOR MONTH:   0.11    1 = FOG OR MIST
DPTR FM NORMAL:     M   DPTR FM NORMAL:       M    2 = FOG REDUCING VISIBILITY
HIGHEST:    68 ON  1    GRTST 24HR  0.06 ON 16-16      TO 1/4 MILE OR LESS
LOWEST:      9 ON 13                               3 = THUNDER
                        SNOW, ICE PELLETS, HAIL    4 = ICE PELLETS
                        TOTAL MONTH:   0.0 INCH    5 = HAIL
                        GRTST 24HR     0.0         6 = FREEZING RAIN OR DRIZZLE
                        GRTST DEPTH:   0           7 = DUSTSTORM OR SANDSTORM:
                                                       VSBY 1/2 MILE OR LESS
                                                   8 = SMOKE OR HAZE
[NO. OF DAYS WITH]      [WEATHER - DAYS WITH]      9 = BLOWING SNOW
                                                   X = TORNADO
MAX 32 OR BELOW:   1    0.01 INCH OR MORE:   3
MAX 90 OR ABOVE:   0    0.10 INCH OR MORE:   0
MIN 32 OR BELOW:  14    0.50 INCH OR MORE:   0
MIN  0 OR BELOW:   0    1.00 INCH OR MORE:   0

[HDD (BASE 65) ]
TOTAL THIS MO.   570    CLEAR  (SCALE 0-3)  19
DPTR FM NORMAL     M    PTCLDY (SCALE 4-7)   5
TOTAL FM JUL 1   972    CLOUDY (SCALE 8-10)  0
DPTR FM NORMAL     M

[CDD (BASE 65) ]
TOTAL THIS MO.     0
DPTR FM NORMAL     M    [PRESSURE DATA]
TOTAL FM JAN 1   421    HIGHEST SLP M ON M
DPTR FM NORMAL     M    LOWEST  SLP M ON M

[REMARKS]




U.S. Dept. of Commerce
NOAA National Weather Service
1325 East West Highway
Silver Spring, MD 20910
E-mail: w-nws.webmaster@noaa.gov
Page last modified: May 16, 2007
NATIONAL WEATHER SERVICE: for Safety, for Work, for Fun - FOR LIFE