344
CXUS54 KEPZ 231200
CF6SRR
PRELIMINARY LOCAL CLIMATOLOGICAL DATA (WS FORM: F-6)

                                          STATION:   RUIDOSO        AWOS
                                          MONTH:     APRIL
                                          YEAR:      2014
                                          LATITUDE:   33 28 N
                                          LONGITUDE: 105 32 W

  TEMPERATURE IN F:       :PCPN:    SNOW:  WIND      :SUNSHINE: SKY     :PK WND
================================================================================
1   2   3   4   5  6A  6B    7    8   9   10  11  12  13   14  15   16   17  18
                                     12Z  AVG MX 2MIN
DY MAX MIN AVG DEP HDD CDD  WTR  SNW DPTH SPD SPD DIR MIN PSBL S-S WX    SPD DR
================================================================================

 1  64  48  56   M   9   0 0.00  0.0    0 17.1 29 210   M    M   0        41 230
 2  63  48  56   M   9   0 0.00  0.0    0 21.9 47 240   M    M   0 8      61 240
 3  48  30  39   M  26   0 0.00  0.0    0 18.9 35 250   M    M   0        48 250
 4  54  25  40   M  25   0 0.00  0.0    0 10.2 22 120   M    M   0        25 130
 5  57  34  46   M  19   0 0.00  0.0    0 13.1 32 270   M    M   0        43 240
 6  55  36  46   M  19   0 0.00  0.0    0 11.9 27 270   M    M   2        35 270
 7  57  32  45   M  20   0 0.00  0.0    0  9.6 21 350   M    M   1        32 350
 8  66  32  49   M  16   0 0.00  0.0    0  7.6 18 230   M    M   0        28 350
 9  72  46  59   M   6   0 0.00  0.0    0 10.7 20 220   M    M   0        31 250
10  72  50  61   M   4   0 0.00  0.0    0 11.6 23 300   M    M   0        30 300
11  72  52  62   M   3   0 0.00  0.0    0 10.9 24 240   M    M   0        30 240
12  68  46  57   M   8   0 0.00  0.0    0 17.0 33 230   M    M   0 8      41 240
13  66  45  56   M   9   0 0.00  0.0    0 18.9 32 240   M    M   1 8      44 300
14  45  21  33   M  32   0 0.00  0.0    0  8.2 14 150   M    M   5 1      20 130
15  61  25  43   M  22   0 0.00  0.0    0 10.4 22 230   M    M   0        29 230
16  68  41  55   M  10   0 0.00  0.0    0  7.4 17  10   M    M   0        29  10
17  61  37  49   M  16   0 0.00  0.0    0  9.6 20 340   M    M   0        31 340
18  66  36  51   M  14   0 0.00  0.0    0 10.1 22 120   M    M   2        27 120
19  55  41  48   M  17   0 0.04    M    0  6.7 23 230   M    M   5        29 230
20  64  41  53   M  12   0 0.04    M    0  8.9 17 250   M    M   3        24 320
21  68  48  58   M   7   0 0.00  0.0    0  9.0 20 160   M    M   1        23 160
22  73  45  59   M   6   0 0.00  0.0    0  9.3 21 240   M    M   3        29 220
================================================================================
SM 1375  859       309   0  0.08     0.0 259.0          M       23
================================================================================
AV 62.5 39.0                              11.8 FASTST   M    M   1    MAX(MPH)
                                 MISC ---->    47   M               # 61  240
================================================================================
NOTES:
# LAST OF SEVERAL OCCURRENCES

COLUMN 17 PEAK WIND IN M.P.H.

PRELIMINARY LOCAL CLIMATOLOGICAL DATA (WS FORM: F-6) , PAGE 2

                                          STATION:  RUIDOSO        AWOS
                                          MONTH:    APRIL
                                          YEAR:     2014
                                          LATITUDE:   33 28 N
                                          LONGITUDE: 105 32 W

[TEMPERATURE DATA]      [PRECIPITATION DATA]       SYMBOLS USED IN COLUMN 16

AVERAGE MONTHLY: 50.8   TOTAL FOR MONTH:   0.08    1 = FOG OR MIST
DPTR FM NORMAL:     M   DPTR FM NORMAL:       M    2 = FOG REDUCING VISIBILITY
HIGHEST:    73 ON 22    GRTST 24HR  0.04 ON 20-20      TO 1/4 MILE OR LESS
LOWEST:     21 ON 14                               3 = THUNDER
                        SNOW, ICE PELLETS, HAIL    4 = ICE PELLETS
                        TOTAL MONTH:   0.0 INCH    5 = HAIL
                        GRTST 24HR     0.0         6 = FREEZING RAIN OR DRIZZLE
                        GRTST DEPTH:   0           7 = DUSTSTORM OR SANDSTORM:
                                                       VSBY 1/2 MILE OR LESS
                                                   8 = SMOKE OR HAZE
[NO. OF DAYS WITH]      [WEATHER - DAYS WITH]      9 = BLOWING SNOW
                                                   X = TORNADO
MAX 32 OR BELOW:   0    0.01 INCH OR MORE:   2
MAX 90 OR ABOVE:   0    0.10 INCH OR MORE:   0
MIN 32 OR BELOW:   6    0.50 INCH OR MORE:   0
MIN  0 OR BELOW:   0    1.00 INCH OR MORE:   0

[HDD (BASE 65) ]
TOTAL THIS MO.   309    CLEAR  (SCALE 0-3)  19
DPTR FM NORMAL     M    PTCLDY (SCALE 4-7)   3
TOTAL FM JUL 1  4423    CLOUDY (SCALE 8-10)  0
DPTR FM NORMAL     M

[CDD (BASE 65) ]
TOTAL THIS MO.     0
DPTR FM NORMAL     M    [PRESSURE DATA]
TOTAL FM JAN 1     0    HIGHEST SLP M ON M
DPTR FM NORMAL     M    LOWEST  SLP M ON M

[REMARKS]




U.S. Dept. of Commerce
NOAA National Weather Service
1325 East West Highway
Silver Spring, MD 20910
E-mail: w-nws.webmaster@noaa.gov
Page last modified: May 16, 2007
NATIONAL WEATHER SERVICE: for Safety, for Work, for Fun - FOR LIFE