530
CXUS55 KTBW 231000
CF6SRQ
PRELIMINARY LOCAL CLIMATOLOGICAL DATA (WS FORM: F-6)

                                          STATION:   Sarasota Bradenton
                                          MONTH:     SEPTEMBER
                                          YEAR:      2014
                                          LATITUDE:   27 23 N
                                          LONGITUDE:  82 33 W

  TEMPERATURE IN F:       :PCPN:    SNOW:  WIND      :SUNSHINE: SKY     :PK WND
================================================================================
1   2   3   4   5  6A  6B    7    8   9   10  11  12  13   14  15   16   17  18
                                     12Z  AVG MX 2MIN
DY MAX MIN AVG DEP HDD CDD  WTR  SNW DPTH SPD SPD DIR MIN PSBL S-S WX    SPD DR
================================================================================

 1  96  77  87   5   0  22 0.08  0.0    0  6.0 23 110   M    M   3 3      27 110
 2  94  79  87   5   0  22 0.75  0.0    0  5.6 29 120   M    M   2 3      34 120
 3   M   M   M   M   M   M 0.35  0.0    0  6.8 23 110   M    M   1 3      27 110
 4   M   M   M   M   M   M 0.02  0.0    0  6.1 15 140   M    M   2 3      19 130
 5  89  73  81  -1   0  16 0.00  0.0    0  6.7 14 100   M    M   1 3      17 100
 6  90  73  82   0   0  17 0.00  0.0    0  6.7 17 120   M    M   1 3      22 110
 7  89  74  82   0   0  17 0.16  0.0    0  6.0 22 110   M    M   2 13     26 100
 8  89  73  81  -1   0  16 0.00  0.0    0  6.6 12  90   M    M   1 3      15 110
 9  88  74  81  -1   0  16    T  0.0    0  7.3 18 100   M    M   1 3      24  90
10  93  73  83   1   0  18 0.00  0.0    0  8.3 20 150   M    M   1 3      23 160
11  89  74  82   0   0  17    T  0.0    0  6.3 17 350   M    M   1 3      26  40
12  91  74  83   1   0  18 0.05  0.0    0  8.7 18  80   M    M   2 13X    25  80
13  93  74  84   2   0  19 0.22  0.0    0 10.1 20 130   M    M   2        26 140
14  88  73  81  -1   0  16 0.01  0.0    0  8.7 23 170   M    M   3        29 200
15  89  73  81  -1   0  16 0.00  0.0    0  6.6 14 280   M    M   1        19 170
16  90  74  82   0   0  17 0.00  0.0    0  5.0 17 310   M    M   1        22 310
17  82  73  78  -4   0  13    M  0.0    0  5.6 24 330   M    M   5 13     29 330
18  91  70  81   0   0  16 0.00  0.0    0  5.8 15 290   M    M   1 1      18 280
19  82  70  76  -5   0  11 1.45  0.0    0  8.0 15  90   M    M   5 13     20  70
20  84  71  78  -3   0  13 0.21  0.0    0  6.2 13  80   M    M   6 1      16  90
21  87  73  80  -1   0  15    T  0.0    0  5.4 13 170   M    M   3        14 270
22  85  72  79  -2   0  14 0.53  0.0    0  5.3 22 190   M    M   2 13     27 190
================================================================================
SM 1779 1467         0 329  3.83     0.0 147.8          M       47
================================================================================
AV 88.9 73.3                               6.7 FASTST   M    M   2    MAX(MPH)
                                 MISC ---->  # 29 120               # 34  120
================================================================================
NOTES:
# LAST OF SEVERAL OCCURRENCES

COLUMN 17 PEAK WIND IN M.P.H.

PRELIMINARY LOCAL CLIMATOLOGICAL DATA (WS FORM: F-6) , PAGE 2

                                          STATION:  Sarasota Bradenton
                                          MONTH:    SEPTEMBER
                                          YEAR:     2014
                                          LATITUDE:   27 23 N
                                          LONGITUDE:  82 33 W

[TEMPERATURE DATA]      [PRECIPITATION DATA]       SYMBOLS USED IN COLUMN 16

AVERAGE MONTHLY: 81.1   TOTAL FOR MONTH:   3.83    1 = FOG OR MIST
DPTR FM NORMAL:  -0.6   DPTR FM NORMAL:   -1.98    2 = FOG REDUCING VISIBILITY
HIGHEST:    96 ON  1    GRTST 24HR  1.66 ON 19-20      TO 1/4 MILE OR LESS
LOWEST:     70 ON 19,18                            3 = THUNDER
                        SNOW, ICE PELLETS, HAIL    4 = ICE PELLETS
                        TOTAL MONTH:   0.0 INCH    5 = HAIL
                        GRTST 24HR     0.0         6 = FREEZING RAIN OR DRIZZLE
                        GRTST DEPTH:   0           7 = DUSTSTORM OR SANDSTORM:
                                                       VSBY 1/2 MILE OR LESS
                                                   8 = SMOKE OR HAZE
[NO. OF DAYS WITH]      [WEATHER - DAYS WITH]      9 = BLOWING SNOW
                                                   X = TORNADO
MAX 32 OR BELOW:   0    0.01 INCH OR MORE:  11
MAX 90 OR ABOVE:   8    0.10 INCH OR MORE:   7
MIN 32 OR BELOW:   0    0.50 INCH OR MORE:   3
MIN  0 OR BELOW:   0    1.00 INCH OR MORE:   1

[HDD (BASE 65) ]
TOTAL THIS MO.     0    CLEAR  (SCALE 0-3)  19
DPTR FM NORMAL     0    PTCLDY (SCALE 4-7)   3
TOTAL FM JUL 1     0    CLOUDY (SCALE 8-10)  0
DPTR FM NORMAL     0

[CDD (BASE 65) ]
TOTAL THIS MO.   329
DPTR FM NORMAL   -40    [PRESSURE DATA]
TOTAL FM JAN 1  2875    HIGHEST SLP M ON M
DPTR FM NORMAL   209    LOWEST  SLP 29.85 ON 18

[REMARKS]




U.S. Dept. of Commerce
NOAA National Weather Service
1325 East West Highway
Silver Spring, MD 20910
E-mail: w-nws.webmaster@noaa.gov
Page last modified: May 16, 2007
NATIONAL WEATHER SERVICE: for Safety, for Work, for Fun - FOR LIFE