448
CXUS55 KTBW 311000
CF6SRQ
PRELIMINARY LOCAL CLIMATOLOGICAL DATA (WS FORM: F-6)

                                          STATION:   Sarasota Bradenton
                                          MONTH:     AUGUST
                                          YEAR:      2014
                                          LATITUDE:   27 23 N
                                          LONGITUDE:  82 33 W

  TEMPERATURE IN F:       :PCPN:    SNOW:  WIND      :SUNSHINE: SKY     :PK WND
================================================================================
1   2   3   4   5  6A  6B    7    8   9   10  11  12  13   14  15   16   17  18
                                     12Z  AVG MX 2MIN
DY MAX MIN AVG DEP HDD CDD  WTR  SNW DPTH SPD SPD DIR MIN PSBL S-S WX    SPD DR
================================================================================

 1  94  74  84   2   0  19 0.00  0.0    0  5.9 15 280   M    M   3        19 290
 2  96  76  86   4   0  21    T  0.0    0  6.4 18  70   M    M   1 3      23  60
 3  95  77  86   4   0  21 0.00  0.0    0  7.4 20 280   M    M   1 3      27 280
 4  93  78  86   4   0  21    T  0.0    0  7.2 16 280   M    M   3 3      21 280
 5  91  80  86   4   0  21 0.31  0.0    0  7.0 25 220   M    M   2 3      35 220
 6  92  77  85   3   0  20 0.01  0.0    0  5.9 15 280   M    M   2 3      19 270
 7  93  77  85   3   0  20 0.00  0.0    0  5.9 15 280   M    M   1        19 260
 8  93  77  85   3   0  20 0.00  0.0    0  6.5 17 160   M    M   2 3      19 300
 9  93  76  85   3   0  20 0.05  0.0    0  7.4 16 340   M    M   2 3      20 340
10  93  78  86   4   0  21 0.02  0.0    0  7.8 24 310   M    M   2        33 320
11  93  78  86   4   0  21 0.05  0.0    0  7.4 15 230   M    M   1 18     20 240
12  94  77  86   4   0  21    T  0.0    0  8.1 20 260   M    M   2        25 250
13  94  78  86   4   0  21    T  0.0    0  7.8 14 270   M    M   2 3      17 240
14  90  80  85   3   0  20 0.31  0.0    0  6.5 22 280   M    M   2 138    25 220
15  87  76  82   0   0  17 0.50  0.0    0  5.8 14  10   M    M   3 13     20  10
16  90  76  83   1   0  18 0.08  0.0    0  4.8 16 270   M    M   3 3      22 290
17  92  77  85   3   0  20 0.00  0.0    0  5.1 10 280   M    M   1 3      13 270
18  93  77  85   3   0  20 0.00  0.0    0  4.8 12 280   M    M   0 3      15 260
19  93  77  85   3   0  20 0.00  0.0    0  4.5 14 280   M    M   0        18 270
20  94  76  85   3   0  20 0.00  0.0    0  6.0 17 280   M    M   1        21 280
21  95  77  86   4   0  21 0.51  0.0    0  6.5 21 120   M    M   1 3      27 130
22  94  75  85   3   0  20 0.39  0.0    0  4.8 18 160   M    M   0 3      24 150
23  95  75  85   3   0  20 0.00  0.0    0  4.9 15 360   M    M   1        23 350
24  95  77  86   4   0  21 0.00  0.0    0  6.7 16 290   M    M   1 3      21 290
25  95  78  87   5   0  22 0.00  0.0    0 11.4 21  40   M    M   1        28  50
26  95  75  85   3   0  20 0.00  0.0    0 10.4 21  70   M    M   1        28  70
27  95  74  85   3   0  20 0.00  0.0    0  7.4 16 110   M    M   3        20 110
28  96  75  86   4   0  21 0.01  0.0    0  8.5 21 150   M    M   2 3      27 140
29  91  76  84   2   0  19 0.03  0.0    0  6.3 17  90   M    M   2 3      22  80
30  97  75  86   4   0  21 0.98  0.0    0  7.0 39  80   M    M   1 38     51  90
================================================================================
SM 2801 2299         0 607  3.25     0.0 202.1          M       47
================================================================================
AV 93.4 76.6                               6.7 FASTST   M    M   2    MAX(MPH)
                                 MISC ---->  # 39  80               # 51   90
================================================================================
NOTES:
# LAST OF SEVERAL OCCURRENCES

COLUMN 17 PEAK WIND IN M.P.H.

PRELIMINARY LOCAL CLIMATOLOGICAL DATA (WS FORM: F-6) , PAGE 2

                                          STATION:  Sarasota Bradenton
                                          MONTH:    AUGUST
                                          YEAR:     2014
                                          LATITUDE:   27 23 N
                                          LONGITUDE:  82 33 W

[TEMPERATURE DATA]      [PRECIPITATION DATA]       SYMBOLS USED IN COLUMN 16

AVERAGE MONTHLY: 85.0   TOTAL FOR MONTH:   3.25    1 = FOG OR MIST
DPTR FM NORMAL:   3.0   DPTR FM NORMAL:   -5.61    2 = FOG REDUCING VISIBILITY
HIGHEST:    97 ON 30    GRTST 24HR  0.98 ON 30-30      TO 1/4 MILE OR LESS
LOWEST:     74 ON 27, 1                            3 = THUNDER
                        SNOW, ICE PELLETS, HAIL    4 = ICE PELLETS
                        TOTAL MONTH:   0.0 INCH    5 = HAIL
                        GRTST 24HR     0.0         6 = FREEZING RAIN OR DRIZZLE
                        GRTST DEPTH:   0           7 = DUSTSTORM OR SANDSTORM:
                                                       VSBY 1/2 MILE OR LESS
                                                   8 = SMOKE OR HAZE
[NO. OF DAYS WITH]      [WEATHER - DAYS WITH]      9 = BLOWING SNOW
                                                   X = TORNADO
MAX 32 OR BELOW:   0    0.01 INCH OR MORE:  13
MAX 90 OR ABOVE:  29    0.10 INCH OR MORE:   6
MIN 32 OR BELOW:   0    0.50 INCH OR MORE:   3
MIN  0 OR BELOW:   0    1.00 INCH OR MORE:   0

[HDD (BASE 65) ]
TOTAL THIS MO.     0    CLEAR  (SCALE 0-3)  30
DPTR FM NORMAL     0    PTCLDY (SCALE 4-7)   0
TOTAL FM JUL 1     0    CLOUDY (SCALE 8-10)  0
DPTR FM NORMAL     0

[CDD (BASE 65) ]
TOTAL THIS MO.   607
DPTR FM NORMAL    97    [PRESSURE DATA]
TOTAL FM JAN 1  2526    HIGHEST SLP M ON M
DPTR FM NORMAL   254    LOWEST  SLP 29.75 ON M

[REMARKS]




U.S. Dept. of Commerce
NOAA National Weather Service
1325 East West Highway
Silver Spring, MD 20910
E-mail: w-nws.webmaster@noaa.gov
Page last modified: May 16, 2007
NATIONAL WEATHER SERVICE: for Safety, for Work, for Fun - FOR LIFE