770
CXUS55 KTBW 011904
CF6SRQ
PRELIMINARY LOCAL CLIMATOLOGICAL DATA (WS FORM: F-6)

                                          STATION:   Sarasota Bradenton
                                          MONTH:     NOVEMBER
                                          YEAR:      2014
                                          LATITUDE:   27 23 N
                                          LONGITUDE:  82 33 W

  TEMPERATURE IN F:       :PCPN:    SNOW:  WIND      :SUNSHINE: SKY     :PK WND
================================================================================
1   2   3   4   5  6A  6B    7    8   9   10  11  12  13   14  15   16   17  18
                                     12Z  AVG MX 2MIN
DY MAX MIN AVG DEP HDD CDD  WTR  SNW DPTH SPD SPD DIR MIN PSBL S-S WX    SPD DR
================================================================================

 1  71  51  61 -11   4   0    T  0.0    0 15.7 30 320   M    M   3        38 310
 2  67  46  57 -15   8   0 0.00  0.0    0  7.3 18  10   M    M   0        24  10
 3  75  45  60 -12   5   0 0.00  0.0    0  7.5 16  80   M    M   0        21  30
 4  82  56  69  -3   0   4 0.00  0.0    0  8.0 20 110   M    M   3        25 100
 5  83  61  72   1   0   7 0.00  0.0    0  8.5 20 110   M    M   3        25 120
 6  81  65  73   2   0   8 0.00  0.0    0  5.3 13 290   M    M   4 1      18 160
 7  80  59  70  -1   0   5 0.00  0.0    0  6.1 16 270   M    M   1 12     21  10
 8  74  54  64  -7   1   0 0.70  0.0    0  5.8 13 320   M    M   4 1      20 140
 9  69  57  63  -7   2   0 0.18  0.0    0  6.1 14  40   M    M   6 1      17  60
10  76  56  66  -4   0   1 0.00  0.0    0  6.1 17 310   M    M   0 1      21 310
11  76  54  65  -5   0   0 0.00  0.0    0  6.8 18 320   M    M   0 12     24 330
12  77  53  65  -5   0   0 0.00  0.0    0  4.4 10 340   M    M   0        16 350
13  77  51  64  -6   1   0 0.00  0.0    0  4.4 14 300   M    M   0 12     20 260
14  68  56  62  -8   3   0 0.00  0.0    0  8.0 16 330   M    M   4        20 310
15  72  51  62  -7   3   0 0.00  0.0    0  7.4 15 290   M    M   0        17 290
16  82  58  70   1   0   5 0.00  0.0    0  7.3 16 130   M    M   1 1      20 130
17  80  64  72   3   0   7 1.36  0.0    0  9.7 22 180   M    M   5 13     30 180
18  68  47  58 -11   7   0    T  0.0    0 10.4 20  20   M    M   5 1      27 340
19  63  42  53 -15  12   0 0.00  0.0    0 10.5 18  30   M    M   2        25  10
20  68  46  57 -11   8   0 0.00  0.0    0  9.3 15 360   M    M   0 8      19 360
21  73  54  64  -4   1   0    T  0.0    0 12.5 22  70   M    M   9        29  80
22  80  65  73   5   0   8    T  0.0    0 14.7 25  90   M    M   8 1      33 110
23  83  71  77   9   0  12    T  0.0    0 15.2 31 180   M    M   6        38 190
24  80  70  75   8   0  10 0.00  0.0    0 12.0 18 180   M    M   6 12     23 170
25  80  68  74   7   0   9 1.75  0.0    0 13.0 26 180   M    M   9 13     32 190
26  72  46  59  -8   6   0 0.16  0.0    0 10.6 26 340   M    M   5 1      34 330
27  71  44  58  -9   7   0 0.00  0.0    0  6.1 20 340   M    M   0        24 340
28  62  44  53 -14  12   0 0.00  0.0    0  8.2 15  50   M    M   0        22  40
29  73  46  60  -6   5   0 0.00  0.0    0  8.1 15  80   M    M   0        17  80
30  78  53  66   0   0   1 0.00  0.0    0  7.4 16 100   M    M   1        21 110
================================================================================
SM 2241 1633        85  77  4.15     0.0 262.4          M       85
================================================================================
AV 74.7 54.4                               8.7 FASTST   M    M   3    MAX(MPH)
                                 MISC ---->  # 31 180               # 38  310
================================================================================
NOTES:
# LAST OF SEVERAL OCCURRENCES

COLUMN 17 PEAK WIND IN M.P.H.

PRELIMINARY LOCAL CLIMATOLOGICAL DATA (WS FORM: F-6) , PAGE 2

                                          STATION:  Sarasota Bradenton
                                          MONTH:    NOVEMBER
                                          YEAR:     2014
                                          LATITUDE:   27 23 N
                                          LONGITUDE:  82 33 W

[TEMPERATURE DATA]      [PRECIPITATION DATA]       SYMBOLS USED IN COLUMN 16

AVERAGE MONTHLY: 64.6   TOTAL FOR MONTH:   4.15    1 = FOG OR MIST
DPTR FM NORMAL:  -4.6   DPTR FM NORMAL:    2.22    2 = FOG REDUCING VISIBILITY
HIGHEST:    83 ON 23, 5 GRTST 24HR  1.87 ON 25-26      TO 1/4 MILE OR LESS
LOWEST:     42 ON 19                               3 = THUNDER
                        SNOW, ICE PELLETS, HAIL    4 = ICE PELLETS
                        TOTAL MONTH:   0.0 INCH    5 = HAIL
                        GRTST 24HR     0.0         6 = FREEZING RAIN OR DRIZZLE
                        GRTST DEPTH:   0           7 = DUSTSTORM OR SANDSTORM:
                                                       VSBY 1/2 MILE OR LESS
                                                   8 = SMOKE OR HAZE
[NO. OF DAYS WITH]      [WEATHER - DAYS WITH]      9 = BLOWING SNOW
                                                   X = TORNADO
MAX 32 OR BELOW:   0    0.01 INCH OR MORE:   5
MAX 90 OR ABOVE:   0    0.10 INCH OR MORE:   5
MIN 32 OR BELOW:   0    0.50 INCH OR MORE:   3
MIN  0 OR BELOW:   0    1.00 INCH OR MORE:   2

[HDD (BASE 65) ]
TOTAL THIS MO.    85    CLEAR  (SCALE 0-3)  16
DPTR FM NORMAL    55    PTCLDY (SCALE 4-7)  12
TOTAL FM JUL 1    85    CLOUDY (SCALE 8-10)  2
DPTR FM NORMAL    52

[CDD (BASE 65) ]
TOTAL THIS MO.    77
DPTR FM NORMAL   -79    [PRESSURE DATA]
TOTAL FM JAN 1  3412    HIGHEST SLP 30.35 ON 19
DPTR FM NORMAL   112    LOWEST  SLP 29.82 ON  9

[REMARKS]
#FINAL-11-14#




U.S. Dept. of Commerce
NOAA National Weather Service
1325 East West Highway
Silver Spring, MD 20910
E-mail: w-nws.webmaster@noaa.gov
Page last modified: May 16, 2007
NATIONAL WEATHER SERVICE: for Safety, for Work, for Fun - FOR LIFE