316
CXUS55 KTBW 291000
CF6SRQ
PRELIMINARY LOCAL CLIMATOLOGICAL DATA (WS FORM: F-6)

                                          STATION:   Sarasota Bradenton
                                          MONTH:     JULY
                                          YEAR:      2014
                                          LATITUDE:   27 23 N
                                          LONGITUDE:  82 33 W

  TEMPERATURE IN F:       :PCPN:    SNOW:  WIND      :SUNSHINE: SKY     :PK WND
================================================================================
1   2   3   4   5  6A  6B    7    8   9   10  11  12  13   14  15   16   17  18
                                     12Z  AVG MX 2MIN
DY MAX MIN AVG DEP HDD CDD  WTR  SNW DPTH SPD SPD DIR MIN PSBL S-S WX    SPD DR
================================================================================

 1  93  78  86   4   0  21    T  0.0    0  7.7 21 360   M    M   1 3      28 360
 2  93  77  85   3   0  20 0.07  0.0    0  7.7 21 290   M    M   0 3      26 320
 3  91  77  84   2   0  19 0.05  0.0    0  9.2 20 210   M    M   3 3      25 210
 4  90  76  83   1   0  18 0.00  0.0    0  7.5 21 270   M    M   2 8      24 280
 5  89  76  83   1   0  18    T  0.0    0  5.8 13 100   M    M   1 8      20 100
 6  90  75  83   1   0  18 0.00  0.0    0  6.8 23 110   M    M   0 3      27 120
 7  90  75  83   1   0  18 0.00  0.0    0  5.5 14 160   M    M   1 3      17 150
 8  93  77  85   3   0  20 0.00  0.0    0  5.5 21 130   M    M   1 3      24 130
 9  91  78  85   3   0  20    T  0.0    0  4.3 12 300   M    M   1 3      14 280
10  93  78  86   4   0  21    T  0.0    0  5.8 13  30   M    M   1 3      16  40
11  93  76  85   3   0  20 0.00  0.0    0  5.8 16 100   M    M   1 3      20  90
12  93  76  85   3   0  20    T  0.0    0  7.1 24 100   M    M   2 3      30 100
13  92  75  84   2   0  19    T  0.0    0  7.1 18 100   M    M   1 3      21 100
14  92  76  84   2   0  19 0.00  0.0    0  5.6 14 260   M    M   0 3      17 260
15  89  75  82   0   0  17 1.24  0.0    0  8.2 20  80   M    M   3 13     25 220
16  87  76  82   0   0  17 0.46  0.0    0  9.3 28 300   M    M   3 38     37 290
17  90  77  84   2   0  19 0.25  0.0    0 10.5 22 280   M    M   2 13     28 270
18  91  74  83   1   0  18 0.00  0.0    0  5.0 15 270   M    M   1        18 290
19  92  75  84   2   0  19 0.00  0.0    0  5.9 15 290   M    M   0        20 290
20  92  76  84   2   0  19 0.00  0.0    0  6.1 15 310   M    M   0        19 290
21  93  75  84   2   0  19 0.00  0.0    0  5.8 17 120   M    M   0 3      23  10
22  90  73  82   0   0  17 0.00  0.0    0  5.8 15 270   M    M   1 3      19 260
23  92  75  84   2   0  19 0.00  0.0    0  6.1 12 290   M    M   1        16 270
24  91  77  84   2   0  19    T  0.0    0  4.2 12 250   M    M   2 3      15 230
25  92  77  85   3   0  20 0.04  0.0    0  6.0 14 260   M    M   3         M  M
26  93  77  85   3   0  20    T  0.0    0  5.7 13 300   M    M   1 3      16 280
27  93  78  86   4   0  21 0.00  0.0    0  6.9 14 270   M    M   1        19 270
28  93  84  89   7   0  24 0.00  0.0    0 11.1 17 270   M    M   1        27 240
================================================================================
SM 2561 2139         0 539  2.11     0.0 188.0          M       34
================================================================================
AV 91.5 76.4                               6.7 FASTST   M    M   1    MAX(MPH)
                                 MISC ---->  # 28 300               # 37  290
================================================================================
NOTES:
# LAST OF SEVERAL OCCURRENCES

COLUMN 17 PEAK WIND IN M.P.H.

PRELIMINARY LOCAL CLIMATOLOGICAL DATA (WS FORM: F-6) , PAGE 2

                                          STATION:  Sarasota Bradenton
                                          MONTH:    JULY
                                          YEAR:     2014
                                          LATITUDE:   27 23 N
                                          LONGITUDE:  82 33 W

[TEMPERATURE DATA]      [PRECIPITATION DATA]       SYMBOLS USED IN COLUMN 16

AVERAGE MONTHLY: 83.9   TOTAL FOR MONTH:   2.11    1 = FOG OR MIST
DPTR FM NORMAL:   1.9   DPTR FM NORMAL:   -5.08    2 = FOG REDUCING VISIBILITY
HIGHEST:    93 ON 28,27 GRTST 24HR  1.24 ON 15-15      TO 1/4 MILE OR LESS
LOWEST:     73 ON 22                               3 = THUNDER
                        SNOW, ICE PELLETS, HAIL    4 = ICE PELLETS
                        TOTAL MONTH:   0.0 INCH    5 = HAIL
                        GRTST 24HR     0.0         6 = FREEZING RAIN OR DRIZZLE
                        GRTST DEPTH:   0           7 = DUSTSTORM OR SANDSTORM:
                                                       VSBY 1/2 MILE OR LESS
                                                   8 = SMOKE OR HAZE
[NO. OF DAYS WITH]      [WEATHER - DAYS WITH]      9 = BLOWING SNOW
                                                   X = TORNADO
MAX 32 OR BELOW:   0    0.01 INCH OR MORE:   6
MAX 90 OR ABOVE:  25    0.10 INCH OR MORE:   3
MIN 32 OR BELOW:   0    0.50 INCH OR MORE:   1
MIN  0 OR BELOW:   0    1.00 INCH OR MORE:   1

[HDD (BASE 65) ]
TOTAL THIS MO.     0    CLEAR  (SCALE 0-3)  28
DPTR FM NORMAL     0    PTCLDY (SCALE 4-7)   0
TOTAL FM JUL 1     0    CLOUDY (SCALE 8-10)  0
DPTR FM NORMAL     0

[CDD (BASE 65) ]
TOTAL THIS MO.   539
DPTR FM NORMAL    51    [PRESSURE DATA]
TOTAL FM JAN 1  1861    HIGHEST SLP M ON M
DPTR FM NORMAL   150    LOWEST  SLP 29.85 ON  1

[REMARKS]




U.S. Dept. of Commerce
NOAA National Weather Service
1325 East West Highway
Silver Spring, MD 20910
E-mail: w-nws.webmaster@noaa.gov
Page last modified: May 16, 2007
NATIONAL WEATHER SERVICE: for Safety, for Work, for Fun - FOR LIFE