883
CXUS55 KTBW 291000
CF6SRQ
PRELIMINARY LOCAL CLIMATOLOGICAL DATA (WS FORM: F-6)

                                          STATION:   Sarasota Bradenton
                                          MONTH:     JANUARY
                                          YEAR:      2015
                                          LATITUDE:   27 23 N
                                          LONGITUDE:  82 33 W

  TEMPERATURE IN F:       :PCPN:    SNOW:  WIND      :SUNSHINE: SKY     :PK WND
================================================================================
1   2   3   4   5  6A  6B    7    8   9   10  11  12  13   14  15   16   17  18
                                     12Z  AVG MX 2MIN
DY MAX MIN AVG DEP HDD CDD  WTR  SNW DPTH SPD SPD DIR MIN PSBL S-S WX    SPD DR
================================================================================

 1  73  60  67   6   0   2 0.00  0.0    0  6.4 10  30   M    M   7 1      15  30
 2  79  64  72  11   0   7 0.00  0.0    0  7.6 13  70   M    M   7        16 110
 3  83  69  76  15   0  11 0.00  0.0    0 12.2 24 160   M    M   3        29 160
 4  81  67  74  13   0   9 0.00  0.0    0 10.5 24 180   M    M   1 1      32 190
 5  76  60  68   7   0   3 0.00  0.0    0  8.8 14  90   M    M   6 1      22 100
 6  76  56  66   5   0   1 0.00  0.0    0  7.5 17 320   M    M   3        19 320
 7  68  50  59  -2   6   0 0.00  0.0    0  7.7 17 360   M    M   0        26 350
 8  62  40  51 -10  14   0 0.00  0.0    0 12.7 22  70   M    M   2        30  80
 9  61  48  55  -6  10   0    T  0.0    0  7.4 15  10   M    M   4        19 360
10  67  45  56  -5   9   0 0.00  0.0    0  8.0 15  80   M    M   0        20  20
11  82  53  68   7   0   3    T  0.0    0  9.1 18  80   M    M   3        22  90
12  77  64  71  10   0   6 0.15  0.0    0  8.7 20 330   M    M   7 1      24 330
13  79  62  71  10   0   6 0.02  0.0    0  6.2 12 340   M    M   5        17  80
14  68  59  64   3   1   0 0.00  0.0    0  7.3 13 360   M    M   6        17  30
15  63  55  59  -2   6   0    T  0.0    0  6.9 15 330   M    M   9 1      18 340
16  68  51  60  -1   5   0    T  0.0    0  7.6 14 310   M    M   5        19 350
17  75  47  61   0   4   0 0.00  0.0    0  5.4 15 170   M    M   0 18     22 120
18  72  51  62   1   3   0 0.00  0.0    0  7.2 15 320   M    M   2 1      20 320
19  72  47  60  -1   5   0 0.00  0.0    0  5.7 14  60   M    M   0 1      17  30
20  71  50  61   0   4   0 0.00  0.0    0  4.6 17 140   M    M   3        21 160
21  75  52  64   3   1   0 0.00  0.0    0  5.0 14 290   M    M   0 1      17 300
22  80  58  69   8   0   4 0.00  0.0    0  7.5 15 120   M    M   4        21 110
23  79  64  72  10   0   7 0.04  0.0    0 17.5 33 170   M    M   3 3      41 170
24  72  54  63   1   2   0 0.78  0.0    0 16.6 28 300   M    M   7 13     34 290
25  64  45  55  -7  10   0 0.00  0.0    0  5.6 13 230   M    M   1        16 250
26  68  57  63   1   2   0 0.08  0.0    0 16.6 36 290   M    M   5 1      50 270
27  66  45  56  -6   9   0 0.00  0.0    0  9.3 18 300   M    M   0        25 310
28  62  47  55  -7  10   0 0.00  0.0    0  7.0 15 350   M    M   0        21 330
================================================================================
SM 2019 1520       101  59  1.07     0.0 242.6          M       93
================================================================================
AV 72.1 54.3                               8.7 FASTST   M    M   3    MAX(MPH)
                                 MISC ---->  # 36 290               # 50  270
================================================================================
NOTES:
# LAST OF SEVERAL OCCURRENCES

COLUMN 17 PEAK WIND IN M.P.H.

PRELIMINARY LOCAL CLIMATOLOGICAL DATA (WS FORM: F-6) , PAGE 2

                                          STATION:  Sarasota Bradenton
                                          MONTH:    JANUARY
                                          YEAR:     2015
                                          LATITUDE:   27 23 N
                                          LONGITUDE:  82 33 W

[TEMPERATURE DATA]      [PRECIPITATION DATA]       SYMBOLS USED IN COLUMN 16

AVERAGE MONTHLY: 63.2   TOTAL FOR MONTH:   1.07    1 = FOG OR MIST
DPTR FM NORMAL:   2.0   DPTR FM NORMAL:   -1.26    2 = FOG REDUCING VISIBILITY
HIGHEST:    83 ON  3    GRTST 24HR  0.82 ON 23-24      TO 1/4 MILE OR LESS
LOWEST:     40 ON  8                               3 = THUNDER
                        SNOW, ICE PELLETS, HAIL    4 = ICE PELLETS
                        TOTAL MONTH:   0.0 INCH    5 = HAIL
                        GRTST 24HR     0.0         6 = FREEZING RAIN OR DRIZZLE
                        GRTST DEPTH:   0           7 = DUSTSTORM OR SANDSTORM:
                                                       VSBY 1/2 MILE OR LESS
                                                   8 = SMOKE OR HAZE
[NO. OF DAYS WITH]      [WEATHER - DAYS WITH]      9 = BLOWING SNOW
                                                   X = TORNADO
MAX 32 OR BELOW:   0    0.01 INCH OR MORE:   5
MAX 90 OR ABOVE:   0    0.10 INCH OR MORE:   2
MIN 32 OR BELOW:   0    0.50 INCH OR MORE:   1
MIN  0 OR BELOW:   0    1.00 INCH OR MORE:   0

[HDD (BASE 65) ]
TOTAL THIS MO.   101    CLEAR  (SCALE 0-3)  13
DPTR FM NORMAL   -48    PTCLDY (SCALE 4-7)  14
TOTAL FM JUL 1   285    CLOUDY (SCALE 8-10)  1
DPTR FM NORMAL   -19

[CDD (BASE 65) ]
TOTAL THIS MO.    59
DPTR FM NORMAL     3    [PRESSURE DATA]
TOTAL FM JAN 1    59    HIGHEST SLP M ON M
DPTR FM NORMAL     3    LOWEST  SLP 29.82 ON 24

[REMARKS]




U.S. Dept. of Commerce
NOAA National Weather Service
1325 East West Highway
Silver Spring, MD 20910
E-mail: w-nws.webmaster@noaa.gov
Page last modified: May 16, 2007
NATIONAL WEATHER SERVICE: for Safety, for Work, for Fun - FOR LIFE